{"id":107362,"date":"2011-03-14T00:00:17","date_gmt":"2011-03-13T23:00:17","guid":{"rendered":"https:\/\/dev.institutchiaribcn.com\/comunicacion\/un-pulso-para-tratarse-en-el-extranjero-protagonista-una-mujer-afecta-de-sindrome-de-chiari\/"},"modified":"2026-04-02T10:29:32","modified_gmt":"2026-04-02T08:29:32","slug":"un-pulso-para-tratarse-en-el-extranjero-protagonista-una-mujer-afecta-de-sindrome-de-chiari","status":"publish","type":"comunicacion","link":"https:\/\/institutchiaribcn.com\/pt\/un-pulso-para-tratarse-en-el-extranjero-protagonista-una-mujer-afecta-de-sindrome-de-chiari\/","title":{"rendered":"Un pulso para tratarse en el extranjero. Protagonista una mujer afecta de s\u00edndrome de Chiari"},"content":{"rendered":"<p class=\"text-muted aniview centerTXT\">Published by <a title=\"Artigos de ICSEB\" href=\"https:\/\/institutchiaribcn.com\/pt\/author\/chiari\/\" rel=\"author\">ICSEB<\/a> at 14 Mar\u00e7o, 2011<\/p>\n<p style=\"text-align: center;\">La Gazzetta del Mezzogiorno. Lunes 14 de marzo del 2011<\/p>\n<p style=\"text-align: center;\"><a class=\"btn btn-default fade-hover\" href=\"https:\/\/institutchiaribcn.com\/commons\/pdf\/prensa\/La_Gazzetta_del_Mezzogiorno.pdf\" target=\"_blank\" rel=\"noopener\"> Fazer download<\/a><\/p>\n","protected":false},"featured_media":39418,"template":"","tipos-de-comunicacion":[545],"class_list":["post-107362","comunicacion","type-comunicacion","status-publish","has-post-thumbnail","hentry","tipos-de-comunicacion-imprensa"],"yoast_head":"<!-- This site is optimized with the Yoast SEO plugin v27.4 - https:\/\/yoast.com\/product\/yoast-seo-wordpress\/ -->\n<title>Tratamento S\u00edndrome Chiari no | Institut Chiari Barcelona<\/title>\n<meta name=\"description\" content=\"Relato de uma mulher com s\u00edndrome de Chiari que buscou tratamento no exterior, compartilhando sua experi\u00eancia e esperan\u00e7a de melhora.\" \/>\n<meta name=\"robots\" content=\"index, follow, max-snippet:-1, max-image-preview:large, max-video-preview:-1\" \/>\n<link rel=\"canonical\" href=\"https:\/\/institutchiaribcn.com\/pt\/un-pulso-para-tratarse-en-el-extranjero-protagonista-una-mujer-afecta-de-sindrome-de-chiari\/\" \/>\n<meta property=\"og:locale\" content=\"pt_PT\" \/>\n<meta property=\"og:type\" content=\"article\" \/>\n<meta property=\"og:title\" content=\"Tratamento S\u00edndrome Chiari no | Institut Chiari Barcelona\" \/>\n<meta property=\"og:description\" content=\"Relato de uma mulher com s\u00edndrome de Chiari que buscou tratamento no exterior, compartilhando sua experi\u00eancia e esperan\u00e7a de melhora.\" \/>\n<meta property=\"og:url\" content=\"https:\/\/institutchiaribcn.com\/pt\/un-pulso-para-tratarse-en-el-extranjero-protagonista-una-mujer-afecta-de-sindrome-de-chiari\/\" \/>\n<meta property=\"og:site_name\" content=\"Institut Chiari\" \/>\n<meta property=\"article:modified_time\" content=\"2026-04-02T08:29:32+00:00\" \/>\n<meta property=\"og:image\" content=\"https:\/\/institutchiaribcn.com\/wp-content\/uploads\/2025\/06\/arnold-chiari-news-2.jpg\" \/>\n\t<meta property=\"og:image:width\" content=\"200\" \/>\n\t<meta property=\"og:image:height\" content=\"200\" \/>\n\t<meta property=\"og:image:type\" content=\"image\/jpeg\" \/>\n<meta name=\"twitter:card\" content=\"summary_large_image\" \/>\n<meta name=\"twitter:label1\" content=\"Tempo estimado de leitura\" \/>\n\t<meta name=\"twitter:data1\" content=\"1 minuto\" \/>\n<script type=\"application\/ld+json\" class=\"yoast-schema-graph\">{\"@context\":\"https:\\\/\\\/schema.org\",\"@graph\":[{\"@type\":\"WebPage\",\"@id\":\"https:\\\/\\\/institutchiaribcn.com\\\/pt\\\/un-pulso-para-tratarse-en-el-extranjero-protagonista-una-mujer-afecta-de-sindrome-de-chiari\\\/\",\"url\":\"https:\\\/\\\/institutchiaribcn.com\\\/pt\\\/un-pulso-para-tratarse-en-el-extranjero-protagonista-una-mujer-afecta-de-sindrome-de-chiari\\\/\",\"name\":\"Tratamento S\u00edndrome Chiari no | Institut Chiari Barcelona\",\"isPartOf\":{\"@id\":\"https:\\\/\\\/institutchiaribcn.com\\\/pt\\\/#website\"},\"primaryImageOfPage\":{\"@id\":\"https:\\\/\\\/institutchiaribcn.com\\\/pt\\\/un-pulso-para-tratarse-en-el-extranjero-protagonista-una-mujer-afecta-de-sindrome-de-chiari\\\/#primaryimage\"},\"image\":{\"@id\":\"https:\\\/\\\/institutchiaribcn.com\\\/pt\\\/un-pulso-para-tratarse-en-el-extranjero-protagonista-una-mujer-afecta-de-sindrome-de-chiari\\\/#primaryimage\"},\"thumbnailUrl\":\"https:\\\/\\\/institutchiaribcn.com\\\/wp-content\\\/uploads\\\/2025\\\/06\\\/arnold-chiari-news-2.jpg\",\"datePublished\":\"2011-03-13T23:00:17+00:00\",\"dateModified\":\"2026-04-02T08:29:32+00:00\",\"description\":\"Relato de uma mulher com s\u00edndrome de Chiari que buscou tratamento no exterior, compartilhando sua experi\u00eancia e esperan\u00e7a de melhora.\",\"breadcrumb\":{\"@id\":\"https:\\\/\\\/institutchiaribcn.com\\\/pt\\\/un-pulso-para-tratarse-en-el-extranjero-protagonista-una-mujer-afecta-de-sindrome-de-chiari\\\/#breadcrumb\"},\"inLanguage\":\"pt-PT\",\"potentialAction\":[{\"@type\":\"ReadAction\",\"target\":[\"https:\\\/\\\/institutchiaribcn.com\\\/pt\\\/un-pulso-para-tratarse-en-el-extranjero-protagonista-una-mujer-afecta-de-sindrome-de-chiari\\\/\"]}]},{\"@type\":\"ImageObject\",\"inLanguage\":\"pt-PT\",\"@id\":\"https:\\\/\\\/institutchiaribcn.com\\\/pt\\\/un-pulso-para-tratarse-en-el-extranjero-protagonista-una-mujer-afecta-de-sindrome-de-chiari\\\/#primaryimage\",\"url\":\"https:\\\/\\\/institutchiaribcn.com\\\/wp-content\\\/uploads\\\/2025\\\/06\\\/arnold-chiari-news-2.jpg\",\"contentUrl\":\"https:\\\/\\\/institutchiaribcn.com\\\/wp-content\\\/uploads\\\/2025\\\/06\\\/arnold-chiari-news-2.jpg\",\"width\":200,\"height\":200},{\"@type\":\"BreadcrumbList\",\"@id\":\"https:\\\/\\\/institutchiaribcn.com\\\/pt\\\/un-pulso-para-tratarse-en-el-extranjero-protagonista-una-mujer-afecta-de-sindrome-de-chiari\\\/#breadcrumb\",\"itemListElement\":[{\"@type\":\"ListItem\",\"position\":1,\"name\":\"Portada\",\"item\":\"https:\\\/\\\/institutchiaribcn.com\\\/pt\\\/\"},{\"@type\":\"ListItem\",\"position\":2,\"name\":\"Comunicaci\u00f3n\",\"item\":\"https:\\\/\\\/institutchiaribcn.com\\\/pt\\\/comunicacion\\\/\"},{\"@type\":\"ListItem\",\"position\":3,\"name\":\"Un pulso para tratarse en el extranjero. Protagonista una mujer afecta de s\u00edndrome de Chiari\"}]},{\"@type\":\"WebSite\",\"@id\":\"https:\\\/\\\/institutchiaribcn.com\\\/pt\\\/#website\",\"url\":\"https:\\\/\\\/institutchiaribcn.com\\\/pt\\\/\",\"name\":\"Institut Chiari de Barcelona\",\"description\":\"\",\"publisher\":{\"@id\":\"https:\\\/\\\/institutchiaribcn.com\\\/pt\\\/#organization\"},\"potentialAction\":[{\"@type\":\"SearchAction\",\"target\":{\"@type\":\"EntryPoint\",\"urlTemplate\":\"https:\\\/\\\/institutchiaribcn.com\\\/pt\\\/?s={search_term_string}\"},\"query-input\":{\"@type\":\"PropertyValueSpecification\",\"valueRequired\":true,\"valueName\":\"search_term_string\"}}],\"inLanguage\":\"pt-PT\"},{\"@type\":\"Organization\",\"@id\":\"https:\\\/\\\/institutchiaribcn.com\\\/pt\\\/#organization\",\"name\":\"Institut Chiari de Barcelona\",\"url\":\"https:\\\/\\\/institutchiaribcn.com\\\/pt\\\/\",\"logo\":{\"@type\":\"ImageObject\",\"inLanguage\":\"pt-PT\",\"@id\":\"https:\\\/\\\/institutchiaribcn.com\\\/pt\\\/#\\\/schema\\\/logo\\\/image\\\/\",\"url\":\"https:\\\/\\\/institutchiaribcn.com\\\/wp-content\\\/uploads\\\/2025\\\/10\\\/cropped-cropped-icsebNavLogo-1.png\",\"contentUrl\":\"https:\\\/\\\/institutchiaribcn.com\\\/wp-content\\\/uploads\\\/2025\\\/10\\\/cropped-cropped-icsebNavLogo-1.png\",\"width\":245,\"height\":99,\"caption\":\"Institut Chiari de Barcelona\"},\"image\":{\"@id\":\"https:\\\/\\\/institutchiaribcn.com\\\/pt\\\/#\\\/schema\\\/logo\\\/image\\\/\"}}]}<\/script>\n<!-- \/ Yoast SEO plugin. -->","yoast_head_json":{"title":"Tratamento S\u00edndrome Chiari no | Institut Chiari Barcelona","description":"Relato de uma mulher com s\u00edndrome de Chiari que buscou tratamento no exterior, compartilhando sua experi\u00eancia e esperan\u00e7a de melhora.","robots":{"index":"index","follow":"follow","max-snippet":"max-snippet:-1","max-image-preview":"max-image-preview:large","max-video-preview":"max-video-preview:-1"},"canonical":"https:\/\/institutchiaribcn.com\/pt\/un-pulso-para-tratarse-en-el-extranjero-protagonista-una-mujer-afecta-de-sindrome-de-chiari\/","og_locale":"pt_PT","og_type":"article","og_title":"Tratamento S\u00edndrome Chiari no | Institut Chiari Barcelona","og_description":"Relato de uma mulher com s\u00edndrome de Chiari que buscou tratamento no exterior, compartilhando sua experi\u00eancia e esperan\u00e7a de melhora.","og_url":"https:\/\/institutchiaribcn.com\/pt\/un-pulso-para-tratarse-en-el-extranjero-protagonista-una-mujer-afecta-de-sindrome-de-chiari\/","og_site_name":"Institut Chiari","article_modified_time":"2026-04-02T08:29:32+00:00","og_image":[{"width":200,"height":200,"url":"https:\/\/institutchiaribcn.com\/wp-content\/uploads\/2025\/06\/arnold-chiari-news-2.jpg","type":"image\/jpeg"}],"twitter_card":"summary_large_image","twitter_misc":{"Tempo estimado de leitura":"1 minuto"},"schema":{"@context":"https:\/\/schema.org","@graph":[{"@type":"WebPage","@id":"https:\/\/institutchiaribcn.com\/pt\/un-pulso-para-tratarse-en-el-extranjero-protagonista-una-mujer-afecta-de-sindrome-de-chiari\/","url":"https:\/\/institutchiaribcn.com\/pt\/un-pulso-para-tratarse-en-el-extranjero-protagonista-una-mujer-afecta-de-sindrome-de-chiari\/","name":"Tratamento S\u00edndrome Chiari no | Institut Chiari Barcelona","isPartOf":{"@id":"https:\/\/institutchiaribcn.com\/pt\/#website"},"primaryImageOfPage":{"@id":"https:\/\/institutchiaribcn.com\/pt\/un-pulso-para-tratarse-en-el-extranjero-protagonista-una-mujer-afecta-de-sindrome-de-chiari\/#primaryimage"},"image":{"@id":"https:\/\/institutchiaribcn.com\/pt\/un-pulso-para-tratarse-en-el-extranjero-protagonista-una-mujer-afecta-de-sindrome-de-chiari\/#primaryimage"},"thumbnailUrl":"https:\/\/institutchiaribcn.com\/wp-content\/uploads\/2025\/06\/arnold-chiari-news-2.jpg","datePublished":"2011-03-13T23:00:17+00:00","dateModified":"2026-04-02T08:29:32+00:00","description":"Relato de uma mulher com s\u00edndrome de Chiari que buscou tratamento no exterior, compartilhando sua experi\u00eancia e esperan\u00e7a de melhora.","breadcrumb":{"@id":"https:\/\/institutchiaribcn.com\/pt\/un-pulso-para-tratarse-en-el-extranjero-protagonista-una-mujer-afecta-de-sindrome-de-chiari\/#breadcrumb"},"inLanguage":"pt-PT","potentialAction":[{"@type":"ReadAction","target":["https:\/\/institutchiaribcn.com\/pt\/un-pulso-para-tratarse-en-el-extranjero-protagonista-una-mujer-afecta-de-sindrome-de-chiari\/"]}]},{"@type":"ImageObject","inLanguage":"pt-PT","@id":"https:\/\/institutchiaribcn.com\/pt\/un-pulso-para-tratarse-en-el-extranjero-protagonista-una-mujer-afecta-de-sindrome-de-chiari\/#primaryimage","url":"https:\/\/institutchiaribcn.com\/wp-content\/uploads\/2025\/06\/arnold-chiari-news-2.jpg","contentUrl":"https:\/\/institutchiaribcn.com\/wp-content\/uploads\/2025\/06\/arnold-chiari-news-2.jpg","width":200,"height":200},{"@type":"BreadcrumbList","@id":"https:\/\/institutchiaribcn.com\/pt\/un-pulso-para-tratarse-en-el-extranjero-protagonista-una-mujer-afecta-de-sindrome-de-chiari\/#breadcrumb","itemListElement":[{"@type":"ListItem","position":1,"name":"Portada","item":"https:\/\/institutchiaribcn.com\/pt\/"},{"@type":"ListItem","position":2,"name":"Comunicaci\u00f3n","item":"https:\/\/institutchiaribcn.com\/pt\/comunicacion\/"},{"@type":"ListItem","position":3,"name":"Un pulso para tratarse en el extranjero. Protagonista una mujer afecta de s\u00edndrome de Chiari"}]},{"@type":"WebSite","@id":"https:\/\/institutchiaribcn.com\/pt\/#website","url":"https:\/\/institutchiaribcn.com\/pt\/","name":"Institut Chiari de Barcelona","description":"","publisher":{"@id":"https:\/\/institutchiaribcn.com\/pt\/#organization"},"potentialAction":[{"@type":"SearchAction","target":{"@type":"EntryPoint","urlTemplate":"https:\/\/institutchiaribcn.com\/pt\/?s={search_term_string}"},"query-input":{"@type":"PropertyValueSpecification","valueRequired":true,"valueName":"search_term_string"}}],"inLanguage":"pt-PT"},{"@type":"Organization","@id":"https:\/\/institutchiaribcn.com\/pt\/#organization","name":"Institut Chiari de Barcelona","url":"https:\/\/institutchiaribcn.com\/pt\/","logo":{"@type":"ImageObject","inLanguage":"pt-PT","@id":"https:\/\/institutchiaribcn.com\/pt\/#\/schema\/logo\/image\/","url":"https:\/\/institutchiaribcn.com\/wp-content\/uploads\/2025\/10\/cropped-cropped-icsebNavLogo-1.png","contentUrl":"https:\/\/institutchiaribcn.com\/wp-content\/uploads\/2025\/10\/cropped-cropped-icsebNavLogo-1.png","width":245,"height":99,"caption":"Institut Chiari de Barcelona"},"image":{"@id":"https:\/\/institutchiaribcn.com\/pt\/#\/schema\/logo\/image\/"}}]}},"_links":{"self":[{"href":"https:\/\/institutchiaribcn.com\/pt\/wp-json\/wp\/v2\/comunicacion\/107362","targetHints":{"allow":["GET"]}}],"collection":[{"href":"https:\/\/institutchiaribcn.com\/pt\/wp-json\/wp\/v2\/comunicacion"}],"about":[{"href":"https:\/\/institutchiaribcn.com\/pt\/wp-json\/wp\/v2\/types\/comunicacion"}],"wp:featuredmedia":[{"embeddable":true,"href":"https:\/\/institutchiaribcn.com\/pt\/wp-json\/wp\/v2\/media\/39418"}],"wp:attachment":[{"href":"https:\/\/institutchiaribcn.com\/pt\/wp-json\/wp\/v2\/media?parent=107362"}],"wp:term":[{"taxonomy":"tipos-de-comunicacion","embeddable":true,"href":"https:\/\/institutchiaribcn.com\/pt\/wp-json\/wp\/v2\/tipos-de-comunicacion?post=107362"}],"curies":[{"name":"wp","href":"https:\/\/api.w.org\/{rel}","templated":true}]}}

Un pulso para tratarse en el extranjero. Protagonista una mujer afecta de síndrome de Chiari

<p class="text-muted aniview centerTXT">Published by <a title="Artigos de ICSEB" href="https://institutchiaribcn.com/pt/author/chiari/" rel="author">ICSEB</a> at 14 Março, 2011</p>
<p style="text-align: center;">La Gazzetta del Mezzogiorno. Lunes 14 de marzo del 2011</p>
<p style="text-align: center;"><a class="btn btn-default fade-hover" href="https://institutchiaribcn.com/commons/pdf/prensa/La_Gazzetta_del_Mezzogiorno.pdf" target="_blank" rel="noopener"> Fazer download</a></p>

<!-- This site is optimized with the Yoast SEO plugin v27.4 - https://yoast.com/product/yoast-seo-wordpress/ -->
<title>Tratamento Síndrome Chiari no | Institut Chiari Barcelona</title>
<meta name="description" content="Relato de uma mulher com síndrome de Chiari que buscou tratamento no exterior, compartilhando sua experiência e esperança de melhora." />
<meta name="robots" content="index, follow, max-snippet:-1, max-image-preview:large, max-video-preview:-1" />
<link rel="canonical" href="https://institutchiaribcn.com/pt/un-pulso-para-tratarse-en-el-extranjero-protagonista-una-mujer-afecta-de-sindrome-de-chiari/" />
<meta property="og:locale" content="pt_PT" />
<meta property="og:type" content="article" />
<meta property="og:title" content="Tratamento Síndrome Chiari no | Institut Chiari Barcelona" />
<meta property="og:description" content="Relato de uma mulher com síndrome de Chiari que buscou tratamento no exterior, compartilhando sua experiência e esperança de melhora." />
<meta property="og:url" content="https://institutchiaribcn.com/pt/un-pulso-para-tratarse-en-el-extranjero-protagonista-una-mujer-afecta-de-sindrome-de-chiari/" />
<meta property="og:site_name" content="Institut Chiari" />
<meta property="article:modified_time" content="2026-04-02T08:29:32+00:00" />
<meta property="og:image" content="https://institutchiaribcn.com/wp-content/uploads/2025/06/arnold-chiari-news-2.jpg" />
	<meta property="og:image:width" content="200" />
	<meta property="og:image:height" content="200" />
	<meta property="og:image:type" content="image/jpeg" />
<meta name="twitter:card" content="summary_large_image" />
<meta name="twitter:label1" content="Tempo estimado de leitura" />
	<meta name="twitter:data1" content="1 minuto" />
<script type="application/ld+json" class="yoast-schema-graph">{"@context":"https:\/\/schema.org","@graph":[{"@type":"WebPage","@id":"https:\/\/institutchiaribcn.com\/pt\/un-pulso-para-tratarse-en-el-extranjero-protagonista-una-mujer-afecta-de-sindrome-de-chiari\/","url":"https:\/\/institutchiaribcn.com\/pt\/un-pulso-para-tratarse-en-el-extranjero-protagonista-una-mujer-afecta-de-sindrome-de-chiari\/","name":"Tratamento Síndrome Chiari no | Institut Chiari Barcelona","isPartOf":{"@id":"https:\/\/institutchiaribcn.com\/pt\/#website"},"primaryImageOfPage":{"@id":"https:\/\/institutchiaribcn.com\/pt\/un-pulso-para-tratarse-en-el-extranjero-protagonista-una-mujer-afecta-de-sindrome-de-chiari\/#primaryimage"},"image":{"@id":"https:\/\/institutchiaribcn.com\/pt\/un-pulso-para-tratarse-en-el-extranjero-protagonista-una-mujer-afecta-de-sindrome-de-chiari\/#primaryimage"},"thumbnailUrl":"https:\/\/institutchiaribcn.com\/wp-content\/uploads\/2025\/06\/arnold-chiari-news-2.jpg","datePublished":"2011-03-13T23:00:17+00:00","dateModified":"2026-04-02T08:29:32+00:00","description":"Relato de uma mulher com síndrome de Chiari que buscou tratamento no exterior, compartilhando sua experiência e esperança de melhora.","breadcrumb":{"@id":"https:\/\/institutchiaribcn.com\/pt\/un-pulso-para-tratarse-en-el-extranjero-protagonista-una-mujer-afecta-de-sindrome-de-chiari\/#breadcrumb"},"inLanguage":"pt-PT","potentialAction":[{"@type":"ReadAction","target":["https:\/\/institutchiaribcn.com\/pt\/un-pulso-para-tratarse-en-el-extranjero-protagonista-una-mujer-afecta-de-sindrome-de-chiari\/"]}]},{"@type":"ImageObject","inLanguage":"pt-PT","@id":"https:\/\/institutchiaribcn.com\/pt\/un-pulso-para-tratarse-en-el-extranjero-protagonista-una-mujer-afecta-de-sindrome-de-chiari\/#primaryimage","url":"https:\/\/institutchiaribcn.com\/wp-content\/uploads\/2025\/06\/arnold-chiari-news-2.jpg","contentUrl":"https:\/\/institutchiaribcn.com\/wp-content\/uploads\/2025\/06\/arnold-chiari-news-2.jpg","width":200,"height":200},{"@type":"BreadcrumbList","@id":"https:\/\/institutchiaribcn.com\/pt\/un-pulso-para-tratarse-en-el-extranjero-protagonista-una-mujer-afecta-de-sindrome-de-chiari\/#breadcrumb","itemListElement":[{"@type":"ListItem","position":1,"name":"Portada","item":"https:\/\/institutchiaribcn.com\/pt\/"},{"@type":"ListItem","position":2,"name":"Comunicación","item":"https:\/\/institutchiaribcn.com\/pt\/comunicacion\/"},{"@type":"ListItem","position":3,"name":"Un pulso para tratarse en el extranjero. Protagonista una mujer afecta de síndrome de Chiari"}]},{"@type":"WebSite","@id":"https:\/\/institutchiaribcn.com\/pt\/#website","url":"https:\/\/institutchiaribcn.com\/pt\/","name":"Institut Chiari de Barcelona","description":"","publisher":{"@id":"https:\/\/institutchiaribcn.com\/pt\/#organization"},"potentialAction":[{"@type":"SearchAction","target":{"@type":"EntryPoint","urlTemplate":"https:\/\/institutchiaribcn.com\/pt\/?s={search_term_string}"},"query-input":{"@type":"PropertyValueSpecification","valueRequired":true,"valueName":"search_term_string"}}],"inLanguage":"pt-PT"},{"@type":"Organization","@id":"https:\/\/institutchiaribcn.com\/pt\/#organization","name":"Institut Chiari de Barcelona","url":"https:\/\/institutchiaribcn.com\/pt\/","logo":{"@type":"ImageObject","inLanguage":"pt-PT","@id":"https:\/\/institutchiaribcn.com\/pt\/#\/schema\/logo\/image\/","url":"https:\/\/institutchiaribcn.com\/wp-content\/uploads\/2025\/10\/cropped-cropped-icsebNavLogo-1.png","contentUrl":"https:\/\/institutchiaribcn.com\/wp-content\/uploads\/2025\/10\/cropped-cropped-icsebNavLogo-1.png","width":245,"height":99,"caption":"Institut Chiari de Barcelona"},"image":{"@id":"https:\/\/institutchiaribcn.com\/pt\/#\/schema\/logo\/image\/"}}]}</script>
<!-- / Yoast SEO plugin. -->

Tratamento Síndrome Chiari no | Institut Chiari Barcelona

Relato de uma mulher com síndrome de Chiari que buscou tratamento no exterior, compartilhando sua experiência e esperança de melhora.

Comunicación
