{"id":104716,"date":"2014-04-03T00:00:00","date_gmt":"2014-04-02T22:00:00","guid":{"rendered":"https:\/\/dev.institutchiaribcn.com\/comunicacion\/estamos-de-parabens\/"},"modified":"2026-03-27T10:25:34","modified_gmt":"2026-03-27T09:25:34","slug":"estamos-de-parabens","status":"publish","type":"comunicacion","link":"https:\/\/institutchiaribcn.com\/pt\/estamos-de-parabens\/","title":{"rendered":"ESTAMOS DE PARAB\u00c9NS!!"},"content":{"rendered":"<p class=\"text-muted aniview centerTXT\">Published by <a title=\"Artigos de ICSEB\" href=\"https:\/\/institutchiaribcn.com\/pt\/author\/anoop\/\" rel=\"author\">ICSEB<\/a> at 3 Abril, 2014<\/p>\n<p style=\"text-align: justify;\">Barcelona, \u00a02 de abril de 2014.<\/p>\n<p style=\"text-align: justify;\">Na sexta-feira passada, 28 de mar\u00e7o, a FILUM ACADEMY BARCELONA\u00ae teve o prazer de presentar o Livro: \u201c<strong>FILUM SYSTEM\u00ae BIBLIOGRAPHY<\/strong>\u201d.<\/p>\n<p style=\"text-align: justify;\">Se trata de uma recopila\u00e7\u00e3o longamente esperada, que sob o t\u00edtulo \u201cFILUM SYSTEM\u00ae BIBLIOGRAPHY\u201d re\u00fane os mais de quarenta anos de investiga\u00e7\u00e3o, que seu autor, Dr. Miguel B. ROYO SALVADOR havia dedicado ao estudo das patologias relacionadas com a tra\u00e7\u00e3o medular. Como conclus\u00e3o de toda sua investiga\u00e7\u00e3o, este Libro re\u00fane as publica\u00e7\u00f5es mais representativas de todos estos anos, tanto nos m\u00e9dios nacionais como internacionais.<\/p>\n<p style=\"text-align: justify;\">O ato contou com a presencia de profissionais do sector sanit\u00e1rio, interessados nas patologias derivadas da tra\u00e7\u00e3o medular, que tiveram o privilegio de receber um original carinhosamente dedicado por parte do autor.<\/p>\n<p style=\"text-align: justify;\"><span style=\"text-decoration: underline;\">Sobre o autor.<\/span><\/p>\n<p style=\"text-align: justify;\">Dr. Miguel B. ROYO SALVADOR \u00e9 um prestigioso neurocirurgi\u00e3o y neurologista, barcelon\u00eas de ado\u00e7\u00e3o, que dedicou boa parte da sua vida \u00e0 investiga\u00e7\u00e3o e desenho de um m\u00e9todo eficaz para a luta contra a doen\u00e7a do filum.<\/p>\n<p style=\"text-align: justify;\">Dr. Miguel B.\u00a0 ROYO SALVADOR atualmente compagina seu labor cient\u00edfica e investigadora, com a Dire\u00e7\u00e3o do INSTITUT CHIARI &amp; SIRINGOMIELIA &amp; ESCOLIOSIS DE BARCELONA.<\/p>\n","protected":false},"featured_media":104717,"template":"","tipos-de-comunicacion":[533],"class_list":["post-104716","comunicacion","type-comunicacion","status-publish","has-post-thumbnail","hentry","tipos-de-comunicacion-comunicados"],"yoast_head":"<!-- This site is optimized with the Yoast SEO plugin v27.4 - https:\/\/yoast.com\/product\/yoast-seo-wordpress\/ -->\n<title>Estamos de parab\u00e9ns e celebramos conquistas | Institut Chiari<\/title>\n<meta name=\"description\" content=\"Barcelona, \u00a02 de abril de 2014. Na sexta-feira passada, 28 de mar\u00e7o, a FILUM ACADEMY BARCELONA\u00ae teve o prazer de presentar o... \u00a0 Ver mais \u2192\" \/>\n<meta name=\"robots\" content=\"index, follow, max-snippet:-1, max-image-preview:large, max-video-preview:-1\" \/>\n<link rel=\"canonical\" href=\"https:\/\/institutchiaribcn.com\/pt\/estamos-de-parabens\/\" \/>\n<meta property=\"og:locale\" content=\"pt_PT\" \/>\n<meta property=\"og:type\" content=\"article\" \/>\n<meta property=\"og:title\" content=\"Estamos de parab\u00e9ns e celebramos conquistas | Institut Chiari\" \/>\n<meta property=\"og:description\" content=\"Barcelona, \u00a02 de abril de 2014. Na sexta-feira passada, 28 de mar\u00e7o, a FILUM ACADEMY BARCELONA\u00ae teve o prazer de presentar o... \u00a0 Ver mais \u2192\" \/>\n<meta property=\"og:url\" content=\"https:\/\/institutchiaribcn.com\/pt\/estamos-de-parabens\/\" \/>\n<meta property=\"og:site_name\" content=\"Institut Chiari\" \/>\n<meta property=\"article:modified_time\" content=\"2026-03-27T09:25:34+00:00\" \/>\n<meta property=\"og:image\" content=\"https:\/\/institutchiaribcn.com\/wp-content\/uploads\/2025\/10\/filum-system-bibliography-chiari-10.jpg\" \/>\n\t<meta property=\"og:image:width\" content=\"200\" \/>\n\t<meta property=\"og:image:height\" content=\"200\" \/>\n\t<meta property=\"og:image:type\" content=\"image\/jpeg\" \/>\n<meta name=\"twitter:card\" content=\"summary_large_image\" \/>\n<meta name=\"twitter:label1\" content=\"Tempo estimado de leitura\" \/>\n\t<meta name=\"twitter:data1\" content=\"2 minutos\" \/>\n<script type=\"application\/ld+json\" class=\"yoast-schema-graph\">{\"@context\":\"https:\\\/\\\/schema.org\",\"@graph\":[{\"@type\":\"WebPage\",\"@id\":\"https:\\\/\\\/institutchiaribcn.com\\\/pt\\\/estamos-de-parabens\\\/\",\"url\":\"https:\\\/\\\/institutchiaribcn.com\\\/pt\\\/estamos-de-parabens\\\/\",\"name\":\"Estamos de parab\u00e9ns e celebramos conquistas | Institut Chiari\",\"isPartOf\":{\"@id\":\"https:\\\/\\\/institutchiaribcn.com\\\/pt\\\/#website\"},\"primaryImageOfPage\":{\"@id\":\"https:\\\/\\\/institutchiaribcn.com\\\/pt\\\/estamos-de-parabens\\\/#primaryimage\"},\"image\":{\"@id\":\"https:\\\/\\\/institutchiaribcn.com\\\/pt\\\/estamos-de-parabens\\\/#primaryimage\"},\"thumbnailUrl\":\"https:\\\/\\\/institutchiaribcn.com\\\/wp-content\\\/uploads\\\/2025\\\/10\\\/filum-system-bibliography-chiari-10.jpg\",\"datePublished\":\"2014-04-02T22:00:00+00:00\",\"dateModified\":\"2026-03-27T09:25:34+00:00\",\"description\":\"Barcelona, \u00a02 de abril de 2014. Na sexta-feira passada, 28 de mar\u00e7o, a FILUM ACADEMY BARCELONA\u00ae teve o prazer de presentar o... \u00a0 Ver mais \u2192\",\"breadcrumb\":{\"@id\":\"https:\\\/\\\/institutchiaribcn.com\\\/pt\\\/estamos-de-parabens\\\/#breadcrumb\"},\"inLanguage\":\"pt-PT\",\"potentialAction\":[{\"@type\":\"ReadAction\",\"target\":[\"https:\\\/\\\/institutchiaribcn.com\\\/pt\\\/estamos-de-parabens\\\/\"]}]},{\"@type\":\"ImageObject\",\"inLanguage\":\"pt-PT\",\"@id\":\"https:\\\/\\\/institutchiaribcn.com\\\/pt\\\/estamos-de-parabens\\\/#primaryimage\",\"url\":\"https:\\\/\\\/institutchiaribcn.com\\\/wp-content\\\/uploads\\\/2025\\\/10\\\/filum-system-bibliography-chiari-10.jpg\",\"contentUrl\":\"https:\\\/\\\/institutchiaribcn.com\\\/wp-content\\\/uploads\\\/2025\\\/10\\\/filum-system-bibliography-chiari-10.jpg\",\"width\":200,\"height\":200},{\"@type\":\"BreadcrumbList\",\"@id\":\"https:\\\/\\\/institutchiaribcn.com\\\/pt\\\/estamos-de-parabens\\\/#breadcrumb\",\"itemListElement\":[{\"@type\":\"ListItem\",\"position\":1,\"name\":\"Portada\",\"item\":\"https:\\\/\\\/institutchiaribcn.com\\\/pt\\\/\"},{\"@type\":\"ListItem\",\"position\":2,\"name\":\"Comunicaci\u00f3n\",\"item\":\"https:\\\/\\\/institutchiaribcn.com\\\/pt\\\/comunicacion\\\/\"},{\"@type\":\"ListItem\",\"position\":3,\"name\":\"ESTAMOS DE PARAB\u00c9NS!!\"}]},{\"@type\":\"WebSite\",\"@id\":\"https:\\\/\\\/institutchiaribcn.com\\\/pt\\\/#website\",\"url\":\"https:\\\/\\\/institutchiaribcn.com\\\/pt\\\/\",\"name\":\"Institut Chiari de Barcelona\",\"description\":\"\",\"publisher\":{\"@id\":\"https:\\\/\\\/institutchiaribcn.com\\\/pt\\\/#organization\"},\"potentialAction\":[{\"@type\":\"SearchAction\",\"target\":{\"@type\":\"EntryPoint\",\"urlTemplate\":\"https:\\\/\\\/institutchiaribcn.com\\\/pt\\\/?s={search_term_string}\"},\"query-input\":{\"@type\":\"PropertyValueSpecification\",\"valueRequired\":true,\"valueName\":\"search_term_string\"}}],\"inLanguage\":\"pt-PT\"},{\"@type\":\"Organization\",\"@id\":\"https:\\\/\\\/institutchiaribcn.com\\\/pt\\\/#organization\",\"name\":\"Institut Chiari de Barcelona\",\"url\":\"https:\\\/\\\/institutchiaribcn.com\\\/pt\\\/\",\"logo\":{\"@type\":\"ImageObject\",\"inLanguage\":\"pt-PT\",\"@id\":\"https:\\\/\\\/institutchiaribcn.com\\\/pt\\\/#\\\/schema\\\/logo\\\/image\\\/\",\"url\":\"https:\\\/\\\/institutchiaribcn.com\\\/wp-content\\\/uploads\\\/2025\\\/10\\\/cropped-cropped-icsebNavLogo-1.png\",\"contentUrl\":\"https:\\\/\\\/institutchiaribcn.com\\\/wp-content\\\/uploads\\\/2025\\\/10\\\/cropped-cropped-icsebNavLogo-1.png\",\"width\":245,\"height\":99,\"caption\":\"Institut Chiari de Barcelona\"},\"image\":{\"@id\":\"https:\\\/\\\/institutchiaribcn.com\\\/pt\\\/#\\\/schema\\\/logo\\\/image\\\/\"}}]}<\/script>\n<!-- \/ Yoast SEO plugin. -->","yoast_head_json":{"title":"Estamos de parab\u00e9ns e celebramos conquistas | Institut Chiari","description":"Barcelona, \u00a02 de abril de 2014. Na sexta-feira passada, 28 de mar\u00e7o, a FILUM ACADEMY BARCELONA\u00ae teve o prazer de presentar o... \u00a0 Ver mais \u2192","robots":{"index":"index","follow":"follow","max-snippet":"max-snippet:-1","max-image-preview":"max-image-preview:large","max-video-preview":"max-video-preview:-1"},"canonical":"https:\/\/institutchiaribcn.com\/pt\/estamos-de-parabens\/","og_locale":"pt_PT","og_type":"article","og_title":"Estamos de parab\u00e9ns e celebramos conquistas | Institut Chiari","og_description":"Barcelona, \u00a02 de abril de 2014. Na sexta-feira passada, 28 de mar\u00e7o, a FILUM ACADEMY BARCELONA\u00ae teve o prazer de presentar o... \u00a0 Ver mais \u2192","og_url":"https:\/\/institutchiaribcn.com\/pt\/estamos-de-parabens\/","og_site_name":"Institut Chiari","article_modified_time":"2026-03-27T09:25:34+00:00","og_image":[{"width":200,"height":200,"url":"https:\/\/institutchiaribcn.com\/wp-content\/uploads\/2025\/10\/filum-system-bibliography-chiari-10.jpg","type":"image\/jpeg"}],"twitter_card":"summary_large_image","twitter_misc":{"Tempo estimado de leitura":"2 minutos"},"schema":{"@context":"https:\/\/schema.org","@graph":[{"@type":"WebPage","@id":"https:\/\/institutchiaribcn.com\/pt\/estamos-de-parabens\/","url":"https:\/\/institutchiaribcn.com\/pt\/estamos-de-parabens\/","name":"Estamos de parab\u00e9ns e celebramos conquistas | Institut Chiari","isPartOf":{"@id":"https:\/\/institutchiaribcn.com\/pt\/#website"},"primaryImageOfPage":{"@id":"https:\/\/institutchiaribcn.com\/pt\/estamos-de-parabens\/#primaryimage"},"image":{"@id":"https:\/\/institutchiaribcn.com\/pt\/estamos-de-parabens\/#primaryimage"},"thumbnailUrl":"https:\/\/institutchiaribcn.com\/wp-content\/uploads\/2025\/10\/filum-system-bibliography-chiari-10.jpg","datePublished":"2014-04-02T22:00:00+00:00","dateModified":"2026-03-27T09:25:34+00:00","description":"Barcelona, \u00a02 de abril de 2014. Na sexta-feira passada, 28 de mar\u00e7o, a FILUM ACADEMY BARCELONA\u00ae teve o prazer de presentar o... \u00a0 Ver mais \u2192","breadcrumb":{"@id":"https:\/\/institutchiaribcn.com\/pt\/estamos-de-parabens\/#breadcrumb"},"inLanguage":"pt-PT","potentialAction":[{"@type":"ReadAction","target":["https:\/\/institutchiaribcn.com\/pt\/estamos-de-parabens\/"]}]},{"@type":"ImageObject","inLanguage":"pt-PT","@id":"https:\/\/institutchiaribcn.com\/pt\/estamos-de-parabens\/#primaryimage","url":"https:\/\/institutchiaribcn.com\/wp-content\/uploads\/2025\/10\/filum-system-bibliography-chiari-10.jpg","contentUrl":"https:\/\/institutchiaribcn.com\/wp-content\/uploads\/2025\/10\/filum-system-bibliography-chiari-10.jpg","width":200,"height":200},{"@type":"BreadcrumbList","@id":"https:\/\/institutchiaribcn.com\/pt\/estamos-de-parabens\/#breadcrumb","itemListElement":[{"@type":"ListItem","position":1,"name":"Portada","item":"https:\/\/institutchiaribcn.com\/pt\/"},{"@type":"ListItem","position":2,"name":"Comunicaci\u00f3n","item":"https:\/\/institutchiaribcn.com\/pt\/comunicacion\/"},{"@type":"ListItem","position":3,"name":"ESTAMOS DE PARAB\u00c9NS!!"}]},{"@type":"WebSite","@id":"https:\/\/institutchiaribcn.com\/pt\/#website","url":"https:\/\/institutchiaribcn.com\/pt\/","name":"Institut Chiari de Barcelona","description":"","publisher":{"@id":"https:\/\/institutchiaribcn.com\/pt\/#organization"},"potentialAction":[{"@type":"SearchAction","target":{"@type":"EntryPoint","urlTemplate":"https:\/\/institutchiaribcn.com\/pt\/?s={search_term_string}"},"query-input":{"@type":"PropertyValueSpecification","valueRequired":true,"valueName":"search_term_string"}}],"inLanguage":"pt-PT"},{"@type":"Organization","@id":"https:\/\/institutchiaribcn.com\/pt\/#organization","name":"Institut Chiari de Barcelona","url":"https:\/\/institutchiaribcn.com\/pt\/","logo":{"@type":"ImageObject","inLanguage":"pt-PT","@id":"https:\/\/institutchiaribcn.com\/pt\/#\/schema\/logo\/image\/","url":"https:\/\/institutchiaribcn.com\/wp-content\/uploads\/2025\/10\/cropped-cropped-icsebNavLogo-1.png","contentUrl":"https:\/\/institutchiaribcn.com\/wp-content\/uploads\/2025\/10\/cropped-cropped-icsebNavLogo-1.png","width":245,"height":99,"caption":"Institut Chiari de Barcelona"},"image":{"@id":"https:\/\/institutchiaribcn.com\/pt\/#\/schema\/logo\/image\/"}}]}},"_links":{"self":[{"href":"https:\/\/institutchiaribcn.com\/pt\/wp-json\/wp\/v2\/comunicacion\/104716","targetHints":{"allow":["GET"]}}],"collection":[{"href":"https:\/\/institutchiaribcn.com\/pt\/wp-json\/wp\/v2\/comunicacion"}],"about":[{"href":"https:\/\/institutchiaribcn.com\/pt\/wp-json\/wp\/v2\/types\/comunicacion"}],"wp:featuredmedia":[{"embeddable":true,"href":"https:\/\/institutchiaribcn.com\/pt\/wp-json\/wp\/v2\/media\/104717"}],"wp:attachment":[{"href":"https:\/\/institutchiaribcn.com\/pt\/wp-json\/wp\/v2\/media?parent=104716"}],"wp:term":[{"taxonomy":"tipos-de-comunicacion","embeddable":true,"href":"https:\/\/institutchiaribcn.com\/pt\/wp-json\/wp\/v2\/tipos-de-comunicacion?post=104716"}],"curies":[{"name":"wp","href":"https:\/\/api.w.org\/{rel}","templated":true}]}}

ESTAMOS DE PARABÉNS!!

<p class="text-muted aniview centerTXT">Published by <a title="Artigos de ICSEB" href="https://institutchiaribcn.com/pt/author/anoop/" rel="author">ICSEB</a> at 3 Abril, 2014</p>
<p style="text-align: justify;">Barcelona,  2 de abril de 2014.</p>
<p style="text-align: justify;">Na sexta-feira passada, 28 de março, a FILUM ACADEMY BARCELONA® teve o prazer de presentar o Livro: “<strong>FILUM SYSTEM® BIBLIOGRAPHY</strong>”.</p>
<p style="text-align: justify;">Se trata de uma recopilação longamente esperada, que sob o título “FILUM SYSTEM® BIBLIOGRAPHY” reúne os mais de quarenta anos de investigação, que seu autor, Dr. Miguel B. ROYO SALVADOR havia dedicado ao estudo das patologias relacionadas com a tração medular. Como conclusão de toda sua investigação, este Libro reúne as publicações mais representativas de todos estos anos, tanto nos médios nacionais como internacionais.</p>
<p style="text-align: justify;">O ato contou com a presencia de profissionais do sector sanitário, interessados nas patologias derivadas da tração medular, que tiveram o privilegio de receber um original carinhosamente dedicado por parte do autor.</p>
<p style="text-align: justify;"><span style="text-decoration: underline;">Sobre o autor.</span></p>
<p style="text-align: justify;">Dr. Miguel B. ROYO SALVADOR é um prestigioso neurocirurgião y neurologista, barcelonês de adoção, que dedicou boa parte da sua vida à investigação e desenho de um método eficaz para a luta contra a doença do filum.</p>
<p style="text-align: justify;">Dr. Miguel B.  ROYO SALVADOR atualmente compagina seu labor científica e investigadora, com a Direção do INSTITUT CHIARI &amp; SIRINGOMIELIA &amp; ESCOLIOSIS DE BARCELONA.</p>

<!-- This site is optimized with the Yoast SEO plugin v27.4 - https://yoast.com/product/yoast-seo-wordpress/ -->
<title>Estamos de parabéns e celebramos conquistas | Institut Chiari</title>
<meta name="description" content="Barcelona,  2 de abril de 2014. Na sexta-feira passada, 28 de março, a FILUM ACADEMY BARCELONA® teve o prazer de presentar o...   Ver mais →" />
<meta name="robots" content="index, follow, max-snippet:-1, max-image-preview:large, max-video-preview:-1" />
<link rel="canonical" href="https://institutchiaribcn.com/pt/estamos-de-parabens/" />
<meta property="og:locale" content="pt_PT" />
<meta property="og:type" content="article" />
<meta property="og:title" content="Estamos de parabéns e celebramos conquistas | Institut Chiari" />
<meta property="og:description" content="Barcelona,  2 de abril de 2014. Na sexta-feira passada, 28 de março, a FILUM ACADEMY BARCELONA® teve o prazer de presentar o...   Ver mais →" />
<meta property="og:url" content="https://institutchiaribcn.com/pt/estamos-de-parabens/" />
<meta property="og:site_name" content="Institut Chiari" />
<meta property="article:modified_time" content="2026-03-27T09:25:34+00:00" />
<meta property="og:image" content="https://institutchiaribcn.com/wp-content/uploads/2025/10/filum-system-bibliography-chiari-10.jpg" />
	<meta property="og:image:width" content="200" />
	<meta property="og:image:height" content="200" />
	<meta property="og:image:type" content="image/jpeg" />
<meta name="twitter:card" content="summary_large_image" />
<meta name="twitter:label1" content="Tempo estimado de leitura" />
	<meta name="twitter:data1" content="2 minutos" />
<script type="application/ld+json" class="yoast-schema-graph">{"@context":"https:\/\/schema.org","@graph":[{"@type":"WebPage","@id":"https:\/\/institutchiaribcn.com\/pt\/estamos-de-parabens\/","url":"https:\/\/institutchiaribcn.com\/pt\/estamos-de-parabens\/","name":"Estamos de parabéns e celebramos conquistas | Institut Chiari","isPartOf":{"@id":"https:\/\/institutchiaribcn.com\/pt\/#website"},"primaryImageOfPage":{"@id":"https:\/\/institutchiaribcn.com\/pt\/estamos-de-parabens\/#primaryimage"},"image":{"@id":"https:\/\/institutchiaribcn.com\/pt\/estamos-de-parabens\/#primaryimage"},"thumbnailUrl":"https:\/\/institutchiaribcn.com\/wp-content\/uploads\/2025\/10\/filum-system-bibliography-chiari-10.jpg","datePublished":"2014-04-02T22:00:00+00:00","dateModified":"2026-03-27T09:25:34+00:00","description":"Barcelona,  2 de abril de 2014. Na sexta-feira passada, 28 de março, a FILUM ACADEMY BARCELONA® teve o prazer de presentar o...   Ver mais →","breadcrumb":{"@id":"https:\/\/institutchiaribcn.com\/pt\/estamos-de-parabens\/#breadcrumb"},"inLanguage":"pt-PT","potentialAction":[{"@type":"ReadAction","target":["https:\/\/institutchiaribcn.com\/pt\/estamos-de-parabens\/"]}]},{"@type":"ImageObject","inLanguage":"pt-PT","@id":"https:\/\/institutchiaribcn.com\/pt\/estamos-de-parabens\/#primaryimage","url":"https:\/\/institutchiaribcn.com\/wp-content\/uploads\/2025\/10\/filum-system-bibliography-chiari-10.jpg","contentUrl":"https:\/\/institutchiaribcn.com\/wp-content\/uploads\/2025\/10\/filum-system-bibliography-chiari-10.jpg","width":200,"height":200},{"@type":"BreadcrumbList","@id":"https:\/\/institutchiaribcn.com\/pt\/estamos-de-parabens\/#breadcrumb","itemListElement":[{"@type":"ListItem","position":1,"name":"Portada","item":"https:\/\/institutchiaribcn.com\/pt\/"},{"@type":"ListItem","position":2,"name":"Comunicación","item":"https:\/\/institutchiaribcn.com\/pt\/comunicacion\/"},{"@type":"ListItem","position":3,"name":"ESTAMOS DE PARABÉNS!!"}]},{"@type":"WebSite","@id":"https:\/\/institutchiaribcn.com\/pt\/#website","url":"https:\/\/institutchiaribcn.com\/pt\/","name":"Institut Chiari de Barcelona","description":"","publisher":{"@id":"https:\/\/institutchiaribcn.com\/pt\/#organization"},"potentialAction":[{"@type":"SearchAction","target":{"@type":"EntryPoint","urlTemplate":"https:\/\/institutchiaribcn.com\/pt\/?s={search_term_string}"},"query-input":{"@type":"PropertyValueSpecification","valueRequired":true,"valueName":"search_term_string"}}],"inLanguage":"pt-PT"},{"@type":"Organization","@id":"https:\/\/institutchiaribcn.com\/pt\/#organization","name":"Institut Chiari de Barcelona","url":"https:\/\/institutchiaribcn.com\/pt\/","logo":{"@type":"ImageObject","inLanguage":"pt-PT","@id":"https:\/\/institutchiaribcn.com\/pt\/#\/schema\/logo\/image\/","url":"https:\/\/institutchiaribcn.com\/wp-content\/uploads\/2025\/10\/cropped-cropped-icsebNavLogo-1.png","contentUrl":"https:\/\/institutchiaribcn.com\/wp-content\/uploads\/2025\/10\/cropped-cropped-icsebNavLogo-1.png","width":245,"height":99,"caption":"Institut Chiari de Barcelona"},"image":{"@id":"https:\/\/institutchiaribcn.com\/pt\/#\/schema\/logo\/image\/"}}]}</script>
<!-- / Yoast SEO plugin. -->

Estamos de parabéns e celebramos conquistas | Institut Chiari

Barcelona,  2 de abril de 2014. Na sexta-feira passada, 28 de março, a FILUM ACADEMY BARCELONA® teve o prazer de presentar o...   Ver mais →

Comunicación
