{"id":104671,"date":"2014-07-28T00:00:00","date_gmt":"2014-07-27T22:00:00","guid":{"rendered":"https:\/\/dev.institutchiaribcn.com\/comunicacion\/investigacao\/"},"modified":"2026-03-25T12:50:17","modified_gmt":"2026-03-25T11:50:17","slug":"investigacao","status":"publish","type":"comunicacion","link":"https:\/\/institutchiaribcn.com\/pt\/investigacao\/","title":{"rendered":"INVESTIGA\u00c7\u00c3O"},"content":{"rendered":"<p class=\"text-muted aniview centerTXT\">Published by <a title=\"Artigos de ICSEB\" href=\"https:\/\/institutchiaribcn.com\/pt\/author\/anoop\/\" rel=\"author\">ICSEB<\/a> at 28 Julho, 2014<\/p>\n<p><a href=\"https:\/\/institutchiaribcn.com\/wp-content\/uploads\/2016\/03\/investigacion_chiari.jpg\"><img decoding=\"async\" class=\"img-rounded img-responsive text-wrap wp-image-6490 size-full alignright\" src=\"https:\/\/institutchiaribcn.com\/wp-content\/uploads\/2016\/03\/investigacion_chiari.jpg\" sizes=\"(max-width: 200px) 100vw, 200px\" srcset=\"https:\/\/institutchiaribcn.com\/wp-content\/uploads\/2016\/03\/investigacion_chiari.jpg 200w, https:\/\/institutchiaribcn.com\/wp-content\/uploads\/2016\/03\/investigacion_chiari-150x150.jpg 150w\" alt=\"investigacion_chiari\" width=\"200\" height=\"200\" \/><\/a>Barcelona, 25 de julho de 2014.<\/p>\n<p>Departamento de Comunica\u00e7\u00e3o do ICSEB.<\/p>\n<p>Aquelas pessoas que conheceram o \u201cInstituto Chiari &amp; Siringomielia &amp; Escolisis de Barcelona\u201d (ICSEB) e foram perguntadas por sua primeira impress\u00e3o, frequentemente coincidem na ideia de que o ICSEB \u00e9 um centro de investiga\u00e7\u00e3o.<\/p>\n<p>Desde que no ano 1974 o <strong>Dr. Miguel B. Royo Salvador<\/strong> acabou a faculdade de medicina, at\u00e9 hoje, haviam passado exatamente 40 anos e nem um dia desde ent\u00e3o, \u2013 ele, quem fundou e agora \u00e9 o diretor do ICSEB, manifesta que \u2013 nunca havia parado de investigar.<\/p>\n<p>Poder\u00edamos estar contentos, porque aos poucos, as ideias monol\u00edticas de um passado intervencionista de alto risco, onde a craniectom\u00eda ou descompress\u00e3o suboccipital era a panaceia do tratamento moderno<a title=\"\" href=\"#_ftn1\">[1]<\/a>, est\u00e3o sendo abandonadas. Atualmente, cada vez mais s\u00e3o os especialistas que se acercam ao ICSEB para participar nos cursos de forma\u00e7\u00e3o ou para se incorporar a algum dos numerosos projetos de investiga\u00e7\u00e3o.<\/p>\n<p>N\u00e3o podemos dizer que o ICSEB chegou ao fim do seu caminho, e que a teoria que o Dr. Miguel B. Royo Salvador defende, da resposta a todas as perguntas que surgem. Por isso \u00e9 preciso n\u00e3o abandonar aquela l\u00ednea maestra que se come\u00e7ou h\u00e1 40 anos e que o nosso investigador sempre repete: investigar, investigar e investigar.<\/p>\n<p><a title=\"\" href=\"#_ftnref1\">[1]<\/a> A craniectom\u00eda ou descompress\u00e3o suboccipital tem uma taxa de mortalidade p\u00f3s-cir\u00fargica bem superior da taxa de mortalidade da doen\u00e7a mesma \u2013 s\u00edndrome de Arnold Chiari I (0,5-2% da interven\u00e7\u00e3o convencional \u2013 craniectom\u00eda -, frente a 0,001% da pr\u00f3pria doen\u00e7a).<\/p>\n","protected":false},"featured_media":104672,"template":"","tipos-de-comunicacion":[533],"class_list":["post-104671","comunicacion","type-comunicacion","status-publish","has-post-thumbnail","hentry","tipos-de-comunicacion-comunicados"],"yoast_head":"<!-- This site is optimized with the Yoast SEO plugin v27.4 - https:\/\/yoast.com\/product\/yoast-seo-wordpress\/ -->\n<title>Projetos de P&amp;D em patologias do Filum | ICSEB<\/title>\n<meta name=\"description\" content=\"Barcelona, 25 de julho de 2014. Departamento de Comunica\u00e7\u00e3o do ICSEB. Aquelas pessoas que conheceram o \u201cInstituto Chiari... \u00a0 Ver mais \u2192\" \/>\n<meta name=\"robots\" content=\"index, follow, max-snippet:-1, max-image-preview:large, max-video-preview:-1\" \/>\n<link rel=\"canonical\" href=\"https:\/\/institutchiaribcn.com\/pt\/investigacao\/\" \/>\n<meta property=\"og:locale\" content=\"pt_PT\" \/>\n<meta property=\"og:type\" content=\"article\" \/>\n<meta property=\"og:title\" content=\"Projetos de P&amp;D em patologias do Filum | ICSEB\" \/>\n<meta property=\"og:description\" content=\"Barcelona, 25 de julho de 2014. Departamento de Comunica\u00e7\u00e3o do ICSEB. Aquelas pessoas que conheceram o \u201cInstituto Chiari... \u00a0 Ver mais \u2192\" \/>\n<meta property=\"og:url\" content=\"https:\/\/institutchiaribcn.com\/pt\/investigacao\/\" \/>\n<meta property=\"og:site_name\" content=\"Institut Chiari\" \/>\n<meta property=\"article:modified_time\" content=\"2026-03-25T11:50:17+00:00\" \/>\n<meta property=\"og:image\" content=\"https:\/\/institutchiaribcn.com\/wp-content\/uploads\/2025\/10\/investigacion_chiari-9.jpg\" \/>\n\t<meta property=\"og:image:width\" content=\"200\" \/>\n\t<meta property=\"og:image:height\" content=\"200\" \/>\n\t<meta property=\"og:image:type\" content=\"image\/jpeg\" \/>\n<meta name=\"twitter:card\" content=\"summary_large_image\" \/>\n<meta name=\"twitter:label1\" content=\"Tempo estimado de leitura\" \/>\n\t<meta name=\"twitter:data1\" content=\"2 minutos\" \/>\n<script type=\"application\/ld+json\" class=\"yoast-schema-graph\">{\"@context\":\"https:\\\/\\\/schema.org\",\"@graph\":[{\"@type\":\"WebPage\",\"@id\":\"https:\\\/\\\/institutchiaribcn.com\\\/pt\\\/investigacao\\\/\",\"url\":\"https:\\\/\\\/institutchiaribcn.com\\\/pt\\\/investigacao\\\/\",\"name\":\"Projetos de P&D em patologias do Filum | ICSEB\",\"isPartOf\":{\"@id\":\"https:\\\/\\\/institutchiaribcn.com\\\/pt\\\/#website\"},\"primaryImageOfPage\":{\"@id\":\"https:\\\/\\\/institutchiaribcn.com\\\/pt\\\/investigacao\\\/#primaryimage\"},\"image\":{\"@id\":\"https:\\\/\\\/institutchiaribcn.com\\\/pt\\\/investigacao\\\/#primaryimage\"},\"thumbnailUrl\":\"https:\\\/\\\/institutchiaribcn.com\\\/wp-content\\\/uploads\\\/2025\\\/10\\\/investigacion_chiari-9.jpg\",\"datePublished\":\"2014-07-27T22:00:00+00:00\",\"dateModified\":\"2026-03-25T11:50:17+00:00\",\"description\":\"Barcelona, 25 de julho de 2014. Departamento de Comunica\u00e7\u00e3o do ICSEB. Aquelas pessoas que conheceram o \u201cInstituto Chiari... \u00a0 Ver mais \u2192\",\"breadcrumb\":{\"@id\":\"https:\\\/\\\/institutchiaribcn.com\\\/pt\\\/investigacao\\\/#breadcrumb\"},\"inLanguage\":\"pt-PT\",\"potentialAction\":[{\"@type\":\"ReadAction\",\"target\":[\"https:\\\/\\\/institutchiaribcn.com\\\/pt\\\/investigacao\\\/\"]}]},{\"@type\":\"ImageObject\",\"inLanguage\":\"pt-PT\",\"@id\":\"https:\\\/\\\/institutchiaribcn.com\\\/pt\\\/investigacao\\\/#primaryimage\",\"url\":\"https:\\\/\\\/institutchiaribcn.com\\\/wp-content\\\/uploads\\\/2025\\\/10\\\/investigacion_chiari-9.jpg\",\"contentUrl\":\"https:\\\/\\\/institutchiaribcn.com\\\/wp-content\\\/uploads\\\/2025\\\/10\\\/investigacion_chiari-9.jpg\",\"width\":200,\"height\":200},{\"@type\":\"BreadcrumbList\",\"@id\":\"https:\\\/\\\/institutchiaribcn.com\\\/pt\\\/investigacao\\\/#breadcrumb\",\"itemListElement\":[{\"@type\":\"ListItem\",\"position\":1,\"name\":\"Portada\",\"item\":\"https:\\\/\\\/institutchiaribcn.com\\\/pt\\\/\"},{\"@type\":\"ListItem\",\"position\":2,\"name\":\"Comunicaci\u00f3n\",\"item\":\"https:\\\/\\\/institutchiaribcn.com\\\/pt\\\/comunicacion\\\/\"},{\"@type\":\"ListItem\",\"position\":3,\"name\":\"INVESTIGA\u00c7\u00c3O\"}]},{\"@type\":\"WebSite\",\"@id\":\"https:\\\/\\\/institutchiaribcn.com\\\/pt\\\/#website\",\"url\":\"https:\\\/\\\/institutchiaribcn.com\\\/pt\\\/\",\"name\":\"Institut Chiari de Barcelona\",\"description\":\"\",\"publisher\":{\"@id\":\"https:\\\/\\\/institutchiaribcn.com\\\/pt\\\/#organization\"},\"potentialAction\":[{\"@type\":\"SearchAction\",\"target\":{\"@type\":\"EntryPoint\",\"urlTemplate\":\"https:\\\/\\\/institutchiaribcn.com\\\/pt\\\/?s={search_term_string}\"},\"query-input\":{\"@type\":\"PropertyValueSpecification\",\"valueRequired\":true,\"valueName\":\"search_term_string\"}}],\"inLanguage\":\"pt-PT\"},{\"@type\":\"Organization\",\"@id\":\"https:\\\/\\\/institutchiaribcn.com\\\/pt\\\/#organization\",\"name\":\"Institut Chiari de Barcelona\",\"url\":\"https:\\\/\\\/institutchiaribcn.com\\\/pt\\\/\",\"logo\":{\"@type\":\"ImageObject\",\"inLanguage\":\"pt-PT\",\"@id\":\"https:\\\/\\\/institutchiaribcn.com\\\/pt\\\/#\\\/schema\\\/logo\\\/image\\\/\",\"url\":\"https:\\\/\\\/institutchiaribcn.com\\\/wp-content\\\/uploads\\\/2025\\\/10\\\/cropped-cropped-icsebNavLogo-1.png\",\"contentUrl\":\"https:\\\/\\\/institutchiaribcn.com\\\/wp-content\\\/uploads\\\/2025\\\/10\\\/cropped-cropped-icsebNavLogo-1.png\",\"width\":245,\"height\":99,\"caption\":\"Institut Chiari de Barcelona\"},\"image\":{\"@id\":\"https:\\\/\\\/institutchiaribcn.com\\\/pt\\\/#\\\/schema\\\/logo\\\/image\\\/\"}}]}<\/script>\n<!-- \/ Yoast SEO plugin. -->","yoast_head_json":{"title":"Projetos de P&D em patologias do Filum | ICSEB","description":"Barcelona, 25 de julho de 2014. Departamento de Comunica\u00e7\u00e3o do ICSEB. Aquelas pessoas que conheceram o \u201cInstituto Chiari... \u00a0 Ver mais \u2192","robots":{"index":"index","follow":"follow","max-snippet":"max-snippet:-1","max-image-preview":"max-image-preview:large","max-video-preview":"max-video-preview:-1"},"canonical":"https:\/\/institutchiaribcn.com\/pt\/investigacao\/","og_locale":"pt_PT","og_type":"article","og_title":"Projetos de P&D em patologias do Filum | ICSEB","og_description":"Barcelona, 25 de julho de 2014. Departamento de Comunica\u00e7\u00e3o do ICSEB. Aquelas pessoas que conheceram o \u201cInstituto Chiari... \u00a0 Ver mais \u2192","og_url":"https:\/\/institutchiaribcn.com\/pt\/investigacao\/","og_site_name":"Institut Chiari","article_modified_time":"2026-03-25T11:50:17+00:00","og_image":[{"width":200,"height":200,"url":"https:\/\/institutchiaribcn.com\/wp-content\/uploads\/2025\/10\/investigacion_chiari-9.jpg","type":"image\/jpeg"}],"twitter_card":"summary_large_image","twitter_misc":{"Tempo estimado de leitura":"2 minutos"},"schema":{"@context":"https:\/\/schema.org","@graph":[{"@type":"WebPage","@id":"https:\/\/institutchiaribcn.com\/pt\/investigacao\/","url":"https:\/\/institutchiaribcn.com\/pt\/investigacao\/","name":"Projetos de P&D em patologias do Filum | ICSEB","isPartOf":{"@id":"https:\/\/institutchiaribcn.com\/pt\/#website"},"primaryImageOfPage":{"@id":"https:\/\/institutchiaribcn.com\/pt\/investigacao\/#primaryimage"},"image":{"@id":"https:\/\/institutchiaribcn.com\/pt\/investigacao\/#primaryimage"},"thumbnailUrl":"https:\/\/institutchiaribcn.com\/wp-content\/uploads\/2025\/10\/investigacion_chiari-9.jpg","datePublished":"2014-07-27T22:00:00+00:00","dateModified":"2026-03-25T11:50:17+00:00","description":"Barcelona, 25 de julho de 2014. Departamento de Comunica\u00e7\u00e3o do ICSEB. Aquelas pessoas que conheceram o \u201cInstituto Chiari... \u00a0 Ver mais \u2192","breadcrumb":{"@id":"https:\/\/institutchiaribcn.com\/pt\/investigacao\/#breadcrumb"},"inLanguage":"pt-PT","potentialAction":[{"@type":"ReadAction","target":["https:\/\/institutchiaribcn.com\/pt\/investigacao\/"]}]},{"@type":"ImageObject","inLanguage":"pt-PT","@id":"https:\/\/institutchiaribcn.com\/pt\/investigacao\/#primaryimage","url":"https:\/\/institutchiaribcn.com\/wp-content\/uploads\/2025\/10\/investigacion_chiari-9.jpg","contentUrl":"https:\/\/institutchiaribcn.com\/wp-content\/uploads\/2025\/10\/investigacion_chiari-9.jpg","width":200,"height":200},{"@type":"BreadcrumbList","@id":"https:\/\/institutchiaribcn.com\/pt\/investigacao\/#breadcrumb","itemListElement":[{"@type":"ListItem","position":1,"name":"Portada","item":"https:\/\/institutchiaribcn.com\/pt\/"},{"@type":"ListItem","position":2,"name":"Comunicaci\u00f3n","item":"https:\/\/institutchiaribcn.com\/pt\/comunicacion\/"},{"@type":"ListItem","position":3,"name":"INVESTIGA\u00c7\u00c3O"}]},{"@type":"WebSite","@id":"https:\/\/institutchiaribcn.com\/pt\/#website","url":"https:\/\/institutchiaribcn.com\/pt\/","name":"Institut Chiari de Barcelona","description":"","publisher":{"@id":"https:\/\/institutchiaribcn.com\/pt\/#organization"},"potentialAction":[{"@type":"SearchAction","target":{"@type":"EntryPoint","urlTemplate":"https:\/\/institutchiaribcn.com\/pt\/?s={search_term_string}"},"query-input":{"@type":"PropertyValueSpecification","valueRequired":true,"valueName":"search_term_string"}}],"inLanguage":"pt-PT"},{"@type":"Organization","@id":"https:\/\/institutchiaribcn.com\/pt\/#organization","name":"Institut Chiari de Barcelona","url":"https:\/\/institutchiaribcn.com\/pt\/","logo":{"@type":"ImageObject","inLanguage":"pt-PT","@id":"https:\/\/institutchiaribcn.com\/pt\/#\/schema\/logo\/image\/","url":"https:\/\/institutchiaribcn.com\/wp-content\/uploads\/2025\/10\/cropped-cropped-icsebNavLogo-1.png","contentUrl":"https:\/\/institutchiaribcn.com\/wp-content\/uploads\/2025\/10\/cropped-cropped-icsebNavLogo-1.png","width":245,"height":99,"caption":"Institut Chiari de Barcelona"},"image":{"@id":"https:\/\/institutchiaribcn.com\/pt\/#\/schema\/logo\/image\/"}}]}},"_links":{"self":[{"href":"https:\/\/institutchiaribcn.com\/pt\/wp-json\/wp\/v2\/comunicacion\/104671","targetHints":{"allow":["GET"]}}],"collection":[{"href":"https:\/\/institutchiaribcn.com\/pt\/wp-json\/wp\/v2\/comunicacion"}],"about":[{"href":"https:\/\/institutchiaribcn.com\/pt\/wp-json\/wp\/v2\/types\/comunicacion"}],"wp:featuredmedia":[{"embeddable":true,"href":"https:\/\/institutchiaribcn.com\/pt\/wp-json\/wp\/v2\/media\/104672"}],"wp:attachment":[{"href":"https:\/\/institutchiaribcn.com\/pt\/wp-json\/wp\/v2\/media?parent=104671"}],"wp:term":[{"taxonomy":"tipos-de-comunicacion","embeddable":true,"href":"https:\/\/institutchiaribcn.com\/pt\/wp-json\/wp\/v2\/tipos-de-comunicacion?post=104671"}],"curies":[{"name":"wp","href":"https:\/\/api.w.org\/{rel}","templated":true}]}}

INVESTIGAÇÃO

<p class="text-muted aniview centerTXT">Published by <a title="Artigos de ICSEB" href="https://institutchiaribcn.com/pt/author/anoop/" rel="author">ICSEB</a> at 28 Julho, 2014</p>
<p><a href="https://institutchiaribcn.com/wp-content/uploads/2016/03/investigacion_chiari.jpg"><img decoding="async" class="img-rounded img-responsive text-wrap wp-image-6490 size-full alignright" src="https://institutchiaribcn.com/wp-content/uploads/2016/03/investigacion_chiari.jpg" sizes="(max-width: 200px) 100vw, 200px" srcset="https://institutchiaribcn.com/wp-content/uploads/2016/03/investigacion_chiari.jpg 200w, https://institutchiaribcn.com/wp-content/uploads/2016/03/investigacion_chiari-150x150.jpg 150w" alt="investigacion_chiari" width="200" height="200" /></a>Barcelona, 25 de julho de 2014.</p>
<p>Departamento de Comunicação do ICSEB.</p>
<p>Aquelas pessoas que conheceram o “Instituto Chiari &amp; Siringomielia &amp; Escolisis de Barcelona” (ICSEB) e foram perguntadas por sua primeira impressão, frequentemente coincidem na ideia de que o ICSEB é um centro de investigação.</p>
<p>Desde que no ano 1974 o <strong>Dr. Miguel B. Royo Salvador</strong> acabou a faculdade de medicina, até hoje, haviam passado exatamente 40 anos e nem um dia desde então, – ele, quem fundou e agora é o diretor do ICSEB, manifesta que – nunca havia parado de investigar.</p>
<p>Poderíamos estar contentos, porque aos poucos, as ideias monolíticas de um passado intervencionista de alto risco, onde a craniectomía ou descompressão suboccipital era a panaceia do tratamento moderno<a title="" href="#_ftn1">[1]</a>, estão sendo abandonadas. Atualmente, cada vez mais são os especialistas que se acercam ao ICSEB para participar nos cursos de formação ou para se incorporar a algum dos numerosos projetos de investigação.</p>
<p>Não podemos dizer que o ICSEB chegou ao fim do seu caminho, e que a teoria que o Dr. Miguel B. Royo Salvador defende, da resposta a todas as perguntas que surgem. Por isso é preciso não abandonar aquela línea maestra que se começou há 40 anos e que o nosso investigador sempre repete: investigar, investigar e investigar.</p>
<p><a title="" href="#_ftnref1">[1]</a> A craniectomía ou descompressão suboccipital tem uma taxa de mortalidade pós-cirúrgica bem superior da taxa de mortalidade da doença mesma – síndrome de Arnold Chiari I (0,5-2% da intervenção convencional – craniectomía -, frente a 0,001% da própria doença).</p>

<!-- This site is optimized with the Yoast SEO plugin v27.4 - https://yoast.com/product/yoast-seo-wordpress/ -->
<title>Projetos de P&amp;D em patologias do Filum | ICSEB</title>
<meta name="description" content="Barcelona, 25 de julho de 2014. Departamento de Comunicação do ICSEB. Aquelas pessoas que conheceram o “Instituto Chiari...   Ver mais →" />
<meta name="robots" content="index, follow, max-snippet:-1, max-image-preview:large, max-video-preview:-1" />
<link rel="canonical" href="https://institutchiaribcn.com/pt/investigacao/" />
<meta property="og:locale" content="pt_PT" />
<meta property="og:type" content="article" />
<meta property="og:title" content="Projetos de P&amp;D em patologias do Filum | ICSEB" />
<meta property="og:description" content="Barcelona, 25 de julho de 2014. Departamento de Comunicação do ICSEB. Aquelas pessoas que conheceram o “Instituto Chiari...   Ver mais →" />
<meta property="og:url" content="https://institutchiaribcn.com/pt/investigacao/" />
<meta property="og:site_name" content="Institut Chiari" />
<meta property="article:modified_time" content="2026-03-25T11:50:17+00:00" />
<meta property="og:image" content="https://institutchiaribcn.com/wp-content/uploads/2025/10/investigacion_chiari-9.jpg" />
	<meta property="og:image:width" content="200" />
	<meta property="og:image:height" content="200" />
	<meta property="og:image:type" content="image/jpeg" />
<meta name="twitter:card" content="summary_large_image" />
<meta name="twitter:label1" content="Tempo estimado de leitura" />
	<meta name="twitter:data1" content="2 minutos" />
<script type="application/ld+json" class="yoast-schema-graph">{"@context":"https:\/\/schema.org","@graph":[{"@type":"WebPage","@id":"https:\/\/institutchiaribcn.com\/pt\/investigacao\/","url":"https:\/\/institutchiaribcn.com\/pt\/investigacao\/","name":"Projetos de P&D em patologias do Filum | ICSEB","isPartOf":{"@id":"https:\/\/institutchiaribcn.com\/pt\/#website"},"primaryImageOfPage":{"@id":"https:\/\/institutchiaribcn.com\/pt\/investigacao\/#primaryimage"},"image":{"@id":"https:\/\/institutchiaribcn.com\/pt\/investigacao\/#primaryimage"},"thumbnailUrl":"https:\/\/institutchiaribcn.com\/wp-content\/uploads\/2025\/10\/investigacion_chiari-9.jpg","datePublished":"2014-07-27T22:00:00+00:00","dateModified":"2026-03-25T11:50:17+00:00","description":"Barcelona, 25 de julho de 2014. Departamento de Comunicação do ICSEB. Aquelas pessoas que conheceram o “Instituto Chiari...   Ver mais →","breadcrumb":{"@id":"https:\/\/institutchiaribcn.com\/pt\/investigacao\/#breadcrumb"},"inLanguage":"pt-PT","potentialAction":[{"@type":"ReadAction","target":["https:\/\/institutchiaribcn.com\/pt\/investigacao\/"]}]},{"@type":"ImageObject","inLanguage":"pt-PT","@id":"https:\/\/institutchiaribcn.com\/pt\/investigacao\/#primaryimage","url":"https:\/\/institutchiaribcn.com\/wp-content\/uploads\/2025\/10\/investigacion_chiari-9.jpg","contentUrl":"https:\/\/institutchiaribcn.com\/wp-content\/uploads\/2025\/10\/investigacion_chiari-9.jpg","width":200,"height":200},{"@type":"BreadcrumbList","@id":"https:\/\/institutchiaribcn.com\/pt\/investigacao\/#breadcrumb","itemListElement":[{"@type":"ListItem","position":1,"name":"Portada","item":"https:\/\/institutchiaribcn.com\/pt\/"},{"@type":"ListItem","position":2,"name":"Comunicación","item":"https:\/\/institutchiaribcn.com\/pt\/comunicacion\/"},{"@type":"ListItem","position":3,"name":"INVESTIGAÇÃO"}]},{"@type":"WebSite","@id":"https:\/\/institutchiaribcn.com\/pt\/#website","url":"https:\/\/institutchiaribcn.com\/pt\/","name":"Institut Chiari de Barcelona","description":"","publisher":{"@id":"https:\/\/institutchiaribcn.com\/pt\/#organization"},"potentialAction":[{"@type":"SearchAction","target":{"@type":"EntryPoint","urlTemplate":"https:\/\/institutchiaribcn.com\/pt\/?s={search_term_string}"},"query-input":{"@type":"PropertyValueSpecification","valueRequired":true,"valueName":"search_term_string"}}],"inLanguage":"pt-PT"},{"@type":"Organization","@id":"https:\/\/institutchiaribcn.com\/pt\/#organization","name":"Institut Chiari de Barcelona","url":"https:\/\/institutchiaribcn.com\/pt\/","logo":{"@type":"ImageObject","inLanguage":"pt-PT","@id":"https:\/\/institutchiaribcn.com\/pt\/#\/schema\/logo\/image\/","url":"https:\/\/institutchiaribcn.com\/wp-content\/uploads\/2025\/10\/cropped-cropped-icsebNavLogo-1.png","contentUrl":"https:\/\/institutchiaribcn.com\/wp-content\/uploads\/2025\/10\/cropped-cropped-icsebNavLogo-1.png","width":245,"height":99,"caption":"Institut Chiari de Barcelona"},"image":{"@id":"https:\/\/institutchiaribcn.com\/pt\/#\/schema\/logo\/image\/"}}]}</script>
<!-- / Yoast SEO plugin. -->

Barcelona, 25 de julho de 2014. Departamento de Comunicação do ICSEB. Aquelas pessoas que conheceram o “Instituto Chiari...   Ver mais →

Comunicación
