{"id":104185,"date":"2016-01-11T00:00:00","date_gmt":"2016-01-10T23:00:00","guid":{"rendered":"https:\/\/dev.institutchiaribcn.com\/comunicacion\/aviso-importante-para-os-pacientes-de-lingua-portuguesa\/"},"modified":"2025-12-04T09:56:13","modified_gmt":"2025-12-04T08:56:13","slug":"aviso-importante-para-os-pacientes-de-lingua-portuguesa","status":"publish","type":"comunicacion","link":"https:\/\/institutchiaribcn.com\/pt\/aviso-importante-para-os-pacientes-de-lingua-portuguesa\/","title":{"rendered":"AVISO IMPORTANTE PARA OS PACIENTES DE L\u00cdNGUA PORTUGUESA"},"content":{"rendered":"<p class=\"text-muted aniview centerTXT\">Published by <a title=\"Artigos de ICSEB\" href=\"https:\/\/institutchiaribcn.com\/pt\/author\/anoop\/\" rel=\"author\">ICSEB<\/a> at 11 Janeiro, 2016<\/p>\n<p style=\"text-align: justify;\">Devido a que teve lugar suplanta\u00e7\u00e3o de nossos doutores e de nosso Instituo, rogamos encarecidamente, por sua pr\u00f3pria seguridade, que as consultas m\u00e9dicas e de qualquer outro tipo, que realizem a trav\u00e9s do nosso site Web, as realizem pessoalmente a trav\u00e9s do seu correio electr\u00f3nico pr\u00f3prio, n\u00e3o delegando esta comunica\u00e7\u00e3o a ningu\u00e9m que n\u00e3o seja de sua completa confian\u00e7a.<\/p>\n<p style=\"text-align: justify;\">Assim, evitaremos maus entendidos, interpreta\u00e7\u00f5es err\u00f3neas e o que \u00e9 ainda pior, a possibilidade de que pessoas que n\u00e3o t\u00eam nenhuma rela\u00e7\u00e3o com n\u00f3s, suplantem a\u00e7\u00f5es e fun\u00e7\u00f5es muito importantes que possam repercutir a sa\u00fade dos pacientes.<\/p>\n<p style=\"text-align: justify;\">Adicionalmente, gostar\u00edamos de comunicar que hav\u00edamos posto em conhecimento da autoridade competente os fatos citados, para que realize as a\u00e7\u00f5es de todo tipo que correspondam.<\/p>\n","protected":false},"featured_media":29839,"template":"","tipos-de-comunicacion":[533],"class_list":["post-104185","comunicacion","type-comunicacion","status-publish","has-post-thumbnail","hentry","tipos-de-comunicacion-comunicados"],"yoast_head":"<!-- This site is optimized with the Yoast SEO plugin v27.4 - https:\/\/yoast.com\/product\/yoast-seo-wordpress\/ -->\n<title>Pacientes de l\u00edngua portuguesa: comunicado essencial | ICSEB<\/title>\n<meta name=\"description\" content=\"Devido a que teve lugar suplanta\u00e7\u00e3o de nossos doutores e de nosso Instituo, rogamos encarecidamente, por sua pr\u00f3pria seguridade... \u00a0 Ver mais \u2192\" \/>\n<meta name=\"robots\" content=\"index, follow, max-snippet:-1, max-image-preview:large, max-video-preview:-1\" \/>\n<link rel=\"canonical\" href=\"https:\/\/institutchiaribcn.com\/pt\/aviso-importante-para-os-pacientes-de-lingua-portuguesa\/\" \/>\n<meta property=\"og:locale\" content=\"pt_PT\" \/>\n<meta property=\"og:type\" content=\"article\" \/>\n<meta property=\"og:title\" content=\"Pacientes de l\u00edngua portuguesa: comunicado essencial | ICSEB\" \/>\n<meta property=\"og:description\" content=\"Devido a que teve lugar suplanta\u00e7\u00e3o de nossos doutores e de nosso Instituo, rogamos encarecidamente, por sua pr\u00f3pria seguridade... \u00a0 Ver mais \u2192\" \/>\n<meta property=\"og:url\" content=\"https:\/\/institutchiaribcn.com\/pt\/aviso-importante-para-os-pacientes-de-lingua-portuguesa\/\" \/>\n<meta property=\"og:site_name\" content=\"Institut Chiari\" \/>\n<meta property=\"article:modified_time\" content=\"2025-12-04T08:56:13+00:00\" \/>\n<meta property=\"og:image\" content=\"https:\/\/institutchiaribcn.com\/wp-content\/uploads\/2025\/06\/fab-enfermdad-filum-e1453279306327-2.jpg\" \/>\n\t<meta property=\"og:image:width\" content=\"200\" \/>\n\t<meta property=\"og:image:height\" content=\"143\" \/>\n\t<meta property=\"og:image:type\" content=\"image\/jpeg\" \/>\n<meta name=\"twitter:card\" content=\"summary_large_image\" \/>\n<meta name=\"twitter:label1\" content=\"Tempo estimado de leitura\" \/>\n\t<meta name=\"twitter:data1\" content=\"1 minuto\" \/>\n<script type=\"application\/ld+json\" class=\"yoast-schema-graph\">{\"@context\":\"https:\\\/\\\/schema.org\",\"@graph\":[{\"@type\":\"WebPage\",\"@id\":\"https:\\\/\\\/institutchiaribcn.com\\\/pt\\\/aviso-importante-para-os-pacientes-de-lingua-portuguesa\\\/\",\"url\":\"https:\\\/\\\/institutchiaribcn.com\\\/pt\\\/aviso-importante-para-os-pacientes-de-lingua-portuguesa\\\/\",\"name\":\"Pacientes de l\u00edngua portuguesa: comunicado essencial | ICSEB\",\"isPartOf\":{\"@id\":\"https:\\\/\\\/institutchiaribcn.com\\\/pt\\\/#website\"},\"primaryImageOfPage\":{\"@id\":\"https:\\\/\\\/institutchiaribcn.com\\\/pt\\\/aviso-importante-para-os-pacientes-de-lingua-portuguesa\\\/#primaryimage\"},\"image\":{\"@id\":\"https:\\\/\\\/institutchiaribcn.com\\\/pt\\\/aviso-importante-para-os-pacientes-de-lingua-portuguesa\\\/#primaryimage\"},\"thumbnailUrl\":\"https:\\\/\\\/institutchiaribcn.com\\\/wp-content\\\/uploads\\\/2025\\\/06\\\/fab-enfermdad-filum-e1453279306327-2.jpg\",\"datePublished\":\"2016-01-10T23:00:00+00:00\",\"dateModified\":\"2025-12-04T08:56:13+00:00\",\"description\":\"Devido a que teve lugar suplanta\u00e7\u00e3o de nossos doutores e de nosso Instituo, rogamos encarecidamente, por sua pr\u00f3pria seguridade... \u00a0 Ver mais \u2192\",\"breadcrumb\":{\"@id\":\"https:\\\/\\\/institutchiaribcn.com\\\/pt\\\/aviso-importante-para-os-pacientes-de-lingua-portuguesa\\\/#breadcrumb\"},\"inLanguage\":\"pt-PT\",\"potentialAction\":[{\"@type\":\"ReadAction\",\"target\":[\"https:\\\/\\\/institutchiaribcn.com\\\/pt\\\/aviso-importante-para-os-pacientes-de-lingua-portuguesa\\\/\"]}]},{\"@type\":\"ImageObject\",\"inLanguage\":\"pt-PT\",\"@id\":\"https:\\\/\\\/institutchiaribcn.com\\\/pt\\\/aviso-importante-para-os-pacientes-de-lingua-portuguesa\\\/#primaryimage\",\"url\":\"https:\\\/\\\/institutchiaribcn.com\\\/wp-content\\\/uploads\\\/2025\\\/06\\\/fab-enfermdad-filum-e1453279306327-2.jpg\",\"contentUrl\":\"https:\\\/\\\/institutchiaribcn.com\\\/wp-content\\\/uploads\\\/2025\\\/06\\\/fab-enfermdad-filum-e1453279306327-2.jpg\",\"width\":200,\"height\":143},{\"@type\":\"BreadcrumbList\",\"@id\":\"https:\\\/\\\/institutchiaribcn.com\\\/pt\\\/aviso-importante-para-os-pacientes-de-lingua-portuguesa\\\/#breadcrumb\",\"itemListElement\":[{\"@type\":\"ListItem\",\"position\":1,\"name\":\"Portada\",\"item\":\"https:\\\/\\\/institutchiaribcn.com\\\/pt\\\/\"},{\"@type\":\"ListItem\",\"position\":2,\"name\":\"Comunicaci\u00f3n\",\"item\":\"https:\\\/\\\/institutchiaribcn.com\\\/pt\\\/comunicacion\\\/\"},{\"@type\":\"ListItem\",\"position\":3,\"name\":\"AVISO IMPORTANTE PARA OS PACIENTES DE L\u00cdNGUA PORTUGUESA\"}]},{\"@type\":\"WebSite\",\"@id\":\"https:\\\/\\\/institutchiaribcn.com\\\/pt\\\/#website\",\"url\":\"https:\\\/\\\/institutchiaribcn.com\\\/pt\\\/\",\"name\":\"Institut Chiari de Barcelona\",\"description\":\"\",\"publisher\":{\"@id\":\"https:\\\/\\\/institutchiaribcn.com\\\/pt\\\/#organization\"},\"potentialAction\":[{\"@type\":\"SearchAction\",\"target\":{\"@type\":\"EntryPoint\",\"urlTemplate\":\"https:\\\/\\\/institutchiaribcn.com\\\/pt\\\/?s={search_term_string}\"},\"query-input\":{\"@type\":\"PropertyValueSpecification\",\"valueRequired\":true,\"valueName\":\"search_term_string\"}}],\"inLanguage\":\"pt-PT\"},{\"@type\":\"Organization\",\"@id\":\"https:\\\/\\\/institutchiaribcn.com\\\/pt\\\/#organization\",\"name\":\"Institut Chiari de Barcelona\",\"url\":\"https:\\\/\\\/institutchiaribcn.com\\\/pt\\\/\",\"logo\":{\"@type\":\"ImageObject\",\"inLanguage\":\"pt-PT\",\"@id\":\"https:\\\/\\\/institutchiaribcn.com\\\/pt\\\/#\\\/schema\\\/logo\\\/image\\\/\",\"url\":\"https:\\\/\\\/institutchiaribcn.com\\\/wp-content\\\/uploads\\\/2025\\\/10\\\/cropped-cropped-icsebNavLogo-1.png\",\"contentUrl\":\"https:\\\/\\\/institutchiaribcn.com\\\/wp-content\\\/uploads\\\/2025\\\/10\\\/cropped-cropped-icsebNavLogo-1.png\",\"width\":245,\"height\":99,\"caption\":\"Institut Chiari de Barcelona\"},\"image\":{\"@id\":\"https:\\\/\\\/institutchiaribcn.com\\\/pt\\\/#\\\/schema\\\/logo\\\/image\\\/\"}}]}<\/script>\n<!-- \/ Yoast SEO plugin. -->","yoast_head_json":{"title":"Pacientes de l\u00edngua portuguesa: comunicado essencial | ICSEB","description":"Devido a que teve lugar suplanta\u00e7\u00e3o de nossos doutores e de nosso Instituo, rogamos encarecidamente, por sua pr\u00f3pria seguridade... \u00a0 Ver mais \u2192","robots":{"index":"index","follow":"follow","max-snippet":"max-snippet:-1","max-image-preview":"max-image-preview:large","max-video-preview":"max-video-preview:-1"},"canonical":"https:\/\/institutchiaribcn.com\/pt\/aviso-importante-para-os-pacientes-de-lingua-portuguesa\/","og_locale":"pt_PT","og_type":"article","og_title":"Pacientes de l\u00edngua portuguesa: comunicado essencial | ICSEB","og_description":"Devido a que teve lugar suplanta\u00e7\u00e3o de nossos doutores e de nosso Instituo, rogamos encarecidamente, por sua pr\u00f3pria seguridade... \u00a0 Ver mais \u2192","og_url":"https:\/\/institutchiaribcn.com\/pt\/aviso-importante-para-os-pacientes-de-lingua-portuguesa\/","og_site_name":"Institut Chiari","article_modified_time":"2025-12-04T08:56:13+00:00","og_image":[{"width":200,"height":143,"url":"https:\/\/institutchiaribcn.com\/wp-content\/uploads\/2025\/06\/fab-enfermdad-filum-e1453279306327-2.jpg","type":"image\/jpeg"}],"twitter_card":"summary_large_image","twitter_misc":{"Tempo estimado de leitura":"1 minuto"},"schema":{"@context":"https:\/\/schema.org","@graph":[{"@type":"WebPage","@id":"https:\/\/institutchiaribcn.com\/pt\/aviso-importante-para-os-pacientes-de-lingua-portuguesa\/","url":"https:\/\/institutchiaribcn.com\/pt\/aviso-importante-para-os-pacientes-de-lingua-portuguesa\/","name":"Pacientes de l\u00edngua portuguesa: comunicado essencial | ICSEB","isPartOf":{"@id":"https:\/\/institutchiaribcn.com\/pt\/#website"},"primaryImageOfPage":{"@id":"https:\/\/institutchiaribcn.com\/pt\/aviso-importante-para-os-pacientes-de-lingua-portuguesa\/#primaryimage"},"image":{"@id":"https:\/\/institutchiaribcn.com\/pt\/aviso-importante-para-os-pacientes-de-lingua-portuguesa\/#primaryimage"},"thumbnailUrl":"https:\/\/institutchiaribcn.com\/wp-content\/uploads\/2025\/06\/fab-enfermdad-filum-e1453279306327-2.jpg","datePublished":"2016-01-10T23:00:00+00:00","dateModified":"2025-12-04T08:56:13+00:00","description":"Devido a que teve lugar suplanta\u00e7\u00e3o de nossos doutores e de nosso Instituo, rogamos encarecidamente, por sua pr\u00f3pria seguridade... \u00a0 Ver mais \u2192","breadcrumb":{"@id":"https:\/\/institutchiaribcn.com\/pt\/aviso-importante-para-os-pacientes-de-lingua-portuguesa\/#breadcrumb"},"inLanguage":"pt-PT","potentialAction":[{"@type":"ReadAction","target":["https:\/\/institutchiaribcn.com\/pt\/aviso-importante-para-os-pacientes-de-lingua-portuguesa\/"]}]},{"@type":"ImageObject","inLanguage":"pt-PT","@id":"https:\/\/institutchiaribcn.com\/pt\/aviso-importante-para-os-pacientes-de-lingua-portuguesa\/#primaryimage","url":"https:\/\/institutchiaribcn.com\/wp-content\/uploads\/2025\/06\/fab-enfermdad-filum-e1453279306327-2.jpg","contentUrl":"https:\/\/institutchiaribcn.com\/wp-content\/uploads\/2025\/06\/fab-enfermdad-filum-e1453279306327-2.jpg","width":200,"height":143},{"@type":"BreadcrumbList","@id":"https:\/\/institutchiaribcn.com\/pt\/aviso-importante-para-os-pacientes-de-lingua-portuguesa\/#breadcrumb","itemListElement":[{"@type":"ListItem","position":1,"name":"Portada","item":"https:\/\/institutchiaribcn.com\/pt\/"},{"@type":"ListItem","position":2,"name":"Comunicaci\u00f3n","item":"https:\/\/institutchiaribcn.com\/pt\/comunicacion\/"},{"@type":"ListItem","position":3,"name":"AVISO IMPORTANTE PARA OS PACIENTES DE L\u00cdNGUA PORTUGUESA"}]},{"@type":"WebSite","@id":"https:\/\/institutchiaribcn.com\/pt\/#website","url":"https:\/\/institutchiaribcn.com\/pt\/","name":"Institut Chiari de Barcelona","description":"","publisher":{"@id":"https:\/\/institutchiaribcn.com\/pt\/#organization"},"potentialAction":[{"@type":"SearchAction","target":{"@type":"EntryPoint","urlTemplate":"https:\/\/institutchiaribcn.com\/pt\/?s={search_term_string}"},"query-input":{"@type":"PropertyValueSpecification","valueRequired":true,"valueName":"search_term_string"}}],"inLanguage":"pt-PT"},{"@type":"Organization","@id":"https:\/\/institutchiaribcn.com\/pt\/#organization","name":"Institut Chiari de Barcelona","url":"https:\/\/institutchiaribcn.com\/pt\/","logo":{"@type":"ImageObject","inLanguage":"pt-PT","@id":"https:\/\/institutchiaribcn.com\/pt\/#\/schema\/logo\/image\/","url":"https:\/\/institutchiaribcn.com\/wp-content\/uploads\/2025\/10\/cropped-cropped-icsebNavLogo-1.png","contentUrl":"https:\/\/institutchiaribcn.com\/wp-content\/uploads\/2025\/10\/cropped-cropped-icsebNavLogo-1.png","width":245,"height":99,"caption":"Institut Chiari de Barcelona"},"image":{"@id":"https:\/\/institutchiaribcn.com\/pt\/#\/schema\/logo\/image\/"}}]}},"_links":{"self":[{"href":"https:\/\/institutchiaribcn.com\/pt\/wp-json\/wp\/v2\/comunicacion\/104185","targetHints":{"allow":["GET"]}}],"collection":[{"href":"https:\/\/institutchiaribcn.com\/pt\/wp-json\/wp\/v2\/comunicacion"}],"about":[{"href":"https:\/\/institutchiaribcn.com\/pt\/wp-json\/wp\/v2\/types\/comunicacion"}],"wp:featuredmedia":[{"embeddable":true,"href":"https:\/\/institutchiaribcn.com\/pt\/wp-json\/wp\/v2\/media\/29839"}],"wp:attachment":[{"href":"https:\/\/institutchiaribcn.com\/pt\/wp-json\/wp\/v2\/media?parent=104185"}],"wp:term":[{"taxonomy":"tipos-de-comunicacion","embeddable":true,"href":"https:\/\/institutchiaribcn.com\/pt\/wp-json\/wp\/v2\/tipos-de-comunicacion?post=104185"}],"curies":[{"name":"wp","href":"https:\/\/api.w.org\/{rel}","templated":true}]}}

AVISO IMPORTANTE PARA OS PACIENTES DE LÍNGUA PORTUGUESA

<p class="text-muted aniview centerTXT">Published by <a title="Artigos de ICSEB" href="https://institutchiaribcn.com/pt/author/anoop/" rel="author">ICSEB</a> at 11 Janeiro, 2016</p>
<p style="text-align: justify;">Devido a que teve lugar suplantação de nossos doutores e de nosso Instituo, rogamos encarecidamente, por sua própria seguridade, que as consultas médicas e de qualquer outro tipo, que realizem a través do nosso site Web, as realizem pessoalmente a través do seu correio electrónico próprio, não delegando esta comunicação a ninguém que não seja de sua completa confiança.</p>
<p style="text-align: justify;">Assim, evitaremos maus entendidos, interpretações erróneas e o que é ainda pior, a possibilidade de que pessoas que não têm nenhuma relação com nós, suplantem ações e funções muito importantes que possam repercutir a saúde dos pacientes.</p>
<p style="text-align: justify;">Adicionalmente, gostaríamos de comunicar que havíamos posto em conhecimento da autoridade competente os fatos citados, para que realize as ações de todo tipo que correspondam.</p>

<!-- This site is optimized with the Yoast SEO plugin v27.4 - https://yoast.com/product/yoast-seo-wordpress/ -->
<title>Pacientes de língua portuguesa: comunicado essencial | ICSEB</title>
<meta name="description" content="Devido a que teve lugar suplantação de nossos doutores e de nosso Instituo, rogamos encarecidamente, por sua própria seguridade...   Ver mais →" />
<meta name="robots" content="index, follow, max-snippet:-1, max-image-preview:large, max-video-preview:-1" />
<link rel="canonical" href="https://institutchiaribcn.com/pt/aviso-importante-para-os-pacientes-de-lingua-portuguesa/" />
<meta property="og:locale" content="pt_PT" />
<meta property="og:type" content="article" />
<meta property="og:title" content="Pacientes de língua portuguesa: comunicado essencial | ICSEB" />
<meta property="og:description" content="Devido a que teve lugar suplantação de nossos doutores e de nosso Instituo, rogamos encarecidamente, por sua própria seguridade...   Ver mais →" />
<meta property="og:url" content="https://institutchiaribcn.com/pt/aviso-importante-para-os-pacientes-de-lingua-portuguesa/" />
<meta property="og:site_name" content="Institut Chiari" />
<meta property="article:modified_time" content="2025-12-04T08:56:13+00:00" />
<meta property="og:image" content="https://institutchiaribcn.com/wp-content/uploads/2025/06/fab-enfermdad-filum-e1453279306327-2.jpg" />
	<meta property="og:image:width" content="200" />
	<meta property="og:image:height" content="143" />
	<meta property="og:image:type" content="image/jpeg" />
<meta name="twitter:card" content="summary_large_image" />
<meta name="twitter:label1" content="Tempo estimado de leitura" />
	<meta name="twitter:data1" content="1 minuto" />
<script type="application/ld+json" class="yoast-schema-graph">{"@context":"https:\/\/schema.org","@graph":[{"@type":"WebPage","@id":"https:\/\/institutchiaribcn.com\/pt\/aviso-importante-para-os-pacientes-de-lingua-portuguesa\/","url":"https:\/\/institutchiaribcn.com\/pt\/aviso-importante-para-os-pacientes-de-lingua-portuguesa\/","name":"Pacientes de língua portuguesa: comunicado essencial | ICSEB","isPartOf":{"@id":"https:\/\/institutchiaribcn.com\/pt\/#website"},"primaryImageOfPage":{"@id":"https:\/\/institutchiaribcn.com\/pt\/aviso-importante-para-os-pacientes-de-lingua-portuguesa\/#primaryimage"},"image":{"@id":"https:\/\/institutchiaribcn.com\/pt\/aviso-importante-para-os-pacientes-de-lingua-portuguesa\/#primaryimage"},"thumbnailUrl":"https:\/\/institutchiaribcn.com\/wp-content\/uploads\/2025\/06\/fab-enfermdad-filum-e1453279306327-2.jpg","datePublished":"2016-01-10T23:00:00+00:00","dateModified":"2025-12-04T08:56:13+00:00","description":"Devido a que teve lugar suplantação de nossos doutores e de nosso Instituo, rogamos encarecidamente, por sua própria seguridade...   Ver mais →","breadcrumb":{"@id":"https:\/\/institutchiaribcn.com\/pt\/aviso-importante-para-os-pacientes-de-lingua-portuguesa\/#breadcrumb"},"inLanguage":"pt-PT","potentialAction":[{"@type":"ReadAction","target":["https:\/\/institutchiaribcn.com\/pt\/aviso-importante-para-os-pacientes-de-lingua-portuguesa\/"]}]},{"@type":"ImageObject","inLanguage":"pt-PT","@id":"https:\/\/institutchiaribcn.com\/pt\/aviso-importante-para-os-pacientes-de-lingua-portuguesa\/#primaryimage","url":"https:\/\/institutchiaribcn.com\/wp-content\/uploads\/2025\/06\/fab-enfermdad-filum-e1453279306327-2.jpg","contentUrl":"https:\/\/institutchiaribcn.com\/wp-content\/uploads\/2025\/06\/fab-enfermdad-filum-e1453279306327-2.jpg","width":200,"height":143},{"@type":"BreadcrumbList","@id":"https:\/\/institutchiaribcn.com\/pt\/aviso-importante-para-os-pacientes-de-lingua-portuguesa\/#breadcrumb","itemListElement":[{"@type":"ListItem","position":1,"name":"Portada","item":"https:\/\/institutchiaribcn.com\/pt\/"},{"@type":"ListItem","position":2,"name":"Comunicación","item":"https:\/\/institutchiaribcn.com\/pt\/comunicacion\/"},{"@type":"ListItem","position":3,"name":"AVISO IMPORTANTE PARA OS PACIENTES DE LÍNGUA PORTUGUESA"}]},{"@type":"WebSite","@id":"https:\/\/institutchiaribcn.com\/pt\/#website","url":"https:\/\/institutchiaribcn.com\/pt\/","name":"Institut Chiari de Barcelona","description":"","publisher":{"@id":"https:\/\/institutchiaribcn.com\/pt\/#organization"},"potentialAction":[{"@type":"SearchAction","target":{"@type":"EntryPoint","urlTemplate":"https:\/\/institutchiaribcn.com\/pt\/?s={search_term_string}"},"query-input":{"@type":"PropertyValueSpecification","valueRequired":true,"valueName":"search_term_string"}}],"inLanguage":"pt-PT"},{"@type":"Organization","@id":"https:\/\/institutchiaribcn.com\/pt\/#organization","name":"Institut Chiari de Barcelona","url":"https:\/\/institutchiaribcn.com\/pt\/","logo":{"@type":"ImageObject","inLanguage":"pt-PT","@id":"https:\/\/institutchiaribcn.com\/pt\/#\/schema\/logo\/image\/","url":"https:\/\/institutchiaribcn.com\/wp-content\/uploads\/2025\/10\/cropped-cropped-icsebNavLogo-1.png","contentUrl":"https:\/\/institutchiaribcn.com\/wp-content\/uploads\/2025\/10\/cropped-cropped-icsebNavLogo-1.png","width":245,"height":99,"caption":"Institut Chiari de Barcelona"},"image":{"@id":"https:\/\/institutchiaribcn.com\/pt\/#\/schema\/logo\/image\/"}}]}</script>
<!-- / Yoast SEO plugin. -->

Pacientes de língua portuguesa: comunicado essencial | ICSEB

Devido a que teve lugar suplantação de nossos doutores e de nosso Instituo, rogamos encarecidamente, por sua própria seguridade...   Ver mais →

Comunicación
