{"id":52543,"date":"2011-12-13T00:00:43","date_gmt":"2011-12-12T23:00:43","guid":{"rendered":"https:\/\/dev.institutchiaribcn.com\/testimonios\/rodzina-asin\/"},"modified":"2026-02-25T11:26:08","modified_gmt":"2026-02-25T10:26:08","slug":"asin-family-2","status":"publish","type":"testimonios","link":"https:\/\/institutchiaribcn.com\/pl\/asin-family-2\/","title":{"rendered":"Rodzina As\u00edn."},"content":{"rendered":"<p>&nbsp;<\/p>\n<p style=\"text-align: justify;\"><strong>Data operacji: pa\u017adziernik 2000<\/strong><\/p>\n<p style=\"text-align: justify;\">Nazywam si\u0119 Sonia As\u00edn i jestem pacjentk\u0105 Dr. Royo, kokretnie numer 12.<br \/>\nMoje \u017cycie zawsze by\u0142o naznaczone\u00a0<strong>skolioz\u0105<\/strong>\u00a0kt\u00f3r\u0105 wykryto kiedy maia\u0142m 9 lat.<br \/>\nZdjagnozowano mnie poniewaz prze\u017c wiele lat skar\u017cylam si\u0119 na b\u00f3l plec\u00f3w i przez pewien okres nie by\u0142am w stanie siedzie\u0107. Moj pediatra powiedzia\u0142 ze ten problem mozna by\u0142o skorygowa\u0107 p\u0142ywaniem i p\u0142ywa\u0142am ale w wieku 18 lat soklioza krzy\u017cowa wynosi\u0142a 48 \u00ba a l\u0119dzwiowa 50\u00ba.<br \/>\nWtedy w\u0142asnie mia\u0142am wielkie szcz\u0119\u015bcie pozna\u0107 Dr. Royo i od poczatku mu zaufa\u0142am. Wszystko to co mi m\u00f3wil wydawa\u0142o sie sp\u00f3jne \u00ed logiczne.<br \/>\nPami\u0119tam \u017ce podczas pierwszej wizyty zada\u0142 mi znacz\u0105ce dla mnie pytanie: Jakie s\u0105 moje dolegliwo\u015bci?. Wtedy po raz pierwszy lekarz zrozumia\u0142 co oznacza\u0142o mie\u0107 dolegliwo\u015bci zwiaz\u0105ne ze skoliz\u0105. Rozumia\u0142 ze skrzywienie kr\u0119gos\u0142upa powoduje permanentne b\u00f3le szyjne i l\u0119dzwiowe, dr\u0119twienie cia\u0142a, r\u0105k i stop\u2026<br \/>\nKiedy postanowi\u0142am sie zoperowa\u0107 w 1999 roku, wiedzia\u0142am ze przede mna zoperowa\u0142o sie tylko 11 osob ze po operacji b\u0119d\u0119 musia\u0142a le\u017ce\u0107 ok 10 dni, ale nie ba\u0142am sie bo by\u0142am w najlepszych r\u0119kach.<br \/>\nKiedy sie obudzi\u0142am Dr. Royo wyjasni\u0142 mi ze operacja sie uda\u0142a poniewa\u017c m\u00f3g\u0142 u\u017cy\u0107 swoja nowa technike sekcji filum terminale tak ze juz nastepnego dnia mog\u0142am podnie\u015b\u0107 si\u0119 z l\u00f3\u017cka. i tak tez sie stalo, nastepnego dnia wstalam a po 3 dnaich wrocilam do domu.<br \/>\nPo operacji wiele dolegliwosci znikne\u0142o, skoklioza poprawia\u0142a sie o 10\u00ba w kazdym zgi\u0119ciu.<br \/>\nZa to dziekuje Dr. Royo. 12 lat p\u00f3zniej nie mia\u0142am zadnych watpliwo\u015bci co do tego zeby odda\u0107 moja c\u00f3rke w jego r\u0119ce ( zoperowana w pa\u017adzierniku 2011). Z ca\u0142ego serca dzi\u0119kuj\u0119 za badania i walke aby pomaga\u0107 chorym takim jak moja c\u00f3rka i ja.<\/p>\n","protected":false},"featured_media":0,"template":"","tipos-de-testimonio":[350],"class_list":["post-52543","testimonios","type-testimonios","status-publish","hentry","tipos-de-testimonio-historie-rodzinne"],"yoast_head":"<!-- This site is optimized with the Yoast SEO plugin v27.4 - https:\/\/yoast.com\/product\/yoast-seo-wordpress\/ -->\n<title>Rodzina As\u00edn: historia leczenia skoliozy i poprawy | ICSEB<\/title>\n<meta name=\"description\" content=\"Rodzina As\u00edn opisuje walk\u0119 ze skolioz\u0105, leczenie operacyjne u Dr. Royo i popraw\u0119 jako\u015bci \u017cycia po zabiegu przeprowadzonym w ICSEB.\" \/>\n<meta name=\"robots\" content=\"index, follow, max-snippet:-1, max-image-preview:large, max-video-preview:-1\" \/>\n<link rel=\"canonical\" href=\"https:\/\/institutchiaribcn.com\/pl\/asin-family-2\/\" \/>\n<meta property=\"og:locale\" content=\"pl_PL\" \/>\n<meta property=\"og:type\" content=\"article\" \/>\n<meta property=\"og:title\" content=\"Rodzina As\u00edn: historia leczenia skoliozy i poprawy | ICSEB\" \/>\n<meta property=\"og:description\" content=\"Rodzina As\u00edn opisuje walk\u0119 ze skolioz\u0105, leczenie operacyjne u Dr. Royo i popraw\u0119 jako\u015bci \u017cycia po zabiegu przeprowadzonym w ICSEB.\" \/>\n<meta property=\"og:url\" content=\"https:\/\/institutchiaribcn.com\/pl\/asin-family-2\/\" \/>\n<meta property=\"og:site_name\" content=\"Institut Chiari\" \/>\n<meta property=\"article:modified_time\" content=\"2026-02-25T10:26:08+00:00\" \/>\n<meta name=\"twitter:card\" content=\"summary_large_image\" \/>\n<meta name=\"twitter:label1\" content=\"Szacowany czas czytania\" \/>\n\t<meta name=\"twitter:data1\" content=\"2 minuty\" \/>\n<script type=\"application\/ld+json\" class=\"yoast-schema-graph\">{\"@context\":\"https:\\\/\\\/schema.org\",\"@graph\":[{\"@type\":\"WebPage\",\"@id\":\"https:\\\/\\\/institutchiaribcn.com\\\/pl\\\/asin-family-2\\\/\",\"url\":\"https:\\\/\\\/institutchiaribcn.com\\\/pl\\\/asin-family-2\\\/\",\"name\":\"Rodzina As\u00edn: historia leczenia skoliozy i poprawy | ICSEB\",\"isPartOf\":{\"@id\":\"https:\\\/\\\/institutchiaribcn.com\\\/pl\\\/#website\"},\"datePublished\":\"2011-12-12T23:00:43+00:00\",\"dateModified\":\"2026-02-25T10:26:08+00:00\",\"description\":\"Rodzina As\u00edn opisuje walk\u0119 ze skolioz\u0105, leczenie operacyjne u Dr. Royo i popraw\u0119 jako\u015bci \u017cycia po zabiegu przeprowadzonym w ICSEB.\",\"breadcrumb\":{\"@id\":\"https:\\\/\\\/institutchiaribcn.com\\\/pl\\\/asin-family-2\\\/#breadcrumb\"},\"inLanguage\":\"pl-PL\",\"potentialAction\":[{\"@type\":\"ReadAction\",\"target\":[\"https:\\\/\\\/institutchiaribcn.com\\\/pl\\\/asin-family-2\\\/\"]}]},{\"@type\":\"BreadcrumbList\",\"@id\":\"https:\\\/\\\/institutchiaribcn.com\\\/pl\\\/asin-family-2\\\/#breadcrumb\",\"itemListElement\":[{\"@type\":\"ListItem\",\"position\":1,\"name\":\"Portada\",\"item\":\"https:\\\/\\\/institutchiaribcn.com\\\/pl\\\/\"},{\"@type\":\"ListItem\",\"position\":2,\"name\":\"Testimonios\",\"item\":\"https:\\\/\\\/institutchiaribcn.com\\\/pl\\\/testimonios\\\/\"},{\"@type\":\"ListItem\",\"position\":3,\"name\":\"Rodzina As\u00edn.\"}]},{\"@type\":\"WebSite\",\"@id\":\"https:\\\/\\\/institutchiaribcn.com\\\/pl\\\/#website\",\"url\":\"https:\\\/\\\/institutchiaribcn.com\\\/pl\\\/\",\"name\":\"Institut Chiari de Barcelona\",\"description\":\"\",\"publisher\":{\"@id\":\"https:\\\/\\\/institutchiaribcn.com\\\/pl\\\/#organization\"},\"potentialAction\":[{\"@type\":\"SearchAction\",\"target\":{\"@type\":\"EntryPoint\",\"urlTemplate\":\"https:\\\/\\\/institutchiaribcn.com\\\/pl\\\/?s={search_term_string}\"},\"query-input\":{\"@type\":\"PropertyValueSpecification\",\"valueRequired\":true,\"valueName\":\"search_term_string\"}}],\"inLanguage\":\"pl-PL\"},{\"@type\":\"Organization\",\"@id\":\"https:\\\/\\\/institutchiaribcn.com\\\/pl\\\/#organization\",\"name\":\"Institut Chiari de Barcelona\",\"url\":\"https:\\\/\\\/institutchiaribcn.com\\\/pl\\\/\",\"logo\":{\"@type\":\"ImageObject\",\"inLanguage\":\"pl-PL\",\"@id\":\"https:\\\/\\\/institutchiaribcn.com\\\/pl\\\/#\\\/schema\\\/logo\\\/image\\\/\",\"url\":\"https:\\\/\\\/institutchiaribcn.com\\\/wp-content\\\/uploads\\\/2025\\\/10\\\/cropped-cropped-icsebNavLogo-1.png\",\"contentUrl\":\"https:\\\/\\\/institutchiaribcn.com\\\/wp-content\\\/uploads\\\/2025\\\/10\\\/cropped-cropped-icsebNavLogo-1.png\",\"width\":245,\"height\":99,\"caption\":\"Institut Chiari de Barcelona\"},\"image\":{\"@id\":\"https:\\\/\\\/institutchiaribcn.com\\\/pl\\\/#\\\/schema\\\/logo\\\/image\\\/\"}}]}<\/script>\n<!-- \/ Yoast SEO plugin. -->","yoast_head_json":{"title":"Rodzina As\u00edn: historia leczenia skoliozy i poprawy | ICSEB","description":"Rodzina As\u00edn opisuje walk\u0119 ze skolioz\u0105, leczenie operacyjne u Dr. Royo i popraw\u0119 jako\u015bci \u017cycia po zabiegu przeprowadzonym w ICSEB.","robots":{"index":"index","follow":"follow","max-snippet":"max-snippet:-1","max-image-preview":"max-image-preview:large","max-video-preview":"max-video-preview:-1"},"canonical":"https:\/\/institutchiaribcn.com\/pl\/asin-family-2\/","og_locale":"pl_PL","og_type":"article","og_title":"Rodzina As\u00edn: historia leczenia skoliozy i poprawy | ICSEB","og_description":"Rodzina As\u00edn opisuje walk\u0119 ze skolioz\u0105, leczenie operacyjne u Dr. Royo i popraw\u0119 jako\u015bci \u017cycia po zabiegu przeprowadzonym w ICSEB.","og_url":"https:\/\/institutchiaribcn.com\/pl\/asin-family-2\/","og_site_name":"Institut Chiari","article_modified_time":"2026-02-25T10:26:08+00:00","twitter_card":"summary_large_image","twitter_misc":{"Szacowany czas czytania":"2 minuty"},"schema":{"@context":"https:\/\/schema.org","@graph":[{"@type":"WebPage","@id":"https:\/\/institutchiaribcn.com\/pl\/asin-family-2\/","url":"https:\/\/institutchiaribcn.com\/pl\/asin-family-2\/","name":"Rodzina As\u00edn: historia leczenia skoliozy i poprawy | ICSEB","isPartOf":{"@id":"https:\/\/institutchiaribcn.com\/pl\/#website"},"datePublished":"2011-12-12T23:00:43+00:00","dateModified":"2026-02-25T10:26:08+00:00","description":"Rodzina As\u00edn opisuje walk\u0119 ze skolioz\u0105, leczenie operacyjne u Dr. Royo i popraw\u0119 jako\u015bci \u017cycia po zabiegu przeprowadzonym w ICSEB.","breadcrumb":{"@id":"https:\/\/institutchiaribcn.com\/pl\/asin-family-2\/#breadcrumb"},"inLanguage":"pl-PL","potentialAction":[{"@type":"ReadAction","target":["https:\/\/institutchiaribcn.com\/pl\/asin-family-2\/"]}]},{"@type":"BreadcrumbList","@id":"https:\/\/institutchiaribcn.com\/pl\/asin-family-2\/#breadcrumb","itemListElement":[{"@type":"ListItem","position":1,"name":"Portada","item":"https:\/\/institutchiaribcn.com\/pl\/"},{"@type":"ListItem","position":2,"name":"Testimonios","item":"https:\/\/institutchiaribcn.com\/pl\/testimonios\/"},{"@type":"ListItem","position":3,"name":"Rodzina As\u00edn."}]},{"@type":"WebSite","@id":"https:\/\/institutchiaribcn.com\/pl\/#website","url":"https:\/\/institutchiaribcn.com\/pl\/","name":"Institut Chiari de Barcelona","description":"","publisher":{"@id":"https:\/\/institutchiaribcn.com\/pl\/#organization"},"potentialAction":[{"@type":"SearchAction","target":{"@type":"EntryPoint","urlTemplate":"https:\/\/institutchiaribcn.com\/pl\/?s={search_term_string}"},"query-input":{"@type":"PropertyValueSpecification","valueRequired":true,"valueName":"search_term_string"}}],"inLanguage":"pl-PL"},{"@type":"Organization","@id":"https:\/\/institutchiaribcn.com\/pl\/#organization","name":"Institut Chiari de Barcelona","url":"https:\/\/institutchiaribcn.com\/pl\/","logo":{"@type":"ImageObject","inLanguage":"pl-PL","@id":"https:\/\/institutchiaribcn.com\/pl\/#\/schema\/logo\/image\/","url":"https:\/\/institutchiaribcn.com\/wp-content\/uploads\/2025\/10\/cropped-cropped-icsebNavLogo-1.png","contentUrl":"https:\/\/institutchiaribcn.com\/wp-content\/uploads\/2025\/10\/cropped-cropped-icsebNavLogo-1.png","width":245,"height":99,"caption":"Institut Chiari de Barcelona"},"image":{"@id":"https:\/\/institutchiaribcn.com\/pl\/#\/schema\/logo\/image\/"}}]}},"_links":{"self":[{"href":"https:\/\/institutchiaribcn.com\/pl\/wp-json\/wp\/v2\/testimonios\/52543","targetHints":{"allow":["GET"]}}],"collection":[{"href":"https:\/\/institutchiaribcn.com\/pl\/wp-json\/wp\/v2\/testimonios"}],"about":[{"href":"https:\/\/institutchiaribcn.com\/pl\/wp-json\/wp\/v2\/types\/testimonios"}],"wp:attachment":[{"href":"https:\/\/institutchiaribcn.com\/pl\/wp-json\/wp\/v2\/media?parent=52543"}],"wp:term":[{"taxonomy":"tipos-de-testimonio","embeddable":true,"href":"https:\/\/institutchiaribcn.com\/pl\/wp-json\/wp\/v2\/tipos-de-testimonio?post=52543"}],"curies":[{"name":"wp","href":"https:\/\/api.w.org\/{rel}","templated":true}]}}

Rodzina Asín.

<p>&nbsp;</p>
<p style="text-align: justify;"><strong>Data operacji: październik 2000</strong></p>
<p style="text-align: justify;">Nazywam się Sonia Asín i jestem pacjentką Dr. Royo, kokretnie numer 12.<br />
Moje życie zawsze było naznaczone <strong>skoliozą</strong> którą wykryto kiedy maiałm 9 lat.<br />
Zdjagnozowano mnie poniewaz przeż wiele lat skarżylam się na ból pleców i przez pewien okres nie byłam w stanie siedzieć. Moj pediatra powiedział ze ten problem mozna było skorygować pływaniem i pływałam ale w wieku 18 lat soklioza krzyżowa wynosiła 48 º a lędzwiowa 50º.<br />
Wtedy własnie miałam wielkie szczęście poznać Dr. Royo i od poczatku mu zaufałam. Wszystko to co mi mówil wydawało sie spójne í logiczne.<br />
Pamiętam że podczas pierwszej wizyty zadał mi znaczące dla mnie pytanie: Jakie są moje dolegliwości?. Wtedy po raz pierwszy lekarz zrozumiał co oznaczało mieć dolegliwości zwiaząne ze skolizą. Rozumiał ze skrzywienie kręgosłupa powoduje permanentne bóle szyjne i lędzwiowe, drętwienie ciała, rąk i stop…<br />
Kiedy postanowiłam sie zoperować w 1999 roku, wiedziałam ze przede mna zoperowało sie tylko 11 osob ze po operacji będę musiała leżeć ok 10 dni, ale nie bałam sie bo byłam w najlepszych rękach.<br />
Kiedy sie obudziłam Dr. Royo wyjasnił mi ze operacja sie udała ponieważ mógł użyć swoja nowa technike sekcji filum terminale tak ze juz nastepnego dnia mogłam podnieść się z lóżka. i tak tez sie stalo, nastepnego dnia wstalam a po 3 dnaich wrocilam do domu.<br />
Po operacji wiele dolegliwosci znikneło, skoklioza poprawiała sie o 10º w kazdym zgięciu.<br />
Za to dziekuje Dr. Royo. 12 lat pózniej nie miałam zadnych watpliwości co do tego zeby oddać moja córke w jego ręce ( zoperowana w październiku 2011). Z całego serca dziękuję za badania i walke aby pomagać chorym takim jak moja córka i ja.</p>

<!-- This site is optimized with the Yoast SEO plugin v27.4 - https://yoast.com/product/yoast-seo-wordpress/ -->
<title>Rodzina Asín: historia leczenia skoliozy i poprawy | ICSEB</title>
<meta name="description" content="Rodzina Asín opisuje walkę ze skoliozą, leczenie operacyjne u Dr. Royo i poprawę jakości życia po zabiegu przeprowadzonym w ICSEB." />
<meta name="robots" content="index, follow, max-snippet:-1, max-image-preview:large, max-video-preview:-1" />
<link rel="canonical" href="https://institutchiaribcn.com/pl/asin-family-2/" />
<meta property="og:locale" content="pl_PL" />
<meta property="og:type" content="article" />
<meta property="og:title" content="Rodzina Asín: historia leczenia skoliozy i poprawy | ICSEB" />
<meta property="og:description" content="Rodzina Asín opisuje walkę ze skoliozą, leczenie operacyjne u Dr. Royo i poprawę jakości życia po zabiegu przeprowadzonym w ICSEB." />
<meta property="og:url" content="https://institutchiaribcn.com/pl/asin-family-2/" />
<meta property="og:site_name" content="Institut Chiari" />
<meta property="article:modified_time" content="2026-02-25T10:26:08+00:00" />
<meta name="twitter:card" content="summary_large_image" />
<meta name="twitter:label1" content="Szacowany czas czytania" />
	<meta name="twitter:data1" content="2 minuty" />
<script type="application/ld+json" class="yoast-schema-graph">{"@context":"https:\/\/schema.org","@graph":[{"@type":"WebPage","@id":"https:\/\/institutchiaribcn.com\/pl\/asin-family-2\/","url":"https:\/\/institutchiaribcn.com\/pl\/asin-family-2\/","name":"Rodzina Asín: historia leczenia skoliozy i poprawy | ICSEB","isPartOf":{"@id":"https:\/\/institutchiaribcn.com\/pl\/#website"},"datePublished":"2011-12-12T23:00:43+00:00","dateModified":"2026-02-25T10:26:08+00:00","description":"Rodzina Asín opisuje walkę ze skoliozą, leczenie operacyjne u Dr. Royo i poprawę jakości życia po zabiegu przeprowadzonym w ICSEB.","breadcrumb":{"@id":"https:\/\/institutchiaribcn.com\/pl\/asin-family-2\/#breadcrumb"},"inLanguage":"pl-PL","potentialAction":[{"@type":"ReadAction","target":["https:\/\/institutchiaribcn.com\/pl\/asin-family-2\/"]}]},{"@type":"BreadcrumbList","@id":"https:\/\/institutchiaribcn.com\/pl\/asin-family-2\/#breadcrumb","itemListElement":[{"@type":"ListItem","position":1,"name":"Portada","item":"https:\/\/institutchiaribcn.com\/pl\/"},{"@type":"ListItem","position":2,"name":"Testimonios","item":"https:\/\/institutchiaribcn.com\/pl\/testimonios\/"},{"@type":"ListItem","position":3,"name":"Rodzina Asín."}]},{"@type":"WebSite","@id":"https:\/\/institutchiaribcn.com\/pl\/#website","url":"https:\/\/institutchiaribcn.com\/pl\/","name":"Institut Chiari de Barcelona","description":"","publisher":{"@id":"https:\/\/institutchiaribcn.com\/pl\/#organization"},"potentialAction":[{"@type":"SearchAction","target":{"@type":"EntryPoint","urlTemplate":"https:\/\/institutchiaribcn.com\/pl\/?s={search_term_string}"},"query-input":{"@type":"PropertyValueSpecification","valueRequired":true,"valueName":"search_term_string"}}],"inLanguage":"pl-PL"},{"@type":"Organization","@id":"https:\/\/institutchiaribcn.com\/pl\/#organization","name":"Institut Chiari de Barcelona","url":"https:\/\/institutchiaribcn.com\/pl\/","logo":{"@type":"ImageObject","inLanguage":"pl-PL","@id":"https:\/\/institutchiaribcn.com\/pl\/#\/schema\/logo\/image\/","url":"https:\/\/institutchiaribcn.com\/wp-content\/uploads\/2025\/10\/cropped-cropped-icsebNavLogo-1.png","contentUrl":"https:\/\/institutchiaribcn.com\/wp-content\/uploads\/2025\/10\/cropped-cropped-icsebNavLogo-1.png","width":245,"height":99,"caption":"Institut Chiari de Barcelona"},"image":{"@id":"https:\/\/institutchiaribcn.com\/pl\/#\/schema\/logo\/image\/"}}]}</script>
<!-- / Yoast SEO plugin. -->

Rodzina Asín: historia leczenia skoliozy i poprawy | ICSEB

Rodzina Asín opisuje walkę ze skoliozą, leczenie operacyjne u Dr. Royo i poprawę jakości życia po zabiegu przeprowadzonym w ICSEB.
