{"id":99098,"date":"2015-10-09T00:00:00","date_gmt":"2015-10-08T22:00:00","guid":{"rendered":"https:\/\/dev.institutchiaribcn.com\/comunicacion\/swieto-narodowe-8\/"},"modified":"2026-04-02T10:31:13","modified_gmt":"2026-04-02T08:31:13","slug":"national-holiday-announcement","status":"publish","type":"comunicacion","link":"https:\/\/institutchiaribcn.com\/pl\/national-holiday-announcement\/","title":{"rendered":"\u015awi\u0119to Narodowe"},"content":{"rendered":"<p class=\"text-muted aniview centerTXT\">Published by\u00a0<a title=\"Entradas de ICSEB\" href=\"https:\/\/institutchiaribcn.com\/pl\/author\/anoop\/\" rel=\"author\">ICSEB<\/a>\u00a0at 9 octubre, 2015<\/p>\n<p>&nbsp;<\/p>\n<div class=\"col-md-6\">\n<p><strong>Dnia 12 pa\u017adziernika<\/strong>\u00a0Institut Chiari &amp; Siringomielia &amp; Escoliosis w Barcelonie, z powodu \u015bwi\u0119ta narodowego.<\/p>\n<\/div>\n<div class=\"col-md-6\">\n<div align=\"center\"><img fetchpriority=\"high\" decoding=\"async\" class=\"aligncenter size-full wp-image-3808\" src=\"https:\/\/institutchiaribcn.com\/wp-content\/uploads\/2015\/11\/National-Holiday.png\" alt=\"National Holiday\" width=\"214\" height=\"250\" \/><\/div>\n<\/div>\n","protected":false},"featured_media":99099,"template":"","tipos-de-comunicacion":[530],"class_list":["post-99098","comunicacion","type-comunicacion","status-publish","has-post-thumbnail","hentry","tipos-de-comunicacion-komunikaty"],"yoast_head":"<!-- This site is optimized with the Yoast SEO plugin v27.4 - https:\/\/yoast.com\/product\/yoast-seo-wordpress\/ -->\n<title>\u015awi\u0119ta narodowe 2024 | Institut Chiari Barcelona<\/title>\n<meta name=\"description\" content=\"Dnia 12 pa\u017adziernika\u00a0Institut Chiari &amp; Siringomielia &amp; Escoliosis w Barcelonie, z powodu \u015bwi\u0119ta narodowego.\" \/>\n<meta name=\"robots\" content=\"index, follow, max-snippet:-1, max-image-preview:large, max-video-preview:-1\" \/>\n<link rel=\"canonical\" href=\"https:\/\/institutchiaribcn.com\/pl\/national-holiday-announcement\/\" \/>\n<meta property=\"og:locale\" content=\"pl_PL\" \/>\n<meta property=\"og:type\" content=\"article\" \/>\n<meta property=\"og:title\" content=\"\u015awi\u0119ta narodowe 2024 | Institut Chiari Barcelona\" \/>\n<meta property=\"og:description\" content=\"Dnia 12 pa\u017adziernika\u00a0Institut Chiari &amp; Siringomielia &amp; Escoliosis w Barcelonie, z powodu \u015bwi\u0119ta narodowego.\" \/>\n<meta property=\"og:url\" content=\"https:\/\/institutchiaribcn.com\/pl\/national-holiday-announcement\/\" \/>\n<meta property=\"og:site_name\" content=\"Institut Chiari\" \/>\n<meta property=\"article:modified_time\" content=\"2026-04-02T08:31:13+00:00\" \/>\n<meta property=\"og:image\" content=\"https:\/\/institutchiaribcn.com\/wp-content\/uploads\/2025\/10\/National-Holiday.png\" \/>\n\t<meta property=\"og:image:width\" content=\"214\" \/>\n\t<meta property=\"og:image:height\" content=\"250\" \/>\n\t<meta property=\"og:image:type\" content=\"image\/png\" \/>\n<meta name=\"twitter:card\" content=\"summary_large_image\" \/>\n<meta name=\"twitter:label1\" content=\"Szacowany czas czytania\" \/>\n\t<meta name=\"twitter:data1\" content=\"1 minuta\" \/>\n<script type=\"application\/ld+json\" class=\"yoast-schema-graph\">{\"@context\":\"https:\\\/\\\/schema.org\",\"@graph\":[{\"@type\":\"WebPage\",\"@id\":\"https:\\\/\\\/institutchiaribcn.com\\\/pl\\\/national-holiday-announcement\\\/\",\"url\":\"https:\\\/\\\/institutchiaribcn.com\\\/pl\\\/national-holiday-announcement\\\/\",\"name\":\"\u015awi\u0119ta narodowe 2024 | Institut Chiari Barcelona\",\"isPartOf\":{\"@id\":\"https:\\\/\\\/institutchiaribcn.com\\\/pl\\\/#website\"},\"primaryImageOfPage\":{\"@id\":\"https:\\\/\\\/institutchiaribcn.com\\\/pl\\\/national-holiday-announcement\\\/#primaryimage\"},\"image\":{\"@id\":\"https:\\\/\\\/institutchiaribcn.com\\\/pl\\\/national-holiday-announcement\\\/#primaryimage\"},\"thumbnailUrl\":\"https:\\\/\\\/institutchiaribcn.com\\\/wp-content\\\/uploads\\\/2025\\\/10\\\/National-Holiday.png\",\"datePublished\":\"2015-10-08T22:00:00+00:00\",\"dateModified\":\"2026-04-02T08:31:13+00:00\",\"description\":\"Dnia 12 pa\u017adziernika\u00a0Institut Chiari & Siringomielia & Escoliosis w Barcelonie, z powodu \u015bwi\u0119ta narodowego.\",\"breadcrumb\":{\"@id\":\"https:\\\/\\\/institutchiaribcn.com\\\/pl\\\/national-holiday-announcement\\\/#breadcrumb\"},\"inLanguage\":\"pl-PL\",\"potentialAction\":[{\"@type\":\"ReadAction\",\"target\":[\"https:\\\/\\\/institutchiaribcn.com\\\/pl\\\/national-holiday-announcement\\\/\"]}]},{\"@type\":\"ImageObject\",\"inLanguage\":\"pl-PL\",\"@id\":\"https:\\\/\\\/institutchiaribcn.com\\\/pl\\\/national-holiday-announcement\\\/#primaryimage\",\"url\":\"https:\\\/\\\/institutchiaribcn.com\\\/wp-content\\\/uploads\\\/2025\\\/10\\\/National-Holiday.png\",\"contentUrl\":\"https:\\\/\\\/institutchiaribcn.com\\\/wp-content\\\/uploads\\\/2025\\\/10\\\/National-Holiday.png\",\"width\":214,\"height\":250},{\"@type\":\"BreadcrumbList\",\"@id\":\"https:\\\/\\\/institutchiaribcn.com\\\/pl\\\/national-holiday-announcement\\\/#breadcrumb\",\"itemListElement\":[{\"@type\":\"ListItem\",\"position\":1,\"name\":\"Portada\",\"item\":\"https:\\\/\\\/institutchiaribcn.com\\\/pl\\\/\"},{\"@type\":\"ListItem\",\"position\":2,\"name\":\"Comunicaci\u00f3n\",\"item\":\"https:\\\/\\\/institutchiaribcn.com\\\/pl\\\/comunicacion\\\/\"},{\"@type\":\"ListItem\",\"position\":3,\"name\":\"\u015awi\u0119to Narodowe\"}]},{\"@type\":\"WebSite\",\"@id\":\"https:\\\/\\\/institutchiaribcn.com\\\/pl\\\/#website\",\"url\":\"https:\\\/\\\/institutchiaribcn.com\\\/pl\\\/\",\"name\":\"Institut Chiari de Barcelona\",\"description\":\"\",\"publisher\":{\"@id\":\"https:\\\/\\\/institutchiaribcn.com\\\/pl\\\/#organization\"},\"potentialAction\":[{\"@type\":\"SearchAction\",\"target\":{\"@type\":\"EntryPoint\",\"urlTemplate\":\"https:\\\/\\\/institutchiaribcn.com\\\/pl\\\/?s={search_term_string}\"},\"query-input\":{\"@type\":\"PropertyValueSpecification\",\"valueRequired\":true,\"valueName\":\"search_term_string\"}}],\"inLanguage\":\"pl-PL\"},{\"@type\":\"Organization\",\"@id\":\"https:\\\/\\\/institutchiaribcn.com\\\/pl\\\/#organization\",\"name\":\"Institut Chiari de Barcelona\",\"url\":\"https:\\\/\\\/institutchiaribcn.com\\\/pl\\\/\",\"logo\":{\"@type\":\"ImageObject\",\"inLanguage\":\"pl-PL\",\"@id\":\"https:\\\/\\\/institutchiaribcn.com\\\/pl\\\/#\\\/schema\\\/logo\\\/image\\\/\",\"url\":\"https:\\\/\\\/institutchiaribcn.com\\\/wp-content\\\/uploads\\\/2025\\\/10\\\/cropped-cropped-icsebNavLogo-1.png\",\"contentUrl\":\"https:\\\/\\\/institutchiaribcn.com\\\/wp-content\\\/uploads\\\/2025\\\/10\\\/cropped-cropped-icsebNavLogo-1.png\",\"width\":245,\"height\":99,\"caption\":\"Institut Chiari de Barcelona\"},\"image\":{\"@id\":\"https:\\\/\\\/institutchiaribcn.com\\\/pl\\\/#\\\/schema\\\/logo\\\/image\\\/\"}}]}<\/script>\n<!-- \/ Yoast SEO plugin. -->","yoast_head_json":{"title":"\u015awi\u0119ta narodowe 2024 | Institut Chiari Barcelona","description":"Dnia 12 pa\u017adziernika\u00a0Institut Chiari & Siringomielia & Escoliosis w Barcelonie, z powodu \u015bwi\u0119ta narodowego.","robots":{"index":"index","follow":"follow","max-snippet":"max-snippet:-1","max-image-preview":"max-image-preview:large","max-video-preview":"max-video-preview:-1"},"canonical":"https:\/\/institutchiaribcn.com\/pl\/national-holiday-announcement\/","og_locale":"pl_PL","og_type":"article","og_title":"\u015awi\u0119ta narodowe 2024 | Institut Chiari Barcelona","og_description":"Dnia 12 pa\u017adziernika\u00a0Institut Chiari & Siringomielia & Escoliosis w Barcelonie, z powodu \u015bwi\u0119ta narodowego.","og_url":"https:\/\/institutchiaribcn.com\/pl\/national-holiday-announcement\/","og_site_name":"Institut Chiari","article_modified_time":"2026-04-02T08:31:13+00:00","og_image":[{"width":214,"height":250,"url":"https:\/\/institutchiaribcn.com\/wp-content\/uploads\/2025\/10\/National-Holiday.png","type":"image\/png"}],"twitter_card":"summary_large_image","twitter_misc":{"Szacowany czas czytania":"1 minuta"},"schema":{"@context":"https:\/\/schema.org","@graph":[{"@type":"WebPage","@id":"https:\/\/institutchiaribcn.com\/pl\/national-holiday-announcement\/","url":"https:\/\/institutchiaribcn.com\/pl\/national-holiday-announcement\/","name":"\u015awi\u0119ta narodowe 2024 | Institut Chiari Barcelona","isPartOf":{"@id":"https:\/\/institutchiaribcn.com\/pl\/#website"},"primaryImageOfPage":{"@id":"https:\/\/institutchiaribcn.com\/pl\/national-holiday-announcement\/#primaryimage"},"image":{"@id":"https:\/\/institutchiaribcn.com\/pl\/national-holiday-announcement\/#primaryimage"},"thumbnailUrl":"https:\/\/institutchiaribcn.com\/wp-content\/uploads\/2025\/10\/National-Holiday.png","datePublished":"2015-10-08T22:00:00+00:00","dateModified":"2026-04-02T08:31:13+00:00","description":"Dnia 12 pa\u017adziernika\u00a0Institut Chiari & Siringomielia & Escoliosis w Barcelonie, z powodu \u015bwi\u0119ta narodowego.","breadcrumb":{"@id":"https:\/\/institutchiaribcn.com\/pl\/national-holiday-announcement\/#breadcrumb"},"inLanguage":"pl-PL","potentialAction":[{"@type":"ReadAction","target":["https:\/\/institutchiaribcn.com\/pl\/national-holiday-announcement\/"]}]},{"@type":"ImageObject","inLanguage":"pl-PL","@id":"https:\/\/institutchiaribcn.com\/pl\/national-holiday-announcement\/#primaryimage","url":"https:\/\/institutchiaribcn.com\/wp-content\/uploads\/2025\/10\/National-Holiday.png","contentUrl":"https:\/\/institutchiaribcn.com\/wp-content\/uploads\/2025\/10\/National-Holiday.png","width":214,"height":250},{"@type":"BreadcrumbList","@id":"https:\/\/institutchiaribcn.com\/pl\/national-holiday-announcement\/#breadcrumb","itemListElement":[{"@type":"ListItem","position":1,"name":"Portada","item":"https:\/\/institutchiaribcn.com\/pl\/"},{"@type":"ListItem","position":2,"name":"Comunicaci\u00f3n","item":"https:\/\/institutchiaribcn.com\/pl\/comunicacion\/"},{"@type":"ListItem","position":3,"name":"\u015awi\u0119to Narodowe"}]},{"@type":"WebSite","@id":"https:\/\/institutchiaribcn.com\/pl\/#website","url":"https:\/\/institutchiaribcn.com\/pl\/","name":"Institut Chiari de Barcelona","description":"","publisher":{"@id":"https:\/\/institutchiaribcn.com\/pl\/#organization"},"potentialAction":[{"@type":"SearchAction","target":{"@type":"EntryPoint","urlTemplate":"https:\/\/institutchiaribcn.com\/pl\/?s={search_term_string}"},"query-input":{"@type":"PropertyValueSpecification","valueRequired":true,"valueName":"search_term_string"}}],"inLanguage":"pl-PL"},{"@type":"Organization","@id":"https:\/\/institutchiaribcn.com\/pl\/#organization","name":"Institut Chiari de Barcelona","url":"https:\/\/institutchiaribcn.com\/pl\/","logo":{"@type":"ImageObject","inLanguage":"pl-PL","@id":"https:\/\/institutchiaribcn.com\/pl\/#\/schema\/logo\/image\/","url":"https:\/\/institutchiaribcn.com\/wp-content\/uploads\/2025\/10\/cropped-cropped-icsebNavLogo-1.png","contentUrl":"https:\/\/institutchiaribcn.com\/wp-content\/uploads\/2025\/10\/cropped-cropped-icsebNavLogo-1.png","width":245,"height":99,"caption":"Institut Chiari de Barcelona"},"image":{"@id":"https:\/\/institutchiaribcn.com\/pl\/#\/schema\/logo\/image\/"}}]}},"_links":{"self":[{"href":"https:\/\/institutchiaribcn.com\/pl\/wp-json\/wp\/v2\/comunicacion\/99098","targetHints":{"allow":["GET"]}}],"collection":[{"href":"https:\/\/institutchiaribcn.com\/pl\/wp-json\/wp\/v2\/comunicacion"}],"about":[{"href":"https:\/\/institutchiaribcn.com\/pl\/wp-json\/wp\/v2\/types\/comunicacion"}],"wp:featuredmedia":[{"embeddable":true,"href":"https:\/\/institutchiaribcn.com\/pl\/wp-json\/wp\/v2\/media\/99099"}],"wp:attachment":[{"href":"https:\/\/institutchiaribcn.com\/pl\/wp-json\/wp\/v2\/media?parent=99098"}],"wp:term":[{"taxonomy":"tipos-de-comunicacion","embeddable":true,"href":"https:\/\/institutchiaribcn.com\/pl\/wp-json\/wp\/v2\/tipos-de-comunicacion?post=99098"}],"curies":[{"name":"wp","href":"https:\/\/api.w.org\/{rel}","templated":true}]}}

Święto Narodowe

<p class="text-muted aniview centerTXT">Published by <a title="Entradas de ICSEB" href="https://institutchiaribcn.com/pl/author/anoop/" rel="author">ICSEB</a> at 9 octubre, 2015</p>
<p>&nbsp;</p>
<div class="col-md-6">
<p><strong>Dnia 12 października</strong> Institut Chiari &amp; Siringomielia &amp; Escoliosis w Barcelonie, z powodu święta narodowego.</p>
</div>
<div class="col-md-6">
<div align="center"><img fetchpriority="high" decoding="async" class="aligncenter size-full wp-image-3808" src="https://institutchiaribcn.com/wp-content/uploads/2015/11/National-Holiday.png" alt="National Holiday" width="214" height="250" /></div>
</div>

<!-- This site is optimized with the Yoast SEO plugin v27.4 - https://yoast.com/product/yoast-seo-wordpress/ -->
<title>Święta narodowe 2024 | Institut Chiari Barcelona</title>
<meta name="description" content="Dnia 12 października Institut Chiari &amp; Siringomielia &amp; Escoliosis w Barcelonie, z powodu święta narodowego." />
<meta name="robots" content="index, follow, max-snippet:-1, max-image-preview:large, max-video-preview:-1" />
<link rel="canonical" href="https://institutchiaribcn.com/pl/national-holiday-announcement/" />
<meta property="og:locale" content="pl_PL" />
<meta property="og:type" content="article" />
<meta property="og:title" content="Święta narodowe 2024 | Institut Chiari Barcelona" />
<meta property="og:description" content="Dnia 12 października Institut Chiari &amp; Siringomielia &amp; Escoliosis w Barcelonie, z powodu święta narodowego." />
<meta property="og:url" content="https://institutchiaribcn.com/pl/national-holiday-announcement/" />
<meta property="og:site_name" content="Institut Chiari" />
<meta property="article:modified_time" content="2026-04-02T08:31:13+00:00" />
<meta property="og:image" content="https://institutchiaribcn.com/wp-content/uploads/2025/10/National-Holiday.png" />
	<meta property="og:image:width" content="214" />
	<meta property="og:image:height" content="250" />
	<meta property="og:image:type" content="image/png" />
<meta name="twitter:card" content="summary_large_image" />
<meta name="twitter:label1" content="Szacowany czas czytania" />
	<meta name="twitter:data1" content="1 minuta" />
<script type="application/ld+json" class="yoast-schema-graph">{"@context":"https:\/\/schema.org","@graph":[{"@type":"WebPage","@id":"https:\/\/institutchiaribcn.com\/pl\/national-holiday-announcement\/","url":"https:\/\/institutchiaribcn.com\/pl\/national-holiday-announcement\/","name":"Święta narodowe 2024 | Institut Chiari Barcelona","isPartOf":{"@id":"https:\/\/institutchiaribcn.com\/pl\/#website"},"primaryImageOfPage":{"@id":"https:\/\/institutchiaribcn.com\/pl\/national-holiday-announcement\/#primaryimage"},"image":{"@id":"https:\/\/institutchiaribcn.com\/pl\/national-holiday-announcement\/#primaryimage"},"thumbnailUrl":"https:\/\/institutchiaribcn.com\/wp-content\/uploads\/2025\/10\/National-Holiday.png","datePublished":"2015-10-08T22:00:00+00:00","dateModified":"2026-04-02T08:31:13+00:00","description":"Dnia 12 października Institut Chiari & Siringomielia & Escoliosis w Barcelonie, z powodu święta narodowego.","breadcrumb":{"@id":"https:\/\/institutchiaribcn.com\/pl\/national-holiday-announcement\/#breadcrumb"},"inLanguage":"pl-PL","potentialAction":[{"@type":"ReadAction","target":["https:\/\/institutchiaribcn.com\/pl\/national-holiday-announcement\/"]}]},{"@type":"ImageObject","inLanguage":"pl-PL","@id":"https:\/\/institutchiaribcn.com\/pl\/national-holiday-announcement\/#primaryimage","url":"https:\/\/institutchiaribcn.com\/wp-content\/uploads\/2025\/10\/National-Holiday.png","contentUrl":"https:\/\/institutchiaribcn.com\/wp-content\/uploads\/2025\/10\/National-Holiday.png","width":214,"height":250},{"@type":"BreadcrumbList","@id":"https:\/\/institutchiaribcn.com\/pl\/national-holiday-announcement\/#breadcrumb","itemListElement":[{"@type":"ListItem","position":1,"name":"Portada","item":"https:\/\/institutchiaribcn.com\/pl\/"},{"@type":"ListItem","position":2,"name":"Comunicación","item":"https:\/\/institutchiaribcn.com\/pl\/comunicacion\/"},{"@type":"ListItem","position":3,"name":"Święto Narodowe"}]},{"@type":"WebSite","@id":"https:\/\/institutchiaribcn.com\/pl\/#website","url":"https:\/\/institutchiaribcn.com\/pl\/","name":"Institut Chiari de Barcelona","description":"","publisher":{"@id":"https:\/\/institutchiaribcn.com\/pl\/#organization"},"potentialAction":[{"@type":"SearchAction","target":{"@type":"EntryPoint","urlTemplate":"https:\/\/institutchiaribcn.com\/pl\/?s={search_term_string}"},"query-input":{"@type":"PropertyValueSpecification","valueRequired":true,"valueName":"search_term_string"}}],"inLanguage":"pl-PL"},{"@type":"Organization","@id":"https:\/\/institutchiaribcn.com\/pl\/#organization","name":"Institut Chiari de Barcelona","url":"https:\/\/institutchiaribcn.com\/pl\/","logo":{"@type":"ImageObject","inLanguage":"pl-PL","@id":"https:\/\/institutchiaribcn.com\/pl\/#\/schema\/logo\/image\/","url":"https:\/\/institutchiaribcn.com\/wp-content\/uploads\/2025\/10\/cropped-cropped-icsebNavLogo-1.png","contentUrl":"https:\/\/institutchiaribcn.com\/wp-content\/uploads\/2025\/10\/cropped-cropped-icsebNavLogo-1.png","width":245,"height":99,"caption":"Institut Chiari de Barcelona"},"image":{"@id":"https:\/\/institutchiaribcn.com\/pl\/#\/schema\/logo\/image\/"}}]}</script>
<!-- / Yoast SEO plugin. -->

Święta narodowe 2024 | Institut Chiari Barcelona

Dnia 12 października Institut Chiari & Siringomielia & Escoliosis w Barcelonie, z powodu święta narodowego.

Comunicación
