{"id":79262,"date":"2015-07-23T00:00:00","date_gmt":"2015-07-22T22:00:00","guid":{"rendered":"https:\/\/dev.institutchiaribcn.com\/comunicacion\/en-memoire-du-dr-gonzalez-adrio\/"},"modified":"2026-02-26T12:10:57","modified_gmt":"2026-02-26T11:10:57","slug":"en-memoire-du-dr-gonzalez-adrio","status":"publish","type":"comunicacion","link":"https:\/\/institutchiaribcn.com\/fr\/en-memoire-du-dr-gonzalez-adrio\/","title":{"rendered":"En M\u00e9moire du Dr. Gonz\u00e1lez-Adrio"},"content":{"rendered":"<p class=\"text-muted aniview centerTXT\">Published by <a title=\"Articles par ICSEB\" href=\"https:\/\/institutchiaribcn.com\/fr\/author\/chiari\/\" rel=\"author\">ICSEB<\/a> at 23 juillet, 2015<\/p>\n<p style=\"text-align: justify;\">Le Dr.\u00a0<strong>Rafael Gonz\u00e1lez-Adrio<\/strong>, orthop\u00e9diste, m\u00e9decin du \u00ab\u00a0<strong>Bar\u00e7a\u00a0\u00bb\u00a0<\/strong>depuis 1972 jusqu\u2019\u00e0 1991, est d\u00e9c\u00e9d\u00e9 le mardi \u00e0 son domicile \u00e0 l\u2019\u00e2ge de 80 ans, apr\u00e8s une longue maladie. \u00c9tant un grand r\u00e9f\u00e9rent pour notre \u00ab\u00a0Institut Chiari &amp; Siringomielia &amp; Escoliosis de Barcelona\u00a0\u00bb, car en 1993 il apporta le premier cas auquel le Filum System\u00ae \u00e9t\u00e9 appliqu\u00e9. Il publia plusieurs articles conjointement avec notre directeur, le Dr. Royo Salvador, soutenant la th\u00e9orie de la Maladie du Filum depuis ses fondements. Il a toujours exprim\u00e9 un grand sens commun par sa confiance en notre travail, m\u00eame obtenant le titre de Collaborateur d\u2019Honneur et Bienfaiteur de notre \u00ab\u00a0Chiari &amp; Scoliosis &amp; Syringomyelia Foundation\u00a0\u00bb.<\/p>\n<p style=\"text-align: justify;\">Nous le tiendrons toujours pr\u00e9sent dans notre m\u00e9moire, lui remerciant sa pr\u00e9cieuse collaboration.<\/p>\n<p style=\"text-align: justify;\">L\u2019\u00e9quipe de l\u2019\u00a0\u00ab\u00a0Institut Chiari &amp; Siringomielia &amp; Escoliosis de Barcelona<\/p>\n","protected":false},"featured_media":0,"template":"","tipos-de-comunicacion":[510],"class_list":["post-79262","comunicacion","type-comunicacion","status-publish","hentry","tipos-de-comunicacion-nouvelles"],"yoast_head":"<!-- This site is optimized with the Yoast SEO plugin v27.4 - https:\/\/yoast.com\/product\/yoast-seo-wordpress\/ -->\n<title>En m\u00e9moire du Dr Gonzalez Adrio | ICSEB<\/title>\n<meta name=\"description\" content=\"Hommage au Dr Gonzalez Adrio pour sa contribution \u00e0 la m\u00e9decine et son engagement aupr\u00e8s des patients du Chiari, siringomy\u00e9lie et scoliose.\" \/>\n<meta name=\"robots\" content=\"index, follow, max-snippet:-1, max-image-preview:large, max-video-preview:-1\" \/>\n<link rel=\"canonical\" href=\"https:\/\/institutchiaribcn.com\/fr\/en-memoire-du-dr-gonzalez-adrio\/\" \/>\n<meta property=\"og:locale\" content=\"fr_FR\" \/>\n<meta property=\"og:type\" content=\"article\" \/>\n<meta property=\"og:title\" content=\"En m\u00e9moire du Dr Gonzalez Adrio | ICSEB\" \/>\n<meta property=\"og:description\" content=\"Hommage au Dr Gonzalez Adrio pour sa contribution \u00e0 la m\u00e9decine et son engagement aupr\u00e8s des patients du Chiari, siringomy\u00e9lie et scoliose.\" \/>\n<meta property=\"og:url\" content=\"https:\/\/institutchiaribcn.com\/fr\/en-memoire-du-dr-gonzalez-adrio\/\" \/>\n<meta property=\"og:site_name\" content=\"Institut Chiari\" \/>\n<meta property=\"article:modified_time\" content=\"2026-02-26T11:10:57+00:00\" \/>\n<meta name=\"twitter:card\" content=\"summary_large_image\" \/>\n<meta name=\"twitter:label1\" content=\"Dur\u00e9e de lecture estim\u00e9e\" \/>\n\t<meta name=\"twitter:data1\" content=\"1 minute\" \/>\n<script type=\"application\/ld+json\" class=\"yoast-schema-graph\">{\"@context\":\"https:\\\/\\\/schema.org\",\"@graph\":[{\"@type\":\"WebPage\",\"@id\":\"https:\\\/\\\/institutchiaribcn.com\\\/fr\\\/en-memoire-du-dr-gonzalez-adrio\\\/\",\"url\":\"https:\\\/\\\/institutchiaribcn.com\\\/fr\\\/en-memoire-du-dr-gonzalez-adrio\\\/\",\"name\":\"En m\u00e9moire du Dr Gonzalez Adrio | ICSEB\",\"isPartOf\":{\"@id\":\"https:\\\/\\\/institutchiaribcn.com\\\/fr\\\/#website\"},\"datePublished\":\"2015-07-22T22:00:00+00:00\",\"dateModified\":\"2026-02-26T11:10:57+00:00\",\"description\":\"Hommage au Dr Gonzalez Adrio pour sa contribution \u00e0 la m\u00e9decine et son engagement aupr\u00e8s des patients du Chiari, siringomy\u00e9lie et scoliose.\",\"breadcrumb\":{\"@id\":\"https:\\\/\\\/institutchiaribcn.com\\\/fr\\\/en-memoire-du-dr-gonzalez-adrio\\\/#breadcrumb\"},\"inLanguage\":\"fr-FR\",\"potentialAction\":[{\"@type\":\"ReadAction\",\"target\":[\"https:\\\/\\\/institutchiaribcn.com\\\/fr\\\/en-memoire-du-dr-gonzalez-adrio\\\/\"]}]},{\"@type\":\"BreadcrumbList\",\"@id\":\"https:\\\/\\\/institutchiaribcn.com\\\/fr\\\/en-memoire-du-dr-gonzalez-adrio\\\/#breadcrumb\",\"itemListElement\":[{\"@type\":\"ListItem\",\"position\":1,\"name\":\"Portada\",\"item\":\"https:\\\/\\\/institutchiaribcn.com\\\/fr\\\/\"},{\"@type\":\"ListItem\",\"position\":2,\"name\":\"Comunicaci\u00f3n\",\"item\":\"https:\\\/\\\/institutchiaribcn.com\\\/fr\\\/comunicacion\\\/\"},{\"@type\":\"ListItem\",\"position\":3,\"name\":\"En M\u00e9moire du Dr. Gonz\u00e1lez-Adrio\"}]},{\"@type\":\"WebSite\",\"@id\":\"https:\\\/\\\/institutchiaribcn.com\\\/fr\\\/#website\",\"url\":\"https:\\\/\\\/institutchiaribcn.com\\\/fr\\\/\",\"name\":\"Institut Chiari de Barcelona\",\"description\":\"\",\"publisher\":{\"@id\":\"https:\\\/\\\/institutchiaribcn.com\\\/fr\\\/#organization\"},\"potentialAction\":[{\"@type\":\"SearchAction\",\"target\":{\"@type\":\"EntryPoint\",\"urlTemplate\":\"https:\\\/\\\/institutchiaribcn.com\\\/fr\\\/?s={search_term_string}\"},\"query-input\":{\"@type\":\"PropertyValueSpecification\",\"valueRequired\":true,\"valueName\":\"search_term_string\"}}],\"inLanguage\":\"fr-FR\"},{\"@type\":\"Organization\",\"@id\":\"https:\\\/\\\/institutchiaribcn.com\\\/fr\\\/#organization\",\"name\":\"Institut Chiari de Barcelona\",\"url\":\"https:\\\/\\\/institutchiaribcn.com\\\/fr\\\/\",\"logo\":{\"@type\":\"ImageObject\",\"inLanguage\":\"fr-FR\",\"@id\":\"https:\\\/\\\/institutchiaribcn.com\\\/fr\\\/#\\\/schema\\\/logo\\\/image\\\/\",\"url\":\"https:\\\/\\\/institutchiaribcn.com\\\/wp-content\\\/uploads\\\/2025\\\/10\\\/cropped-cropped-icsebNavLogo-1.png\",\"contentUrl\":\"https:\\\/\\\/institutchiaribcn.com\\\/wp-content\\\/uploads\\\/2025\\\/10\\\/cropped-cropped-icsebNavLogo-1.png\",\"width\":245,\"height\":99,\"caption\":\"Institut Chiari de Barcelona\"},\"image\":{\"@id\":\"https:\\\/\\\/institutchiaribcn.com\\\/fr\\\/#\\\/schema\\\/logo\\\/image\\\/\"}}]}<\/script>\n<!-- \/ Yoast SEO plugin. -->","yoast_head_json":{"title":"En m\u00e9moire du Dr Gonzalez Adrio | ICSEB","description":"Hommage au Dr Gonzalez Adrio pour sa contribution \u00e0 la m\u00e9decine et son engagement aupr\u00e8s des patients du Chiari, siringomy\u00e9lie et scoliose.","robots":{"index":"index","follow":"follow","max-snippet":"max-snippet:-1","max-image-preview":"max-image-preview:large","max-video-preview":"max-video-preview:-1"},"canonical":"https:\/\/institutchiaribcn.com\/fr\/en-memoire-du-dr-gonzalez-adrio\/","og_locale":"fr_FR","og_type":"article","og_title":"En m\u00e9moire du Dr Gonzalez Adrio | ICSEB","og_description":"Hommage au Dr Gonzalez Adrio pour sa contribution \u00e0 la m\u00e9decine et son engagement aupr\u00e8s des patients du Chiari, siringomy\u00e9lie et scoliose.","og_url":"https:\/\/institutchiaribcn.com\/fr\/en-memoire-du-dr-gonzalez-adrio\/","og_site_name":"Institut Chiari","article_modified_time":"2026-02-26T11:10:57+00:00","twitter_card":"summary_large_image","twitter_misc":{"Dur\u00e9e de lecture estim\u00e9e":"1 minute"},"schema":{"@context":"https:\/\/schema.org","@graph":[{"@type":"WebPage","@id":"https:\/\/institutchiaribcn.com\/fr\/en-memoire-du-dr-gonzalez-adrio\/","url":"https:\/\/institutchiaribcn.com\/fr\/en-memoire-du-dr-gonzalez-adrio\/","name":"En m\u00e9moire du Dr Gonzalez Adrio | ICSEB","isPartOf":{"@id":"https:\/\/institutchiaribcn.com\/fr\/#website"},"datePublished":"2015-07-22T22:00:00+00:00","dateModified":"2026-02-26T11:10:57+00:00","description":"Hommage au Dr Gonzalez Adrio pour sa contribution \u00e0 la m\u00e9decine et son engagement aupr\u00e8s des patients du Chiari, siringomy\u00e9lie et scoliose.","breadcrumb":{"@id":"https:\/\/institutchiaribcn.com\/fr\/en-memoire-du-dr-gonzalez-adrio\/#breadcrumb"},"inLanguage":"fr-FR","potentialAction":[{"@type":"ReadAction","target":["https:\/\/institutchiaribcn.com\/fr\/en-memoire-du-dr-gonzalez-adrio\/"]}]},{"@type":"BreadcrumbList","@id":"https:\/\/institutchiaribcn.com\/fr\/en-memoire-du-dr-gonzalez-adrio\/#breadcrumb","itemListElement":[{"@type":"ListItem","position":1,"name":"Portada","item":"https:\/\/institutchiaribcn.com\/fr\/"},{"@type":"ListItem","position":2,"name":"Comunicaci\u00f3n","item":"https:\/\/institutchiaribcn.com\/fr\/comunicacion\/"},{"@type":"ListItem","position":3,"name":"En M\u00e9moire du Dr. Gonz\u00e1lez-Adrio"}]},{"@type":"WebSite","@id":"https:\/\/institutchiaribcn.com\/fr\/#website","url":"https:\/\/institutchiaribcn.com\/fr\/","name":"Institut Chiari de Barcelona","description":"","publisher":{"@id":"https:\/\/institutchiaribcn.com\/fr\/#organization"},"potentialAction":[{"@type":"SearchAction","target":{"@type":"EntryPoint","urlTemplate":"https:\/\/institutchiaribcn.com\/fr\/?s={search_term_string}"},"query-input":{"@type":"PropertyValueSpecification","valueRequired":true,"valueName":"search_term_string"}}],"inLanguage":"fr-FR"},{"@type":"Organization","@id":"https:\/\/institutchiaribcn.com\/fr\/#organization","name":"Institut Chiari de Barcelona","url":"https:\/\/institutchiaribcn.com\/fr\/","logo":{"@type":"ImageObject","inLanguage":"fr-FR","@id":"https:\/\/institutchiaribcn.com\/fr\/#\/schema\/logo\/image\/","url":"https:\/\/institutchiaribcn.com\/wp-content\/uploads\/2025\/10\/cropped-cropped-icsebNavLogo-1.png","contentUrl":"https:\/\/institutchiaribcn.com\/wp-content\/uploads\/2025\/10\/cropped-cropped-icsebNavLogo-1.png","width":245,"height":99,"caption":"Institut Chiari de Barcelona"},"image":{"@id":"https:\/\/institutchiaribcn.com\/fr\/#\/schema\/logo\/image\/"}}]}},"_links":{"self":[{"href":"https:\/\/institutchiaribcn.com\/fr\/wp-json\/wp\/v2\/comunicacion\/79262","targetHints":{"allow":["GET"]}}],"collection":[{"href":"https:\/\/institutchiaribcn.com\/fr\/wp-json\/wp\/v2\/comunicacion"}],"about":[{"href":"https:\/\/institutchiaribcn.com\/fr\/wp-json\/wp\/v2\/types\/comunicacion"}],"wp:attachment":[{"href":"https:\/\/institutchiaribcn.com\/fr\/wp-json\/wp\/v2\/media?parent=79262"}],"wp:term":[{"taxonomy":"tipos-de-comunicacion","embeddable":true,"href":"https:\/\/institutchiaribcn.com\/fr\/wp-json\/wp\/v2\/tipos-de-comunicacion?post=79262"}],"curies":[{"name":"wp","href":"https:\/\/api.w.org\/{rel}","templated":true}]}}

En Mémoire du Dr. González-Adrio

<p class="text-muted aniview centerTXT">Published by <a title="Articles par ICSEB" href="https://institutchiaribcn.com/fr/author/chiari/" rel="author">ICSEB</a> at 23 juillet, 2015</p>
<p style="text-align: justify;">Le Dr. <strong>Rafael González-Adrio</strong>, orthopédiste, médecin du « <strong>Barça » </strong>depuis 1972 jusqu’à 1991, est décédé le mardi à son domicile à l’âge de 80 ans, après une longue maladie. Étant un grand référent pour notre « Institut Chiari &amp; Siringomielia &amp; Escoliosis de Barcelona », car en 1993 il apporta le premier cas auquel le Filum System® été appliqué. Il publia plusieurs articles conjointement avec notre directeur, le Dr. Royo Salvador, soutenant la théorie de la Maladie du Filum depuis ses fondements. Il a toujours exprimé un grand sens commun par sa confiance en notre travail, même obtenant le titre de Collaborateur d’Honneur et Bienfaiteur de notre « Chiari &amp; Scoliosis &amp; Syringomyelia Foundation ».</p>
<p style="text-align: justify;">Nous le tiendrons toujours présent dans notre mémoire, lui remerciant sa précieuse collaboration.</p>
<p style="text-align: justify;">L’équipe de l’ « Institut Chiari &amp; Siringomielia &amp; Escoliosis de Barcelona</p>

<!-- This site is optimized with the Yoast SEO plugin v27.4 - https://yoast.com/product/yoast-seo-wordpress/ -->
<title>En mémoire du Dr Gonzalez Adrio | ICSEB</title>
<meta name="description" content="Hommage au Dr Gonzalez Adrio pour sa contribution à la médecine et son engagement auprès des patients du Chiari, siringomyélie et scoliose." />
<meta name="robots" content="index, follow, max-snippet:-1, max-image-preview:large, max-video-preview:-1" />
<link rel="canonical" href="https://institutchiaribcn.com/fr/en-memoire-du-dr-gonzalez-adrio/" />
<meta property="og:locale" content="fr_FR" />
<meta property="og:type" content="article" />
<meta property="og:title" content="En mémoire du Dr Gonzalez Adrio | ICSEB" />
<meta property="og:description" content="Hommage au Dr Gonzalez Adrio pour sa contribution à la médecine et son engagement auprès des patients du Chiari, siringomyélie et scoliose." />
<meta property="og:url" content="https://institutchiaribcn.com/fr/en-memoire-du-dr-gonzalez-adrio/" />
<meta property="og:site_name" content="Institut Chiari" />
<meta property="article:modified_time" content="2026-02-26T11:10:57+00:00" />
<meta name="twitter:card" content="summary_large_image" />
<meta name="twitter:label1" content="Durée de lecture estimée" />
	<meta name="twitter:data1" content="1 minute" />
<script type="application/ld+json" class="yoast-schema-graph">{"@context":"https:\/\/schema.org","@graph":[{"@type":"WebPage","@id":"https:\/\/institutchiaribcn.com\/fr\/en-memoire-du-dr-gonzalez-adrio\/","url":"https:\/\/institutchiaribcn.com\/fr\/en-memoire-du-dr-gonzalez-adrio\/","name":"En mémoire du Dr Gonzalez Adrio | ICSEB","isPartOf":{"@id":"https:\/\/institutchiaribcn.com\/fr\/#website"},"datePublished":"2015-07-22T22:00:00+00:00","dateModified":"2026-02-26T11:10:57+00:00","description":"Hommage au Dr Gonzalez Adrio pour sa contribution à la médecine et son engagement auprès des patients du Chiari, siringomyélie et scoliose.","breadcrumb":{"@id":"https:\/\/institutchiaribcn.com\/fr\/en-memoire-du-dr-gonzalez-adrio\/#breadcrumb"},"inLanguage":"fr-FR","potentialAction":[{"@type":"ReadAction","target":["https:\/\/institutchiaribcn.com\/fr\/en-memoire-du-dr-gonzalez-adrio\/"]}]},{"@type":"BreadcrumbList","@id":"https:\/\/institutchiaribcn.com\/fr\/en-memoire-du-dr-gonzalez-adrio\/#breadcrumb","itemListElement":[{"@type":"ListItem","position":1,"name":"Portada","item":"https:\/\/institutchiaribcn.com\/fr\/"},{"@type":"ListItem","position":2,"name":"Comunicación","item":"https:\/\/institutchiaribcn.com\/fr\/comunicacion\/"},{"@type":"ListItem","position":3,"name":"En Mémoire du Dr. González-Adrio"}]},{"@type":"WebSite","@id":"https:\/\/institutchiaribcn.com\/fr\/#website","url":"https:\/\/institutchiaribcn.com\/fr\/","name":"Institut Chiari de Barcelona","description":"","publisher":{"@id":"https:\/\/institutchiaribcn.com\/fr\/#organization"},"potentialAction":[{"@type":"SearchAction","target":{"@type":"EntryPoint","urlTemplate":"https:\/\/institutchiaribcn.com\/fr\/?s={search_term_string}"},"query-input":{"@type":"PropertyValueSpecification","valueRequired":true,"valueName":"search_term_string"}}],"inLanguage":"fr-FR"},{"@type":"Organization","@id":"https:\/\/institutchiaribcn.com\/fr\/#organization","name":"Institut Chiari de Barcelona","url":"https:\/\/institutchiaribcn.com\/fr\/","logo":{"@type":"ImageObject","inLanguage":"fr-FR","@id":"https:\/\/institutchiaribcn.com\/fr\/#\/schema\/logo\/image\/","url":"https:\/\/institutchiaribcn.com\/wp-content\/uploads\/2025\/10\/cropped-cropped-icsebNavLogo-1.png","contentUrl":"https:\/\/institutchiaribcn.com\/wp-content\/uploads\/2025\/10\/cropped-cropped-icsebNavLogo-1.png","width":245,"height":99,"caption":"Institut Chiari de Barcelona"},"image":{"@id":"https:\/\/institutchiaribcn.com\/fr\/#\/schema\/logo\/image\/"}}]}</script>
<!-- / Yoast SEO plugin. -->

En mémoire du Dr Gonzalez Adrio | ICSEB

Hommage au Dr Gonzalez Adrio pour sa contribution à la médecine et son engagement auprès des patients du Chiari, siringomyélie et scoliose.

Comunicación
