{"id":130534,"date":"2025-10-31T13:09:24","date_gmt":"2025-10-31T12:09:24","guid":{"rendered":"https:\/\/dev.institutchiaribcn.com\/?page_id=130534"},"modified":"2026-02-19T11:30:19","modified_gmt":"2026-02-19T10:30:19","slug":"anwendbares-eu-recht","status":"publish","type":"page","link":"https:\/\/institutchiaribcn.com\/de\/anwendbares-eu-recht\/","title":{"rendered":"Anwendbares eu Recht"},"content":{"rendered":"\t\t<div data-elementor-type=\"wp-page\" data-elementor-id=\"130534\" class=\"elementor elementor-130534 elementor-130141\" data-elementor-post-type=\"page\">\n\t\t\t\t<div class=\"elementor-element elementor-element-e0b79a7 e-flex e-con-boxed e-con e-parent\" data-id=\"e0b79a7\" data-element_type=\"container\" data-e-type=\"container\">\n\t\t\t\t\t<div class=\"e-con-inner\">\n\t\t\t\t<div class=\"elementor-element elementor-element-4063fad elementor-widget elementor-widget-heading\" data-id=\"4063fad\" data-element_type=\"widget\" data-e-type=\"widget\" data-widget_type=\"heading.default\">\n\t\t\t\t<div class=\"elementor-widget-container\">\n\t\t\t\t\t<h1 class=\"elementor-heading-title elementor-size-default\">Anwendbares eu Recht<\/h1>\t\t\t\t<\/div>\n\t\t\t\t<\/div>\n\t\t\t\t<div class=\"elementor-element elementor-element-99775a7 elementor-widget elementor-widget-text-editor\" data-id=\"99775a7\" data-element_type=\"widget\" data-e-type=\"widget\" data-widget_type=\"text-editor.default\">\n\t\t\t\t<div class=\"elementor-widget-container\">\n\t\t\t\t\t\t\t\t\t<p class=\"text-muted aniview centerTXT\"><a title=\"Beitr\u00e4ge von ICSEB\" href=\"https:\/\/institutchiaribcn.com\/de\/author\/chiari\/\" rel=\"author\">ICSEB<\/a>, 19 Juni, 2015<\/p><p><strong>\u2013 VERORDNUNG (EG) Nr. 883\/2004 DES EUROP\u00c4ISCHEN PARLAMENTS UND DES RATES vom 29. April 2004 zur Koordinierung der Systeme der sozialen Sicherheit.<\/strong><\/p><p><a href=\"https:\/\/eur-lex.europa.eu\/legal-content\/DE\/TXT\/PDF\/?uri=CELEX:32004R0883&amp;from=DE\">https:\/\/eur-lex.europa.eu\/legal-content\/DE\/TXT\/PDF\/?uri=CELEX:32004R0883&amp;from=DE<\/a><\/p><p>\u00a0<\/p><p><strong>\u2013 VERORDNUNG (EG) Nr. 987\/2009 DES EUROP\u00c4ISCHEN PARLAMENTS UND DES RATES vom 16. September 2009 zur Festlegung der Modalit\u00e4ten f\u00fcr die Durchf\u00fchrung der Verordnung (EG) Nr. 883\/2004 \u00fcber die Koordinierung der Systeme der sozialen Sicherheit.\u00a0<\/strong><\/p><p><a href=\"https:\/\/eur-lex.europa.eu\/legal-content\/DE\/TXT\/PDF\/?uri=CELEX:32009R0987&amp;from=DE\">https:\/\/eur-lex.europa.eu\/legal-content\/DE\/TXT\/PDF\/?uri=CELEX:32009R0987&amp;from=DE<\/a><\/p><p>\u00a0<\/p><p><strong>\u2013 RICHTLINIE 2011\/24\/EU DES EUROP\u00c4ISCHEN PARLAMENTS UND DES RATES vom 9. M\u00e4rz 2011 \u00fcber die Aus\u00fcbung der Patientenrechte in der grenz\u00fcberschreitenden Gesundheitsversorgung.<\/strong><\/p><p><a href=\"https:\/\/eur-lex.europa.eu\/LexUriServ\/LexUriServ.do?uri=OJ:L:2011:088:0045:0065:DE:PDF\">https:\/\/eur-lex.europa.eu\/LexUriServ\/LexUriServ.do?uri=OJ:L:2011:088:0045:0065:DE:PDF<\/a><\/p>\t\t\t\t\t\t\t\t<\/div>\n\t\t\t\t<\/div>\n\t\t\t\t\t<\/div>\n\t\t\t\t<\/div>\n\t\t\t\t<\/div>\n\t\t","protected":false},"excerpt":{"rendered":"<p>Anwendbares eu Recht ICSEB, 19 Juni, 2015 \u2013 VERORDNUNG (EG) Nr. 883\/2004 DES EUROP\u00c4ISCHEN PARLAMENTS UND DES RATES vom 29. April 2004 zur Koordinierung der Systeme der sozialen Sicherheit. https:\/\/eur-lex.europa.eu\/legal-content\/DE\/TXT\/PDF\/?uri=CELEX:32004R0883&amp;from=DE \u2013 VERORDNUNG (EG) Nr. 987\/2009 DES EUROP\u00c4ISCHEN PARLAMENTS UND DES RATES vom 16. September 2009 zur Festlegung der Modalit\u00e4ten f\u00fcr die Durchf\u00fchrung der Verordnung (EG) [&hellip;]<\/p>\n","protected":false},"author":1,"featured_media":0,"parent":0,"menu_order":0,"comment_status":"closed","ping_status":"closed","template":"","meta":{"footnotes":""},"class_list":["post-130534","page","type-page","status-publish","hentry"],"yoast_head":"<!-- This site is optimized with the Yoast SEO plugin v27.4 - https:\/\/yoast.com\/product\/yoast-seo-wordpress\/ -->\n<title>Anwendbares EU\u2011Recht im Gesundheitskontext | ICSEB<\/title>\n<meta name=\"description\" content=\"\u00dcberblick \u00fcber anwendbares EU\u2011Recht im medizinischen Bereich, Regulierung und Patientenschutz bei ICSEB-Behandlungen.\" \/>\n<meta name=\"robots\" content=\"index, follow, max-snippet:-1, max-image-preview:large, max-video-preview:-1\" \/>\n<link rel=\"canonical\" href=\"https:\/\/institutchiaribcn.com\/de\/anwendbares-eu-recht\/\" \/>\n<meta property=\"og:locale\" content=\"de_DE\" \/>\n<meta property=\"og:type\" content=\"article\" \/>\n<meta property=\"og:title\" content=\"Anwendbares EU\u2011Recht im Gesundheitskontext | ICSEB\" \/>\n<meta property=\"og:description\" content=\"\u00dcberblick \u00fcber anwendbares EU\u2011Recht im medizinischen Bereich, Regulierung und Patientenschutz bei ICSEB-Behandlungen.\" \/>\n<meta property=\"og:url\" content=\"https:\/\/institutchiaribcn.com\/de\/anwendbares-eu-recht\/\" \/>\n<meta property=\"og:site_name\" content=\"Institut Chiari\" \/>\n<meta property=\"article:modified_time\" content=\"2026-02-19T10:30:19+00:00\" \/>\n<meta name=\"twitter:card\" content=\"summary_large_image\" \/>\n<meta name=\"twitter:label1\" content=\"Gesch\u00e4tzte Lesezeit\" \/>\n\t<meta name=\"twitter:data1\" content=\"1\u00a0Minute\" \/>\n<script type=\"application\/ld+json\" class=\"yoast-schema-graph\">{\"@context\":\"https:\\\/\\\/schema.org\",\"@graph\":[{\"@type\":\"WebPage\",\"@id\":\"https:\\\/\\\/institutchiaribcn.com\\\/de\\\/anwendbares-eu-recht\\\/\",\"url\":\"https:\\\/\\\/institutchiaribcn.com\\\/de\\\/anwendbares-eu-recht\\\/\",\"name\":\"Anwendbares EU\u2011Recht im Gesundheitskontext | ICSEB\",\"isPartOf\":{\"@id\":\"https:\\\/\\\/institutchiaribcn.com\\\/de\\\/#website\"},\"datePublished\":\"2025-10-31T12:09:24+00:00\",\"dateModified\":\"2026-02-19T10:30:19+00:00\",\"description\":\"\u00dcberblick \u00fcber anwendbares EU\u2011Recht im medizinischen Bereich, Regulierung und Patientenschutz bei ICSEB-Behandlungen.\",\"breadcrumb\":{\"@id\":\"https:\\\/\\\/institutchiaribcn.com\\\/de\\\/anwendbares-eu-recht\\\/#breadcrumb\"},\"inLanguage\":\"de\",\"potentialAction\":[{\"@type\":\"ReadAction\",\"target\":[\"https:\\\/\\\/institutchiaribcn.com\\\/de\\\/anwendbares-eu-recht\\\/\"]}]},{\"@type\":\"BreadcrumbList\",\"@id\":\"https:\\\/\\\/institutchiaribcn.com\\\/de\\\/anwendbares-eu-recht\\\/#breadcrumb\",\"itemListElement\":[{\"@type\":\"ListItem\",\"position\":1,\"name\":\"Portada\",\"item\":\"https:\\\/\\\/institutchiaribcn.com\\\/de\\\/\"},{\"@type\":\"ListItem\",\"position\":2,\"name\":\"Anwendbares eu Recht\"}]},{\"@type\":\"WebSite\",\"@id\":\"https:\\\/\\\/institutchiaribcn.com\\\/de\\\/#website\",\"url\":\"https:\\\/\\\/institutchiaribcn.com\\\/de\\\/\",\"name\":\"Institut Chiari de Barcelona\",\"description\":\"\",\"publisher\":{\"@id\":\"https:\\\/\\\/institutchiaribcn.com\\\/de\\\/#organization\"},\"potentialAction\":[{\"@type\":\"SearchAction\",\"target\":{\"@type\":\"EntryPoint\",\"urlTemplate\":\"https:\\\/\\\/institutchiaribcn.com\\\/de\\\/?s={search_term_string}\"},\"query-input\":{\"@type\":\"PropertyValueSpecification\",\"valueRequired\":true,\"valueName\":\"search_term_string\"}}],\"inLanguage\":\"de\"},{\"@type\":\"Organization\",\"@id\":\"https:\\\/\\\/institutchiaribcn.com\\\/de\\\/#organization\",\"name\":\"Institut Chiari de Barcelona\",\"url\":\"https:\\\/\\\/institutchiaribcn.com\\\/de\\\/\",\"logo\":{\"@type\":\"ImageObject\",\"inLanguage\":\"de\",\"@id\":\"https:\\\/\\\/institutchiaribcn.com\\\/de\\\/#\\\/schema\\\/logo\\\/image\\\/\",\"url\":\"https:\\\/\\\/institutchiaribcn.com\\\/wp-content\\\/uploads\\\/2025\\\/10\\\/cropped-cropped-icsebNavLogo-1.png\",\"contentUrl\":\"https:\\\/\\\/institutchiaribcn.com\\\/wp-content\\\/uploads\\\/2025\\\/10\\\/cropped-cropped-icsebNavLogo-1.png\",\"width\":245,\"height\":99,\"caption\":\"Institut Chiari de Barcelona\"},\"image\":{\"@id\":\"https:\\\/\\\/institutchiaribcn.com\\\/de\\\/#\\\/schema\\\/logo\\\/image\\\/\"}}]}<\/script>\n<!-- \/ Yoast SEO plugin. -->","yoast_head_json":{"title":"Anwendbares EU\u2011Recht im Gesundheitskontext | ICSEB","description":"\u00dcberblick \u00fcber anwendbares EU\u2011Recht im medizinischen Bereich, Regulierung und Patientenschutz bei ICSEB-Behandlungen.","robots":{"index":"index","follow":"follow","max-snippet":"max-snippet:-1","max-image-preview":"max-image-preview:large","max-video-preview":"max-video-preview:-1"},"canonical":"https:\/\/institutchiaribcn.com\/de\/anwendbares-eu-recht\/","og_locale":"de_DE","og_type":"article","og_title":"Anwendbares EU\u2011Recht im Gesundheitskontext | ICSEB","og_description":"\u00dcberblick \u00fcber anwendbares EU\u2011Recht im medizinischen Bereich, Regulierung und Patientenschutz bei ICSEB-Behandlungen.","og_url":"https:\/\/institutchiaribcn.com\/de\/anwendbares-eu-recht\/","og_site_name":"Institut Chiari","article_modified_time":"2026-02-19T10:30:19+00:00","twitter_card":"summary_large_image","twitter_misc":{"Gesch\u00e4tzte Lesezeit":"1\u00a0Minute"},"schema":{"@context":"https:\/\/schema.org","@graph":[{"@type":"WebPage","@id":"https:\/\/institutchiaribcn.com\/de\/anwendbares-eu-recht\/","url":"https:\/\/institutchiaribcn.com\/de\/anwendbares-eu-recht\/","name":"Anwendbares EU\u2011Recht im Gesundheitskontext | ICSEB","isPartOf":{"@id":"https:\/\/institutchiaribcn.com\/de\/#website"},"datePublished":"2025-10-31T12:09:24+00:00","dateModified":"2026-02-19T10:30:19+00:00","description":"\u00dcberblick \u00fcber anwendbares EU\u2011Recht im medizinischen Bereich, Regulierung und Patientenschutz bei ICSEB-Behandlungen.","breadcrumb":{"@id":"https:\/\/institutchiaribcn.com\/de\/anwendbares-eu-recht\/#breadcrumb"},"inLanguage":"de","potentialAction":[{"@type":"ReadAction","target":["https:\/\/institutchiaribcn.com\/de\/anwendbares-eu-recht\/"]}]},{"@type":"BreadcrumbList","@id":"https:\/\/institutchiaribcn.com\/de\/anwendbares-eu-recht\/#breadcrumb","itemListElement":[{"@type":"ListItem","position":1,"name":"Portada","item":"https:\/\/institutchiaribcn.com\/de\/"},{"@type":"ListItem","position":2,"name":"Anwendbares eu Recht"}]},{"@type":"WebSite","@id":"https:\/\/institutchiaribcn.com\/de\/#website","url":"https:\/\/institutchiaribcn.com\/de\/","name":"Institut Chiari de Barcelona","description":"","publisher":{"@id":"https:\/\/institutchiaribcn.com\/de\/#organization"},"potentialAction":[{"@type":"SearchAction","target":{"@type":"EntryPoint","urlTemplate":"https:\/\/institutchiaribcn.com\/de\/?s={search_term_string}"},"query-input":{"@type":"PropertyValueSpecification","valueRequired":true,"valueName":"search_term_string"}}],"inLanguage":"de"},{"@type":"Organization","@id":"https:\/\/institutchiaribcn.com\/de\/#organization","name":"Institut Chiari de Barcelona","url":"https:\/\/institutchiaribcn.com\/de\/","logo":{"@type":"ImageObject","inLanguage":"de","@id":"https:\/\/institutchiaribcn.com\/de\/#\/schema\/logo\/image\/","url":"https:\/\/institutchiaribcn.com\/wp-content\/uploads\/2025\/10\/cropped-cropped-icsebNavLogo-1.png","contentUrl":"https:\/\/institutchiaribcn.com\/wp-content\/uploads\/2025\/10\/cropped-cropped-icsebNavLogo-1.png","width":245,"height":99,"caption":"Institut Chiari de Barcelona"},"image":{"@id":"https:\/\/institutchiaribcn.com\/de\/#\/schema\/logo\/image\/"}}]}},"_links":{"self":[{"href":"https:\/\/institutchiaribcn.com\/de\/wp-json\/wp\/v2\/pages\/130534","targetHints":{"allow":["GET"]}}],"collection":[{"href":"https:\/\/institutchiaribcn.com\/de\/wp-json\/wp\/v2\/pages"}],"about":[{"href":"https:\/\/institutchiaribcn.com\/de\/wp-json\/wp\/v2\/types\/page"}],"author":[{"embeddable":true,"href":"https:\/\/institutchiaribcn.com\/de\/wp-json\/wp\/v2\/users\/1"}],"replies":[{"embeddable":true,"href":"https:\/\/institutchiaribcn.com\/de\/wp-json\/wp\/v2\/comments?post=130534"}],"version-history":[{"count":1,"href":"https:\/\/institutchiaribcn.com\/de\/wp-json\/wp\/v2\/pages\/130534\/revisions"}],"predecessor-version":[{"id":145533,"href":"https:\/\/institutchiaribcn.com\/de\/wp-json\/wp\/v2\/pages\/130534\/revisions\/145533"}],"wp:attachment":[{"href":"https:\/\/institutchiaribcn.com\/de\/wp-json\/wp\/v2\/media?parent=130534"}],"curies":[{"name":"wp","href":"https:\/\/api.w.org\/{rel}","templated":true}]}}

<div data-elementor-type="wp-page" data-elementor-id="130534" class="elementor elementor-130534 elementor-130141" data-elementor-post-type="page">
				<div class="elementor-element elementor-element-e0b79a7 e-flex e-con-boxed e-con e-parent" data-id="e0b79a7" data-element_type="container" data-e-type="container">
					<div class="e-con-inner">
				<div class="elementor-element elementor-element-4063fad elementor-widget elementor-widget-heading" data-id="4063fad" data-element_type="widget" data-e-type="widget" data-widget_type="heading.default">
				<div class="elementor-widget-container">
					<h1 class="elementor-heading-title elementor-size-default">Anwendbares eu Recht</h1>				</div>
				</div>
				<div class="elementor-element elementor-element-99775a7 elementor-widget elementor-widget-text-editor" data-id="99775a7" data-element_type="widget" data-e-type="widget" data-widget_type="text-editor.default">
				<div class="elementor-widget-container">
									<p class="text-muted aniview centerTXT"><a title="Beiträge von ICSEB" href="https://institutchiaribcn.com/de/author/chiari/" rel="author">ICSEB</a>, 19 Juni, 2015</p><p><strong>– VERORDNUNG (EG) Nr. 883/2004 DES EUROPÄISCHEN PARLAMENTS UND DES RATES vom 29. April 2004 zur Koordinierung der Systeme der sozialen Sicherheit.</strong></p><p><a href="https://eur-lex.europa.eu/legal-content/DE/TXT/PDF/?uri=CELEX:32004R0883&amp;from=DE">https://eur-lex.europa.eu/legal-content/DE/TXT/PDF/?uri=CELEX:32004R0883&amp;from=DE</a></p><p> </p><p><strong>– VERORDNUNG (EG) Nr. 987/2009 DES EUROPÄISCHEN PARLAMENTS UND DES RATES vom 16. September 2009 zur Festlegung der Modalitäten für die Durchführung der Verordnung (EG) Nr. 883/2004 über die Koordinierung der Systeme der sozialen Sicherheit. </strong></p><p><a href="https://eur-lex.europa.eu/legal-content/DE/TXT/PDF/?uri=CELEX:32009R0987&amp;from=DE">https://eur-lex.europa.eu/legal-content/DE/TXT/PDF/?uri=CELEX:32009R0987&amp;from=DE</a></p><p> </p><p><strong>– RICHTLINIE 2011/24/EU DES EUROPÄISCHEN PARLAMENTS UND DES RATES vom 9. März 2011 über die Ausübung der Patientenrechte in der grenzüberschreitenden Gesundheitsversorgung.</strong></p><p><a href="https://eur-lex.europa.eu/LexUriServ/LexUriServ.do?uri=OJ:L:2011:088:0045:0065:DE:PDF">https://eur-lex.europa.eu/LexUriServ/LexUriServ.do?uri=OJ:L:2011:088:0045:0065:DE:PDF</a></p>								</div>
				</div>
					</div>
				</div>
				</div>

<p>Anwendbares eu Recht ICSEB, 19 Juni, 2015 – VERORDNUNG (EG) Nr. 883/2004 DES EUROPÄISCHEN PARLAMENTS UND DES RATES vom 29. April 2004 zur Koordinierung der Systeme der sozialen Sicherheit. https://eur-lex.europa.eu/legal-content/DE/TXT/PDF/?uri=CELEX:32004R0883&amp;from=DE – VERORDNUNG (EG) Nr. 987/2009 DES EUROPÄISCHEN PARLAMENTS UND DES RATES vom 16. September 2009 zur Festlegung der Modalitäten für die Durchführung der Verordnung (EG) [&hellip;]</p>

<!-- This site is optimized with the Yoast SEO plugin v27.4 - https://yoast.com/product/yoast-seo-wordpress/ -->
<title>Anwendbares EU‑Recht im Gesundheitskontext | ICSEB</title>
<meta name="description" content="Überblick über anwendbares EU‑Recht im medizinischen Bereich, Regulierung und Patientenschutz bei ICSEB-Behandlungen." />
<meta name="robots" content="index, follow, max-snippet:-1, max-image-preview:large, max-video-preview:-1" />
<link rel="canonical" href="https://institutchiaribcn.com/de/anwendbares-eu-recht/" />
<meta property="og:locale" content="de_DE" />
<meta property="og:type" content="article" />
<meta property="og:title" content="Anwendbares EU‑Recht im Gesundheitskontext | ICSEB" />
<meta property="og:description" content="Überblick über anwendbares EU‑Recht im medizinischen Bereich, Regulierung und Patientenschutz bei ICSEB-Behandlungen." />
<meta property="og:url" content="https://institutchiaribcn.com/de/anwendbares-eu-recht/" />
<meta property="og:site_name" content="Institut Chiari" />
<meta property="article:modified_time" content="2026-02-19T10:30:19+00:00" />
<meta name="twitter:card" content="summary_large_image" />
<meta name="twitter:label1" content="Geschätzte Lesezeit" />
	<meta name="twitter:data1" content="1 Minute" />
<script type="application/ld+json" class="yoast-schema-graph">{"@context":"https:\/\/schema.org","@graph":[{"@type":"WebPage","@id":"https:\/\/institutchiaribcn.com\/de\/anwendbares-eu-recht\/","url":"https:\/\/institutchiaribcn.com\/de\/anwendbares-eu-recht\/","name":"Anwendbares EU‑Recht im Gesundheitskontext | ICSEB","isPartOf":{"@id":"https:\/\/institutchiaribcn.com\/de\/#website"},"datePublished":"2025-10-31T12:09:24+00:00","dateModified":"2026-02-19T10:30:19+00:00","description":"Überblick über anwendbares EU‑Recht im medizinischen Bereich, Regulierung und Patientenschutz bei ICSEB-Behandlungen.","breadcrumb":{"@id":"https:\/\/institutchiaribcn.com\/de\/anwendbares-eu-recht\/#breadcrumb"},"inLanguage":"de","potentialAction":[{"@type":"ReadAction","target":["https:\/\/institutchiaribcn.com\/de\/anwendbares-eu-recht\/"]}]},{"@type":"BreadcrumbList","@id":"https:\/\/institutchiaribcn.com\/de\/anwendbares-eu-recht\/#breadcrumb","itemListElement":[{"@type":"ListItem","position":1,"name":"Portada","item":"https:\/\/institutchiaribcn.com\/de\/"},{"@type":"ListItem","position":2,"name":"Anwendbares eu Recht"}]},{"@type":"WebSite","@id":"https:\/\/institutchiaribcn.com\/de\/#website","url":"https:\/\/institutchiaribcn.com\/de\/","name":"Institut Chiari de Barcelona","description":"","publisher":{"@id":"https:\/\/institutchiaribcn.com\/de\/#organization"},"potentialAction":[{"@type":"SearchAction","target":{"@type":"EntryPoint","urlTemplate":"https:\/\/institutchiaribcn.com\/de\/?s={search_term_string}"},"query-input":{"@type":"PropertyValueSpecification","valueRequired":true,"valueName":"search_term_string"}}],"inLanguage":"de"},{"@type":"Organization","@id":"https:\/\/institutchiaribcn.com\/de\/#organization","name":"Institut Chiari de Barcelona","url":"https:\/\/institutchiaribcn.com\/de\/","logo":{"@type":"ImageObject","inLanguage":"de","@id":"https:\/\/institutchiaribcn.com\/de\/#\/schema\/logo\/image\/","url":"https:\/\/institutchiaribcn.com\/wp-content\/uploads\/2025\/10\/cropped-cropped-icsebNavLogo-1.png","contentUrl":"https:\/\/institutchiaribcn.com\/wp-content\/uploads\/2025\/10\/cropped-cropped-icsebNavLogo-1.png","width":245,"height":99,"caption":"Institut Chiari de Barcelona"},"image":{"@id":"https:\/\/institutchiaribcn.com\/de\/#\/schema\/logo\/image\/"}}]}</script>
<!-- / Yoast SEO plugin. -->

Überblick über anwendbares EU‑Recht im medizinischen Bereich, Regulierung und Patientenschutz bei ICSEB-Behandlungen.
