{"id":87868,"date":"2011-11-18T00:00:00","date_gmt":"2011-11-17T23:00:00","guid":{"rendered":"https:\/\/dev.institutchiaribcn.com\/comunicacion\/neue-mitarbeiter\/"},"modified":"2026-04-02T10:26:37","modified_gmt":"2026-04-02T08:26:37","slug":"neue-mitarbeiter","status":"publish","type":"comunicacion","link":"https:\/\/institutchiaribcn.com\/de\/neue-mitarbeiter\/","title":{"rendered":"Neue Mitarbeiter"},"content":{"rendered":"<p class=\"text-muted aniview centerTXT\"><a title=\"Beitr\u00e4ge von ICSEB\" href=\"https:\/\/institutchiaribcn.com\/de\/author\/anoop\/\" rel=\"author\">ICSEB<\/a>, 14 M\u00e4rz, 2011<\/p>\n<p style=\"text-align: justify;\">Wir freuen uns Ihnen mitzuteilen, dass das Institut Chiari ab M\u00e4rz zwei neue Mitarbeiterinnen in Ihren Reihen begr\u00fc\u00dft, die\u00a0 sich der\u00a0<strong>deutschen, rum\u00e4nischen, polnischen und portugiesischen<\/strong>\u00a0Patienten annehmen werden und somit dazu beitragen unser Wissen \u00fcber die Behandlung von Krankheiten, die mit einer erh\u00f6hten Zugkraft auf das R\u00fcckenmark in Verbindung gebracht werden, an mehr Betroffene weltweit weiterzugeben.<\/p>\n<p style=\"text-align: justify;\">Wir hei\u00dfen unsere neuen Mitarbeiterinnen willkommen und w\u00fcnschen Ihnen eine angenehme und ertragreiche Zeit am Institut Chiari.<\/p>\n","protected":false},"featured_media":31146,"template":"","tipos-de-comunicacion":[514],"class_list":["post-87868","comunicacion","type-comunicacion","status-publish","has-post-thumbnail","hentry","tipos-de-comunicacion-mitteilungen-neuigkeiten"],"yoast_head":"<!-- This site is optimized with the Yoast SEO plugin v27.4 - https:\/\/yoast.com\/product\/yoast-seo-wordpress\/ -->\n<title>Neue Mitarbeiter bei Institut Chiari Barcelona<\/title>\n<meta name=\"description\" content=\"Das ICSEB stellt neue Mitarbeiter vor und st\u00e4rkt sein Team zur Verbesserung der Patientenbetreuung und medizinischen Versorgung.\" \/>\n<meta name=\"robots\" content=\"index, follow, max-snippet:-1, max-image-preview:large, max-video-preview:-1\" \/>\n<link rel=\"canonical\" href=\"https:\/\/institutchiaribcn.com\/de\/neue-mitarbeiter\/\" \/>\n<meta property=\"og:locale\" content=\"de_DE\" \/>\n<meta property=\"og:type\" content=\"article\" \/>\n<meta property=\"og:title\" content=\"Neue Mitarbeiter bei Institut Chiari Barcelona\" \/>\n<meta property=\"og:description\" content=\"Das ICSEB stellt neue Mitarbeiter vor und st\u00e4rkt sein Team zur Verbesserung der Patientenbetreuung und medizinischen Versorgung.\" \/>\n<meta property=\"og:url\" content=\"https:\/\/institutchiaribcn.com\/de\/neue-mitarbeiter\/\" \/>\n<meta property=\"og:site_name\" content=\"Institut Chiari\" \/>\n<meta property=\"article:modified_time\" content=\"2026-04-02T08:26:37+00:00\" \/>\n<meta property=\"og:image\" content=\"https:\/\/institutchiaribcn.com\/wp-content\/uploads\/2025\/06\/Reportaje-de-la-V-Reunion-en-Trieste-2.jpg\" \/>\n\t<meta property=\"og:image:width\" content=\"200\" \/>\n\t<meta property=\"og:image:height\" content=\"200\" \/>\n\t<meta property=\"og:image:type\" content=\"image\/jpeg\" \/>\n<meta name=\"twitter:card\" content=\"summary_large_image\" \/>\n<meta name=\"twitter:label1\" content=\"Gesch\u00e4tzte Lesezeit\" \/>\n\t<meta name=\"twitter:data1\" content=\"1\u00a0Minute\" \/>\n<script type=\"application\/ld+json\" class=\"yoast-schema-graph\">{\"@context\":\"https:\\\/\\\/schema.org\",\"@graph\":[{\"@type\":\"WebPage\",\"@id\":\"https:\\\/\\\/institutchiaribcn.com\\\/de\\\/neue-mitarbeiter\\\/\",\"url\":\"https:\\\/\\\/institutchiaribcn.com\\\/de\\\/neue-mitarbeiter\\\/\",\"name\":\"Neue Mitarbeiter bei Institut Chiari Barcelona\",\"isPartOf\":{\"@id\":\"https:\\\/\\\/institutchiaribcn.com\\\/de\\\/#website\"},\"primaryImageOfPage\":{\"@id\":\"https:\\\/\\\/institutchiaribcn.com\\\/de\\\/neue-mitarbeiter\\\/#primaryimage\"},\"image\":{\"@id\":\"https:\\\/\\\/institutchiaribcn.com\\\/de\\\/neue-mitarbeiter\\\/#primaryimage\"},\"thumbnailUrl\":\"https:\\\/\\\/institutchiaribcn.com\\\/wp-content\\\/uploads\\\/2025\\\/06\\\/Reportaje-de-la-V-Reunion-en-Trieste-2.jpg\",\"datePublished\":\"2011-11-17T23:00:00+00:00\",\"dateModified\":\"2026-04-02T08:26:37+00:00\",\"description\":\"Das ICSEB stellt neue Mitarbeiter vor und st\u00e4rkt sein Team zur Verbesserung der Patientenbetreuung und medizinischen Versorgung.\",\"breadcrumb\":{\"@id\":\"https:\\\/\\\/institutchiaribcn.com\\\/de\\\/neue-mitarbeiter\\\/#breadcrumb\"},\"inLanguage\":\"de\",\"potentialAction\":[{\"@type\":\"ReadAction\",\"target\":[\"https:\\\/\\\/institutchiaribcn.com\\\/de\\\/neue-mitarbeiter\\\/\"]}]},{\"@type\":\"ImageObject\",\"inLanguage\":\"de\",\"@id\":\"https:\\\/\\\/institutchiaribcn.com\\\/de\\\/neue-mitarbeiter\\\/#primaryimage\",\"url\":\"https:\\\/\\\/institutchiaribcn.com\\\/wp-content\\\/uploads\\\/2025\\\/06\\\/Reportaje-de-la-V-Reunion-en-Trieste-2.jpg\",\"contentUrl\":\"https:\\\/\\\/institutchiaribcn.com\\\/wp-content\\\/uploads\\\/2025\\\/06\\\/Reportaje-de-la-V-Reunion-en-Trieste-2.jpg\",\"width\":200,\"height\":200},{\"@type\":\"BreadcrumbList\",\"@id\":\"https:\\\/\\\/institutchiaribcn.com\\\/de\\\/neue-mitarbeiter\\\/#breadcrumb\",\"itemListElement\":[{\"@type\":\"ListItem\",\"position\":1,\"name\":\"Portada\",\"item\":\"https:\\\/\\\/institutchiaribcn.com\\\/de\\\/\"},{\"@type\":\"ListItem\",\"position\":2,\"name\":\"Comunicaci\u00f3n\",\"item\":\"https:\\\/\\\/institutchiaribcn.com\\\/de\\\/comunicacion\\\/\"},{\"@type\":\"ListItem\",\"position\":3,\"name\":\"Neue Mitarbeiter\"}]},{\"@type\":\"WebSite\",\"@id\":\"https:\\\/\\\/institutchiaribcn.com\\\/de\\\/#website\",\"url\":\"https:\\\/\\\/institutchiaribcn.com\\\/de\\\/\",\"name\":\"Institut Chiari de Barcelona\",\"description\":\"\",\"publisher\":{\"@id\":\"https:\\\/\\\/institutchiaribcn.com\\\/de\\\/#organization\"},\"potentialAction\":[{\"@type\":\"SearchAction\",\"target\":{\"@type\":\"EntryPoint\",\"urlTemplate\":\"https:\\\/\\\/institutchiaribcn.com\\\/de\\\/?s={search_term_string}\"},\"query-input\":{\"@type\":\"PropertyValueSpecification\",\"valueRequired\":true,\"valueName\":\"search_term_string\"}}],\"inLanguage\":\"de\"},{\"@type\":\"Organization\",\"@id\":\"https:\\\/\\\/institutchiaribcn.com\\\/de\\\/#organization\",\"name\":\"Institut Chiari de Barcelona\",\"url\":\"https:\\\/\\\/institutchiaribcn.com\\\/de\\\/\",\"logo\":{\"@type\":\"ImageObject\",\"inLanguage\":\"de\",\"@id\":\"https:\\\/\\\/institutchiaribcn.com\\\/de\\\/#\\\/schema\\\/logo\\\/image\\\/\",\"url\":\"https:\\\/\\\/institutchiaribcn.com\\\/wp-content\\\/uploads\\\/2025\\\/10\\\/cropped-cropped-icsebNavLogo-1.png\",\"contentUrl\":\"https:\\\/\\\/institutchiaribcn.com\\\/wp-content\\\/uploads\\\/2025\\\/10\\\/cropped-cropped-icsebNavLogo-1.png\",\"width\":245,\"height\":99,\"caption\":\"Institut Chiari de Barcelona\"},\"image\":{\"@id\":\"https:\\\/\\\/institutchiaribcn.com\\\/de\\\/#\\\/schema\\\/logo\\\/image\\\/\"}}]}<\/script>\n<!-- \/ Yoast SEO plugin. -->","yoast_head_json":{"title":"Neue Mitarbeiter bei Institut Chiari Barcelona","description":"Das ICSEB stellt neue Mitarbeiter vor und st\u00e4rkt sein Team zur Verbesserung der Patientenbetreuung und medizinischen Versorgung.","robots":{"index":"index","follow":"follow","max-snippet":"max-snippet:-1","max-image-preview":"max-image-preview:large","max-video-preview":"max-video-preview:-1"},"canonical":"https:\/\/institutchiaribcn.com\/de\/neue-mitarbeiter\/","og_locale":"de_DE","og_type":"article","og_title":"Neue Mitarbeiter bei Institut Chiari Barcelona","og_description":"Das ICSEB stellt neue Mitarbeiter vor und st\u00e4rkt sein Team zur Verbesserung der Patientenbetreuung und medizinischen Versorgung.","og_url":"https:\/\/institutchiaribcn.com\/de\/neue-mitarbeiter\/","og_site_name":"Institut Chiari","article_modified_time":"2026-04-02T08:26:37+00:00","og_image":[{"width":200,"height":200,"url":"https:\/\/institutchiaribcn.com\/wp-content\/uploads\/2025\/06\/Reportaje-de-la-V-Reunion-en-Trieste-2.jpg","type":"image\/jpeg"}],"twitter_card":"summary_large_image","twitter_misc":{"Gesch\u00e4tzte Lesezeit":"1\u00a0Minute"},"schema":{"@context":"https:\/\/schema.org","@graph":[{"@type":"WebPage","@id":"https:\/\/institutchiaribcn.com\/de\/neue-mitarbeiter\/","url":"https:\/\/institutchiaribcn.com\/de\/neue-mitarbeiter\/","name":"Neue Mitarbeiter bei Institut Chiari Barcelona","isPartOf":{"@id":"https:\/\/institutchiaribcn.com\/de\/#website"},"primaryImageOfPage":{"@id":"https:\/\/institutchiaribcn.com\/de\/neue-mitarbeiter\/#primaryimage"},"image":{"@id":"https:\/\/institutchiaribcn.com\/de\/neue-mitarbeiter\/#primaryimage"},"thumbnailUrl":"https:\/\/institutchiaribcn.com\/wp-content\/uploads\/2025\/06\/Reportaje-de-la-V-Reunion-en-Trieste-2.jpg","datePublished":"2011-11-17T23:00:00+00:00","dateModified":"2026-04-02T08:26:37+00:00","description":"Das ICSEB stellt neue Mitarbeiter vor und st\u00e4rkt sein Team zur Verbesserung der Patientenbetreuung und medizinischen Versorgung.","breadcrumb":{"@id":"https:\/\/institutchiaribcn.com\/de\/neue-mitarbeiter\/#breadcrumb"},"inLanguage":"de","potentialAction":[{"@type":"ReadAction","target":["https:\/\/institutchiaribcn.com\/de\/neue-mitarbeiter\/"]}]},{"@type":"ImageObject","inLanguage":"de","@id":"https:\/\/institutchiaribcn.com\/de\/neue-mitarbeiter\/#primaryimage","url":"https:\/\/institutchiaribcn.com\/wp-content\/uploads\/2025\/06\/Reportaje-de-la-V-Reunion-en-Trieste-2.jpg","contentUrl":"https:\/\/institutchiaribcn.com\/wp-content\/uploads\/2025\/06\/Reportaje-de-la-V-Reunion-en-Trieste-2.jpg","width":200,"height":200},{"@type":"BreadcrumbList","@id":"https:\/\/institutchiaribcn.com\/de\/neue-mitarbeiter\/#breadcrumb","itemListElement":[{"@type":"ListItem","position":1,"name":"Portada","item":"https:\/\/institutchiaribcn.com\/de\/"},{"@type":"ListItem","position":2,"name":"Comunicaci\u00f3n","item":"https:\/\/institutchiaribcn.com\/de\/comunicacion\/"},{"@type":"ListItem","position":3,"name":"Neue Mitarbeiter"}]},{"@type":"WebSite","@id":"https:\/\/institutchiaribcn.com\/de\/#website","url":"https:\/\/institutchiaribcn.com\/de\/","name":"Institut Chiari de Barcelona","description":"","publisher":{"@id":"https:\/\/institutchiaribcn.com\/de\/#organization"},"potentialAction":[{"@type":"SearchAction","target":{"@type":"EntryPoint","urlTemplate":"https:\/\/institutchiaribcn.com\/de\/?s={search_term_string}"},"query-input":{"@type":"PropertyValueSpecification","valueRequired":true,"valueName":"search_term_string"}}],"inLanguage":"de"},{"@type":"Organization","@id":"https:\/\/institutchiaribcn.com\/de\/#organization","name":"Institut Chiari de Barcelona","url":"https:\/\/institutchiaribcn.com\/de\/","logo":{"@type":"ImageObject","inLanguage":"de","@id":"https:\/\/institutchiaribcn.com\/de\/#\/schema\/logo\/image\/","url":"https:\/\/institutchiaribcn.com\/wp-content\/uploads\/2025\/10\/cropped-cropped-icsebNavLogo-1.png","contentUrl":"https:\/\/institutchiaribcn.com\/wp-content\/uploads\/2025\/10\/cropped-cropped-icsebNavLogo-1.png","width":245,"height":99,"caption":"Institut Chiari de Barcelona"},"image":{"@id":"https:\/\/institutchiaribcn.com\/de\/#\/schema\/logo\/image\/"}}]}},"_links":{"self":[{"href":"https:\/\/institutchiaribcn.com\/de\/wp-json\/wp\/v2\/comunicacion\/87868","targetHints":{"allow":["GET"]}}],"collection":[{"href":"https:\/\/institutchiaribcn.com\/de\/wp-json\/wp\/v2\/comunicacion"}],"about":[{"href":"https:\/\/institutchiaribcn.com\/de\/wp-json\/wp\/v2\/types\/comunicacion"}],"wp:featuredmedia":[{"embeddable":true,"href":"https:\/\/institutchiaribcn.com\/de\/wp-json\/wp\/v2\/media\/31146"}],"wp:attachment":[{"href":"https:\/\/institutchiaribcn.com\/de\/wp-json\/wp\/v2\/media?parent=87868"}],"wp:term":[{"taxonomy":"tipos-de-comunicacion","embeddable":true,"href":"https:\/\/institutchiaribcn.com\/de\/wp-json\/wp\/v2\/tipos-de-comunicacion?post=87868"}],"curies":[{"name":"wp","href":"https:\/\/api.w.org\/{rel}","templated":true}]}}

<p class="text-muted aniview centerTXT"><a title="Beiträge von ICSEB" href="https://institutchiaribcn.com/de/author/anoop/" rel="author">ICSEB</a>, 14 März, 2011</p>
<p style="text-align: justify;">Wir freuen uns Ihnen mitzuteilen, dass das Institut Chiari ab März zwei neue Mitarbeiterinnen in Ihren Reihen begrüßt, die  sich der <strong>deutschen, rumänischen, polnischen und portugiesischen</strong> Patienten annehmen werden und somit dazu beitragen unser Wissen über die Behandlung von Krankheiten, die mit einer erhöhten Zugkraft auf das Rückenmark in Verbindung gebracht werden, an mehr Betroffene weltweit weiterzugeben.</p>
<p style="text-align: justify;">Wir heißen unsere neuen Mitarbeiterinnen willkommen und wünschen Ihnen eine angenehme und ertragreiche Zeit am Institut Chiari.</p>

<!-- This site is optimized with the Yoast SEO plugin v27.4 - https://yoast.com/product/yoast-seo-wordpress/ -->
<title>Neue Mitarbeiter bei Institut Chiari Barcelona</title>
<meta name="description" content="Das ICSEB stellt neue Mitarbeiter vor und stärkt sein Team zur Verbesserung der Patientenbetreuung und medizinischen Versorgung." />
<meta name="robots" content="index, follow, max-snippet:-1, max-image-preview:large, max-video-preview:-1" />
<link rel="canonical" href="https://institutchiaribcn.com/de/neue-mitarbeiter/" />
<meta property="og:locale" content="de_DE" />
<meta property="og:type" content="article" />
<meta property="og:title" content="Neue Mitarbeiter bei Institut Chiari Barcelona" />
<meta property="og:description" content="Das ICSEB stellt neue Mitarbeiter vor und stärkt sein Team zur Verbesserung der Patientenbetreuung und medizinischen Versorgung." />
<meta property="og:url" content="https://institutchiaribcn.com/de/neue-mitarbeiter/" />
<meta property="og:site_name" content="Institut Chiari" />
<meta property="article:modified_time" content="2026-04-02T08:26:37+00:00" />
<meta property="og:image" content="https://institutchiaribcn.com/wp-content/uploads/2025/06/Reportaje-de-la-V-Reunion-en-Trieste-2.jpg" />
	<meta property="og:image:width" content="200" />
	<meta property="og:image:height" content="200" />
	<meta property="og:image:type" content="image/jpeg" />
<meta name="twitter:card" content="summary_large_image" />
<meta name="twitter:label1" content="Geschätzte Lesezeit" />
	<meta name="twitter:data1" content="1 Minute" />
<script type="application/ld+json" class="yoast-schema-graph">{"@context":"https:\/\/schema.org","@graph":[{"@type":"WebPage","@id":"https:\/\/institutchiaribcn.com\/de\/neue-mitarbeiter\/","url":"https:\/\/institutchiaribcn.com\/de\/neue-mitarbeiter\/","name":"Neue Mitarbeiter bei Institut Chiari Barcelona","isPartOf":{"@id":"https:\/\/institutchiaribcn.com\/de\/#website"},"primaryImageOfPage":{"@id":"https:\/\/institutchiaribcn.com\/de\/neue-mitarbeiter\/#primaryimage"},"image":{"@id":"https:\/\/institutchiaribcn.com\/de\/neue-mitarbeiter\/#primaryimage"},"thumbnailUrl":"https:\/\/institutchiaribcn.com\/wp-content\/uploads\/2025\/06\/Reportaje-de-la-V-Reunion-en-Trieste-2.jpg","datePublished":"2011-11-17T23:00:00+00:00","dateModified":"2026-04-02T08:26:37+00:00","description":"Das ICSEB stellt neue Mitarbeiter vor und stärkt sein Team zur Verbesserung der Patientenbetreuung und medizinischen Versorgung.","breadcrumb":{"@id":"https:\/\/institutchiaribcn.com\/de\/neue-mitarbeiter\/#breadcrumb"},"inLanguage":"de","potentialAction":[{"@type":"ReadAction","target":["https:\/\/institutchiaribcn.com\/de\/neue-mitarbeiter\/"]}]},{"@type":"ImageObject","inLanguage":"de","@id":"https:\/\/institutchiaribcn.com\/de\/neue-mitarbeiter\/#primaryimage","url":"https:\/\/institutchiaribcn.com\/wp-content\/uploads\/2025\/06\/Reportaje-de-la-V-Reunion-en-Trieste-2.jpg","contentUrl":"https:\/\/institutchiaribcn.com\/wp-content\/uploads\/2025\/06\/Reportaje-de-la-V-Reunion-en-Trieste-2.jpg","width":200,"height":200},{"@type":"BreadcrumbList","@id":"https:\/\/institutchiaribcn.com\/de\/neue-mitarbeiter\/#breadcrumb","itemListElement":[{"@type":"ListItem","position":1,"name":"Portada","item":"https:\/\/institutchiaribcn.com\/de\/"},{"@type":"ListItem","position":2,"name":"Comunicación","item":"https:\/\/institutchiaribcn.com\/de\/comunicacion\/"},{"@type":"ListItem","position":3,"name":"Neue Mitarbeiter"}]},{"@type":"WebSite","@id":"https:\/\/institutchiaribcn.com\/de\/#website","url":"https:\/\/institutchiaribcn.com\/de\/","name":"Institut Chiari de Barcelona","description":"","publisher":{"@id":"https:\/\/institutchiaribcn.com\/de\/#organization"},"potentialAction":[{"@type":"SearchAction","target":{"@type":"EntryPoint","urlTemplate":"https:\/\/institutchiaribcn.com\/de\/?s={search_term_string}"},"query-input":{"@type":"PropertyValueSpecification","valueRequired":true,"valueName":"search_term_string"}}],"inLanguage":"de"},{"@type":"Organization","@id":"https:\/\/institutchiaribcn.com\/de\/#organization","name":"Institut Chiari de Barcelona","url":"https:\/\/institutchiaribcn.com\/de\/","logo":{"@type":"ImageObject","inLanguage":"de","@id":"https:\/\/institutchiaribcn.com\/de\/#\/schema\/logo\/image\/","url":"https:\/\/institutchiaribcn.com\/wp-content\/uploads\/2025\/10\/cropped-cropped-icsebNavLogo-1.png","contentUrl":"https:\/\/institutchiaribcn.com\/wp-content\/uploads\/2025\/10\/cropped-cropped-icsebNavLogo-1.png","width":245,"height":99,"caption":"Institut Chiari de Barcelona"},"image":{"@id":"https:\/\/institutchiaribcn.com\/de\/#\/schema\/logo\/image\/"}}]}</script>
<!-- / Yoast SEO plugin. -->

Das ICSEB stellt neue Mitarbeiter vor und stärkt sein Team zur Verbesserung der Patientenbetreuung und medizinischen Versorgung.

Comunicación
