{"id":87654,"date":"2014-07-28T00:00:00","date_gmt":"2014-07-27T22:00:00","guid":{"rendered":"https:\/\/dev.institutchiaribcn.com\/comunicacion\/wir-stellen-die-abteilung-management-und-kommunikation-vor\/"},"modified":"2026-02-20T09:59:42","modified_gmt":"2026-02-20T08:59:42","slug":"wir-stellen-die-abteilung-management-und-kommunikation-vor","status":"publish","type":"comunicacion","link":"https:\/\/institutchiaribcn.com\/de\/wir-stellen-die-abteilung-management-und-kommunikation-vor\/","title":{"rendered":"Wir stellen die Abteilung Management und Kommunikation vor."},"content":{"rendered":"<p class=\"text-muted aniview centerTXT\"><a title=\"Beitr\u00e4ge von ICSEB\" href=\"https:\/\/institutchiaribcn.com\/de\/author\/anoop\/\" rel=\"author\">ICSEB<\/a>, 6 M\u00e4rz, 2014<\/p>\n<p style=\"text-align: justify;\">Barcelona, am 1. M\u00e4rz 2014<\/p>\n<p style=\"text-align: justify;\">Die Leitung des\u201cInstitut Chiari &amp; Siringomielia &amp; Escoliosis de Barcelona\u201d m\u00f6chte mit Ihnen die Neuigkeit der Erschaffung der\u00a0<strong>Abteilung \u201cManagement und Kommunikation\u201d<\/strong>\u00a0teilen.<\/p>\n<p style=\"text-align: justify;\">Die gegenw\u00e4rtige Konsolidierung der Filum System\u00ae Methode und das wachsende internationale Interesse an der \u201cFilum Krankheit\u201d, haben es notwendig gemacht, das \u201cInstitut Chiari &amp; Siringomielia &amp; Escoliosis de Barcelona\u201d mit einer den neuen Herausforderungen der Einrichtung angemessenen Abteilung auszustatten.<\/p>\n<p style=\"text-align: justify;\">Die Abteilung \u201cManagement und Kommunikation\u201d wird von\u00a0<strong>Herrn Xavier Ant\u00f3n<\/strong>\u00a0geleitet werden.<\/p>\n<p style=\"text-align: justify;\">Herr Xavier Ant\u00f3n ist praktizierender Anwalt und Fachmann f\u00fcr Internationale Beziehungen mit Abschl\u00fcssen von verschiedenen Universit\u00e4ten. Er stammt aus der Welt des Gesundheitswesens, er hat ein reiches Arbeitsleben von mehr als zwanzig Jahren vorzuweisen, er hat Institute an anerkannten Privateinrichtungen (Centro M\u00e9dico Teknon) und Abteilungen von Krankenhausgruppen von internationaler Bedeutung (Sanitas Hospitales \u2013 BUPA) geleitet.<\/p>\n<p style=\"text-align: justify;\">Wir m\u00f6chten diese M\u00f6glichkeit nutzen, ihm eine hervorragende Karriere zu w\u00fcnschen, in dem Wissen, dass er die Bem\u00fchungen um \u00a0die Gesundheit der Patienten nicht aus den Augen verlieren wird.<\/p>\n","protected":false},"featured_media":87655,"template":"","tipos-de-comunicacion":[514],"class_list":["post-87654","comunicacion","type-comunicacion","status-publish","has-post-thumbnail","hentry","tipos-de-comunicacion-mitteilungen-neuigkeiten"],"yoast_head":"<!-- This site is optimized with the Yoast SEO plugin v27.4 - https:\/\/yoast.com\/product\/yoast-seo-wordpress\/ -->\n<title>Abteilung Management und Kommunikation | ICSEB<\/title>\n<meta name=\"description\" content=\"Die Abteilung Management und Kommunikation des ICSEB koordiniert Patientenbetreuung, Organisation und Information vor der Behandlung.\" \/>\n<meta name=\"robots\" content=\"index, follow, max-snippet:-1, max-image-preview:large, max-video-preview:-1\" \/>\n<link rel=\"canonical\" href=\"https:\/\/institutchiaribcn.com\/de\/wir-stellen-die-abteilung-management-und-kommunikation-vor\/\" \/>\n<meta property=\"og:locale\" content=\"de_DE\" \/>\n<meta property=\"og:type\" content=\"article\" \/>\n<meta property=\"og:title\" content=\"Abteilung Management und Kommunikation | ICSEB\" \/>\n<meta property=\"og:description\" content=\"Die Abteilung Management und Kommunikation des ICSEB koordiniert Patientenbetreuung, Organisation und Information vor der Behandlung.\" \/>\n<meta property=\"og:url\" content=\"https:\/\/institutchiaribcn.com\/de\/wir-stellen-die-abteilung-management-und-kommunikation-vor\/\" \/>\n<meta property=\"og:site_name\" content=\"Institut Chiari\" \/>\n<meta property=\"article:modified_time\" content=\"2026-02-20T08:59:42+00:00\" \/>\n<meta property=\"og:image\" content=\"https:\/\/institutchiaribcn.com\/wp-content\/uploads\/2025\/10\/foto_Xavier_ICSEB_Chiari1-3.jpg\" \/>\n\t<meta property=\"og:image:width\" content=\"200\" \/>\n\t<meta property=\"og:image:height\" content=\"200\" \/>\n\t<meta property=\"og:image:type\" content=\"image\/jpeg\" \/>\n<meta name=\"twitter:card\" content=\"summary_large_image\" \/>\n<meta name=\"twitter:label1\" content=\"Gesch\u00e4tzte Lesezeit\" \/>\n\t<meta name=\"twitter:data1\" content=\"1\u00a0Minute\" \/>\n<script type=\"application\/ld+json\" class=\"yoast-schema-graph\">{\"@context\":\"https:\\\/\\\/schema.org\",\"@graph\":[{\"@type\":\"WebPage\",\"@id\":\"https:\\\/\\\/institutchiaribcn.com\\\/de\\\/wir-stellen-die-abteilung-management-und-kommunikation-vor\\\/\",\"url\":\"https:\\\/\\\/institutchiaribcn.com\\\/de\\\/wir-stellen-die-abteilung-management-und-kommunikation-vor\\\/\",\"name\":\"Abteilung Management und Kommunikation | ICSEB\",\"isPartOf\":{\"@id\":\"https:\\\/\\\/institutchiaribcn.com\\\/de\\\/#website\"},\"primaryImageOfPage\":{\"@id\":\"https:\\\/\\\/institutchiaribcn.com\\\/de\\\/wir-stellen-die-abteilung-management-und-kommunikation-vor\\\/#primaryimage\"},\"image\":{\"@id\":\"https:\\\/\\\/institutchiaribcn.com\\\/de\\\/wir-stellen-die-abteilung-management-und-kommunikation-vor\\\/#primaryimage\"},\"thumbnailUrl\":\"https:\\\/\\\/institutchiaribcn.com\\\/wp-content\\\/uploads\\\/2025\\\/10\\\/foto_Xavier_ICSEB_Chiari1-3.jpg\",\"datePublished\":\"2014-07-27T22:00:00+00:00\",\"dateModified\":\"2026-02-20T08:59:42+00:00\",\"description\":\"Die Abteilung Management und Kommunikation des ICSEB koordiniert Patientenbetreuung, Organisation und Information vor der Behandlung.\",\"breadcrumb\":{\"@id\":\"https:\\\/\\\/institutchiaribcn.com\\\/de\\\/wir-stellen-die-abteilung-management-und-kommunikation-vor\\\/#breadcrumb\"},\"inLanguage\":\"de\",\"potentialAction\":[{\"@type\":\"ReadAction\",\"target\":[\"https:\\\/\\\/institutchiaribcn.com\\\/de\\\/wir-stellen-die-abteilung-management-und-kommunikation-vor\\\/\"]}]},{\"@type\":\"ImageObject\",\"inLanguage\":\"de\",\"@id\":\"https:\\\/\\\/institutchiaribcn.com\\\/de\\\/wir-stellen-die-abteilung-management-und-kommunikation-vor\\\/#primaryimage\",\"url\":\"https:\\\/\\\/institutchiaribcn.com\\\/wp-content\\\/uploads\\\/2025\\\/10\\\/foto_Xavier_ICSEB_Chiari1-3.jpg\",\"contentUrl\":\"https:\\\/\\\/institutchiaribcn.com\\\/wp-content\\\/uploads\\\/2025\\\/10\\\/foto_Xavier_ICSEB_Chiari1-3.jpg\",\"width\":200,\"height\":200},{\"@type\":\"BreadcrumbList\",\"@id\":\"https:\\\/\\\/institutchiaribcn.com\\\/de\\\/wir-stellen-die-abteilung-management-und-kommunikation-vor\\\/#breadcrumb\",\"itemListElement\":[{\"@type\":\"ListItem\",\"position\":1,\"name\":\"Portada\",\"item\":\"https:\\\/\\\/institutchiaribcn.com\\\/de\\\/\"},{\"@type\":\"ListItem\",\"position\":2,\"name\":\"Comunicaci\u00f3n\",\"item\":\"https:\\\/\\\/institutchiaribcn.com\\\/de\\\/comunicacion\\\/\"},{\"@type\":\"ListItem\",\"position\":3,\"name\":\"Wir stellen die Abteilung Management und Kommunikation vor.\"}]},{\"@type\":\"WebSite\",\"@id\":\"https:\\\/\\\/institutchiaribcn.com\\\/de\\\/#website\",\"url\":\"https:\\\/\\\/institutchiaribcn.com\\\/de\\\/\",\"name\":\"Institut Chiari de Barcelona\",\"description\":\"\",\"publisher\":{\"@id\":\"https:\\\/\\\/institutchiaribcn.com\\\/de\\\/#organization\"},\"potentialAction\":[{\"@type\":\"SearchAction\",\"target\":{\"@type\":\"EntryPoint\",\"urlTemplate\":\"https:\\\/\\\/institutchiaribcn.com\\\/de\\\/?s={search_term_string}\"},\"query-input\":{\"@type\":\"PropertyValueSpecification\",\"valueRequired\":true,\"valueName\":\"search_term_string\"}}],\"inLanguage\":\"de\"},{\"@type\":\"Organization\",\"@id\":\"https:\\\/\\\/institutchiaribcn.com\\\/de\\\/#organization\",\"name\":\"Institut Chiari de Barcelona\",\"url\":\"https:\\\/\\\/institutchiaribcn.com\\\/de\\\/\",\"logo\":{\"@type\":\"ImageObject\",\"inLanguage\":\"de\",\"@id\":\"https:\\\/\\\/institutchiaribcn.com\\\/de\\\/#\\\/schema\\\/logo\\\/image\\\/\",\"url\":\"https:\\\/\\\/institutchiaribcn.com\\\/wp-content\\\/uploads\\\/2025\\\/10\\\/cropped-cropped-icsebNavLogo-1.png\",\"contentUrl\":\"https:\\\/\\\/institutchiaribcn.com\\\/wp-content\\\/uploads\\\/2025\\\/10\\\/cropped-cropped-icsebNavLogo-1.png\",\"width\":245,\"height\":99,\"caption\":\"Institut Chiari de Barcelona\"},\"image\":{\"@id\":\"https:\\\/\\\/institutchiaribcn.com\\\/de\\\/#\\\/schema\\\/logo\\\/image\\\/\"}}]}<\/script>\n<!-- \/ Yoast SEO plugin. -->","yoast_head_json":{"title":"Abteilung Management und Kommunikation | ICSEB","description":"Die Abteilung Management und Kommunikation des ICSEB koordiniert Patientenbetreuung, Organisation und Information vor der Behandlung.","robots":{"index":"index","follow":"follow","max-snippet":"max-snippet:-1","max-image-preview":"max-image-preview:large","max-video-preview":"max-video-preview:-1"},"canonical":"https:\/\/institutchiaribcn.com\/de\/wir-stellen-die-abteilung-management-und-kommunikation-vor\/","og_locale":"de_DE","og_type":"article","og_title":"Abteilung Management und Kommunikation | ICSEB","og_description":"Die Abteilung Management und Kommunikation des ICSEB koordiniert Patientenbetreuung, Organisation und Information vor der Behandlung.","og_url":"https:\/\/institutchiaribcn.com\/de\/wir-stellen-die-abteilung-management-und-kommunikation-vor\/","og_site_name":"Institut Chiari","article_modified_time":"2026-02-20T08:59:42+00:00","og_image":[{"width":200,"height":200,"url":"https:\/\/institutchiaribcn.com\/wp-content\/uploads\/2025\/10\/foto_Xavier_ICSEB_Chiari1-3.jpg","type":"image\/jpeg"}],"twitter_card":"summary_large_image","twitter_misc":{"Gesch\u00e4tzte Lesezeit":"1\u00a0Minute"},"schema":{"@context":"https:\/\/schema.org","@graph":[{"@type":"WebPage","@id":"https:\/\/institutchiaribcn.com\/de\/wir-stellen-die-abteilung-management-und-kommunikation-vor\/","url":"https:\/\/institutchiaribcn.com\/de\/wir-stellen-die-abteilung-management-und-kommunikation-vor\/","name":"Abteilung Management und Kommunikation | ICSEB","isPartOf":{"@id":"https:\/\/institutchiaribcn.com\/de\/#website"},"primaryImageOfPage":{"@id":"https:\/\/institutchiaribcn.com\/de\/wir-stellen-die-abteilung-management-und-kommunikation-vor\/#primaryimage"},"image":{"@id":"https:\/\/institutchiaribcn.com\/de\/wir-stellen-die-abteilung-management-und-kommunikation-vor\/#primaryimage"},"thumbnailUrl":"https:\/\/institutchiaribcn.com\/wp-content\/uploads\/2025\/10\/foto_Xavier_ICSEB_Chiari1-3.jpg","datePublished":"2014-07-27T22:00:00+00:00","dateModified":"2026-02-20T08:59:42+00:00","description":"Die Abteilung Management und Kommunikation des ICSEB koordiniert Patientenbetreuung, Organisation und Information vor der Behandlung.","breadcrumb":{"@id":"https:\/\/institutchiaribcn.com\/de\/wir-stellen-die-abteilung-management-und-kommunikation-vor\/#breadcrumb"},"inLanguage":"de","potentialAction":[{"@type":"ReadAction","target":["https:\/\/institutchiaribcn.com\/de\/wir-stellen-die-abteilung-management-und-kommunikation-vor\/"]}]},{"@type":"ImageObject","inLanguage":"de","@id":"https:\/\/institutchiaribcn.com\/de\/wir-stellen-die-abteilung-management-und-kommunikation-vor\/#primaryimage","url":"https:\/\/institutchiaribcn.com\/wp-content\/uploads\/2025\/10\/foto_Xavier_ICSEB_Chiari1-3.jpg","contentUrl":"https:\/\/institutchiaribcn.com\/wp-content\/uploads\/2025\/10\/foto_Xavier_ICSEB_Chiari1-3.jpg","width":200,"height":200},{"@type":"BreadcrumbList","@id":"https:\/\/institutchiaribcn.com\/de\/wir-stellen-die-abteilung-management-und-kommunikation-vor\/#breadcrumb","itemListElement":[{"@type":"ListItem","position":1,"name":"Portada","item":"https:\/\/institutchiaribcn.com\/de\/"},{"@type":"ListItem","position":2,"name":"Comunicaci\u00f3n","item":"https:\/\/institutchiaribcn.com\/de\/comunicacion\/"},{"@type":"ListItem","position":3,"name":"Wir stellen die Abteilung Management und Kommunikation vor."}]},{"@type":"WebSite","@id":"https:\/\/institutchiaribcn.com\/de\/#website","url":"https:\/\/institutchiaribcn.com\/de\/","name":"Institut Chiari de Barcelona","description":"","publisher":{"@id":"https:\/\/institutchiaribcn.com\/de\/#organization"},"potentialAction":[{"@type":"SearchAction","target":{"@type":"EntryPoint","urlTemplate":"https:\/\/institutchiaribcn.com\/de\/?s={search_term_string}"},"query-input":{"@type":"PropertyValueSpecification","valueRequired":true,"valueName":"search_term_string"}}],"inLanguage":"de"},{"@type":"Organization","@id":"https:\/\/institutchiaribcn.com\/de\/#organization","name":"Institut Chiari de Barcelona","url":"https:\/\/institutchiaribcn.com\/de\/","logo":{"@type":"ImageObject","inLanguage":"de","@id":"https:\/\/institutchiaribcn.com\/de\/#\/schema\/logo\/image\/","url":"https:\/\/institutchiaribcn.com\/wp-content\/uploads\/2025\/10\/cropped-cropped-icsebNavLogo-1.png","contentUrl":"https:\/\/institutchiaribcn.com\/wp-content\/uploads\/2025\/10\/cropped-cropped-icsebNavLogo-1.png","width":245,"height":99,"caption":"Institut Chiari de Barcelona"},"image":{"@id":"https:\/\/institutchiaribcn.com\/de\/#\/schema\/logo\/image\/"}}]}},"_links":{"self":[{"href":"https:\/\/institutchiaribcn.com\/de\/wp-json\/wp\/v2\/comunicacion\/87654","targetHints":{"allow":["GET"]}}],"collection":[{"href":"https:\/\/institutchiaribcn.com\/de\/wp-json\/wp\/v2\/comunicacion"}],"about":[{"href":"https:\/\/institutchiaribcn.com\/de\/wp-json\/wp\/v2\/types\/comunicacion"}],"wp:featuredmedia":[{"embeddable":true,"href":"https:\/\/institutchiaribcn.com\/de\/wp-json\/wp\/v2\/media\/87655"}],"wp:attachment":[{"href":"https:\/\/institutchiaribcn.com\/de\/wp-json\/wp\/v2\/media?parent=87654"}],"wp:term":[{"taxonomy":"tipos-de-comunicacion","embeddable":true,"href":"https:\/\/institutchiaribcn.com\/de\/wp-json\/wp\/v2\/tipos-de-comunicacion?post=87654"}],"curies":[{"name":"wp","href":"https:\/\/api.w.org\/{rel}","templated":true}]}}

<p class="text-muted aniview centerTXT"><a title="Beiträge von ICSEB" href="https://institutchiaribcn.com/de/author/anoop/" rel="author">ICSEB</a>, 6 März, 2014</p>
<p style="text-align: justify;">Barcelona, am 1. März 2014</p>
<p style="text-align: justify;">Die Leitung des“Institut Chiari &amp; Siringomielia &amp; Escoliosis de Barcelona” möchte mit Ihnen die Neuigkeit der Erschaffung der <strong>Abteilung “Management und Kommunikation”</strong> teilen.</p>
<p style="text-align: justify;">Die gegenwärtige Konsolidierung der Filum System® Methode und das wachsende internationale Interesse an der “Filum Krankheit”, haben es notwendig gemacht, das “Institut Chiari &amp; Siringomielia &amp; Escoliosis de Barcelona” mit einer den neuen Herausforderungen der Einrichtung angemessenen Abteilung auszustatten.</p>
<p style="text-align: justify;">Die Abteilung “Management und Kommunikation” wird von <strong>Herrn Xavier Antón</strong> geleitet werden.</p>
<p style="text-align: justify;">Herr Xavier Antón ist praktizierender Anwalt und Fachmann für Internationale Beziehungen mit Abschlüssen von verschiedenen Universitäten. Er stammt aus der Welt des Gesundheitswesens, er hat ein reiches Arbeitsleben von mehr als zwanzig Jahren vorzuweisen, er hat Institute an anerkannten Privateinrichtungen (Centro Médico Teknon) und Abteilungen von Krankenhausgruppen von internationaler Bedeutung (Sanitas Hospitales – BUPA) geleitet.</p>
<p style="text-align: justify;">Wir möchten diese Möglichkeit nutzen, ihm eine hervorragende Karriere zu wünschen, in dem Wissen, dass er die Bemühungen um  die Gesundheit der Patienten nicht aus den Augen verlieren wird.</p>

<!-- This site is optimized with the Yoast SEO plugin v27.4 - https://yoast.com/product/yoast-seo-wordpress/ -->
<title>Abteilung Management und Kommunikation | ICSEB</title>
<meta name="description" content="Die Abteilung Management und Kommunikation des ICSEB koordiniert Patientenbetreuung, Organisation und Information vor der Behandlung." />
<meta name="robots" content="index, follow, max-snippet:-1, max-image-preview:large, max-video-preview:-1" />
<link rel="canonical" href="https://institutchiaribcn.com/de/wir-stellen-die-abteilung-management-und-kommunikation-vor/" />
<meta property="og:locale" content="de_DE" />
<meta property="og:type" content="article" />
<meta property="og:title" content="Abteilung Management und Kommunikation | ICSEB" />
<meta property="og:description" content="Die Abteilung Management und Kommunikation des ICSEB koordiniert Patientenbetreuung, Organisation und Information vor der Behandlung." />
<meta property="og:url" content="https://institutchiaribcn.com/de/wir-stellen-die-abteilung-management-und-kommunikation-vor/" />
<meta property="og:site_name" content="Institut Chiari" />
<meta property="article:modified_time" content="2026-02-20T08:59:42+00:00" />
<meta property="og:image" content="https://institutchiaribcn.com/wp-content/uploads/2025/10/foto_Xavier_ICSEB_Chiari1-3.jpg" />
	<meta property="og:image:width" content="200" />
	<meta property="og:image:height" content="200" />
	<meta property="og:image:type" content="image/jpeg" />
<meta name="twitter:card" content="summary_large_image" />
<meta name="twitter:label1" content="Geschätzte Lesezeit" />
	<meta name="twitter:data1" content="1 Minute" />
<script type="application/ld+json" class="yoast-schema-graph">{"@context":"https:\/\/schema.org","@graph":[{"@type":"WebPage","@id":"https:\/\/institutchiaribcn.com\/de\/wir-stellen-die-abteilung-management-und-kommunikation-vor\/","url":"https:\/\/institutchiaribcn.com\/de\/wir-stellen-die-abteilung-management-und-kommunikation-vor\/","name":"Abteilung Management und Kommunikation | ICSEB","isPartOf":{"@id":"https:\/\/institutchiaribcn.com\/de\/#website"},"primaryImageOfPage":{"@id":"https:\/\/institutchiaribcn.com\/de\/wir-stellen-die-abteilung-management-und-kommunikation-vor\/#primaryimage"},"image":{"@id":"https:\/\/institutchiaribcn.com\/de\/wir-stellen-die-abteilung-management-und-kommunikation-vor\/#primaryimage"},"thumbnailUrl":"https:\/\/institutchiaribcn.com\/wp-content\/uploads\/2025\/10\/foto_Xavier_ICSEB_Chiari1-3.jpg","datePublished":"2014-07-27T22:00:00+00:00","dateModified":"2026-02-20T08:59:42+00:00","description":"Die Abteilung Management und Kommunikation des ICSEB koordiniert Patientenbetreuung, Organisation und Information vor der Behandlung.","breadcrumb":{"@id":"https:\/\/institutchiaribcn.com\/de\/wir-stellen-die-abteilung-management-und-kommunikation-vor\/#breadcrumb"},"inLanguage":"de","potentialAction":[{"@type":"ReadAction","target":["https:\/\/institutchiaribcn.com\/de\/wir-stellen-die-abteilung-management-und-kommunikation-vor\/"]}]},{"@type":"ImageObject","inLanguage":"de","@id":"https:\/\/institutchiaribcn.com\/de\/wir-stellen-die-abteilung-management-und-kommunikation-vor\/#primaryimage","url":"https:\/\/institutchiaribcn.com\/wp-content\/uploads\/2025\/10\/foto_Xavier_ICSEB_Chiari1-3.jpg","contentUrl":"https:\/\/institutchiaribcn.com\/wp-content\/uploads\/2025\/10\/foto_Xavier_ICSEB_Chiari1-3.jpg","width":200,"height":200},{"@type":"BreadcrumbList","@id":"https:\/\/institutchiaribcn.com\/de\/wir-stellen-die-abteilung-management-und-kommunikation-vor\/#breadcrumb","itemListElement":[{"@type":"ListItem","position":1,"name":"Portada","item":"https:\/\/institutchiaribcn.com\/de\/"},{"@type":"ListItem","position":2,"name":"Comunicación","item":"https:\/\/institutchiaribcn.com\/de\/comunicacion\/"},{"@type":"ListItem","position":3,"name":"Wir stellen die Abteilung Management und Kommunikation vor."}]},{"@type":"WebSite","@id":"https:\/\/institutchiaribcn.com\/de\/#website","url":"https:\/\/institutchiaribcn.com\/de\/","name":"Institut Chiari de Barcelona","description":"","publisher":{"@id":"https:\/\/institutchiaribcn.com\/de\/#organization"},"potentialAction":[{"@type":"SearchAction","target":{"@type":"EntryPoint","urlTemplate":"https:\/\/institutchiaribcn.com\/de\/?s={search_term_string}"},"query-input":{"@type":"PropertyValueSpecification","valueRequired":true,"valueName":"search_term_string"}}],"inLanguage":"de"},{"@type":"Organization","@id":"https:\/\/institutchiaribcn.com\/de\/#organization","name":"Institut Chiari de Barcelona","url":"https:\/\/institutchiaribcn.com\/de\/","logo":{"@type":"ImageObject","inLanguage":"de","@id":"https:\/\/institutchiaribcn.com\/de\/#\/schema\/logo\/image\/","url":"https:\/\/institutchiaribcn.com\/wp-content\/uploads\/2025\/10\/cropped-cropped-icsebNavLogo-1.png","contentUrl":"https:\/\/institutchiaribcn.com\/wp-content\/uploads\/2025\/10\/cropped-cropped-icsebNavLogo-1.png","width":245,"height":99,"caption":"Institut Chiari de Barcelona"},"image":{"@id":"https:\/\/institutchiaribcn.com\/de\/#\/schema\/logo\/image\/"}}]}</script>
<!-- / Yoast SEO plugin. -->

Comunicación
