{"id":87261,"date":"2016-01-29T00:00:00","date_gmt":"2016-01-28T23:00:00","guid":{"rendered":"https:\/\/dev.institutchiaribcn.com\/comunicacion\/in-erinnerung-an-dr-gonzalez-adrio\/"},"modified":"2026-02-23T11:31:19","modified_gmt":"2026-02-23T10:31:19","slug":"in-erinnerung-an-dr-gonzalez-adrio","status":"publish","type":"comunicacion","link":"https:\/\/institutchiaribcn.com\/de\/in-erinnerung-an-dr-gonzalez-adrio\/","title":{"rendered":"In Erinnerung an Dr. Gonz\u00e1lez-Adrio"},"content":{"rendered":"<p class=\"text-muted aniview centerTXT\"><a title=\"Beitr\u00e4ge von ICSEB\" href=\"https:\/\/institutchiaribcn.com\/de\/author\/chiari\/\" rel=\"author\">ICSEB<\/a>, 23 Juli, 2015<\/p>\n<p><img decoding=\"async\" class=\"alignright\" src=\"https:\/\/institutchiaribcn.com\/wp-content\/uploads\/2015\/09\/DrGonzalezAdrio.png\" alt=\"DrGonzalezAdrio\" \/><\/p>\n<p style=\"text-align: justify;\">Dr Rafael Gonz\u00e1lez-Adrio, Traumatologe und Mannschaftsarzt des FC Barcelona von 1972 bis 1991, verstarb am Dienstag im Alter von 80 Jahren nach langer Krankheit zu Hause. Er war ein Vorbild f\u00fcr unser Institut Chiari &amp; Siringomielia &amp; Escoliosis de Barcelona, 1993 \u00fcberwies er den ersten Fall, bei dem die Filum System<sup>\u00ae<\/sup>Behandlungsmethode angewandt wurde.<\/p>\n<p style=\"text-align: justify;\">Er ver\u00f6ffentlichte mehrere Artikel zusammen mit unserem Direktor, Dr. Royo Salvador und unterst\u00fctzte die Filum-Krankheit Theorie von Anfang an. Mit seinem Vertrauen in unsere Arbeit zeigte er immer einen gro\u00dfen Menschenverstand und wurde sogar mit den Titeln Ehrenmitarbeiter und Wohlt\u00e4ter der Chiari &amp; Scoliosis &amp; Syringomyelia Foundation ausgezeichnet.<\/p>\n<p style=\"text-align: justify;\">Wir werden ihn immer in Erinnerung haben und sind f\u00fcr seine wertvolle Zusammenarbeit sehr dankbar.<\/p>\n","protected":false},"featured_media":0,"template":"","tipos-de-comunicacion":[514],"class_list":["post-87261","comunicacion","type-comunicacion","status-publish","hentry","tipos-de-comunicacion-mitteilungen-neuigkeiten"],"yoast_head":"<!-- This site is optimized with the Yoast SEO plugin v27.4 - https:\/\/yoast.com\/product\/yoast-seo-wordpress\/ -->\n<title>In Erinnerung an Dr. Gonz\u00e1lez Adrio | ICSEB<\/title>\n<meta name=\"description\" content=\"ICSEB w\u00fcrdigt das Leben und die Arbeit von Dr. Gonz\u00e1lez Adrio und seinen Beitrag zur Medizin und zur Betreuung von Patienten.\" \/>\n<meta name=\"robots\" content=\"index, follow, max-snippet:-1, max-image-preview:large, max-video-preview:-1\" \/>\n<link rel=\"canonical\" href=\"https:\/\/institutchiaribcn.com\/de\/in-erinnerung-an-dr-gonzalez-adrio\/\" \/>\n<meta property=\"og:locale\" content=\"de_DE\" \/>\n<meta property=\"og:type\" content=\"article\" \/>\n<meta property=\"og:title\" content=\"In Erinnerung an Dr. Gonz\u00e1lez Adrio | ICSEB\" \/>\n<meta property=\"og:description\" content=\"ICSEB w\u00fcrdigt das Leben und die Arbeit von Dr. Gonz\u00e1lez Adrio und seinen Beitrag zur Medizin und zur Betreuung von Patienten.\" \/>\n<meta property=\"og:url\" content=\"https:\/\/institutchiaribcn.com\/de\/in-erinnerung-an-dr-gonzalez-adrio\/\" \/>\n<meta property=\"og:site_name\" content=\"Institut Chiari\" \/>\n<meta property=\"article:modified_time\" content=\"2026-02-23T10:31:19+00:00\" \/>\n<meta property=\"og:image\" content=\"https:\/\/institutchiaribcn.com\/wp-content\/uploads\/2015\/09\/DrGonzalezAdrio.png\" \/>\n<meta name=\"twitter:card\" content=\"summary_large_image\" \/>\n<meta name=\"twitter:label1\" content=\"Gesch\u00e4tzte Lesezeit\" \/>\n\t<meta name=\"twitter:data1\" content=\"1\u00a0Minute\" \/>\n<script type=\"application\/ld+json\" class=\"yoast-schema-graph\">{\"@context\":\"https:\\\/\\\/schema.org\",\"@graph\":[{\"@type\":\"WebPage\",\"@id\":\"https:\\\/\\\/institutchiaribcn.com\\\/de\\\/in-erinnerung-an-dr-gonzalez-adrio\\\/\",\"url\":\"https:\\\/\\\/institutchiaribcn.com\\\/de\\\/in-erinnerung-an-dr-gonzalez-adrio\\\/\",\"name\":\"In Erinnerung an Dr. Gonz\u00e1lez Adrio | ICSEB\",\"isPartOf\":{\"@id\":\"https:\\\/\\\/institutchiaribcn.com\\\/de\\\/#website\"},\"primaryImageOfPage\":{\"@id\":\"https:\\\/\\\/institutchiaribcn.com\\\/de\\\/in-erinnerung-an-dr-gonzalez-adrio\\\/#primaryimage\"},\"image\":{\"@id\":\"https:\\\/\\\/institutchiaribcn.com\\\/de\\\/in-erinnerung-an-dr-gonzalez-adrio\\\/#primaryimage\"},\"thumbnailUrl\":\"https:\\\/\\\/institutchiaribcn.com\\\/wp-content\\\/uploads\\\/2015\\\/09\\\/DrGonzalezAdrio.png\",\"datePublished\":\"2016-01-28T23:00:00+00:00\",\"dateModified\":\"2026-02-23T10:31:19+00:00\",\"description\":\"ICSEB w\u00fcrdigt das Leben und die Arbeit von Dr. Gonz\u00e1lez Adrio und seinen Beitrag zur Medizin und zur Betreuung von Patienten.\",\"breadcrumb\":{\"@id\":\"https:\\\/\\\/institutchiaribcn.com\\\/de\\\/in-erinnerung-an-dr-gonzalez-adrio\\\/#breadcrumb\"},\"inLanguage\":\"de\",\"potentialAction\":[{\"@type\":\"ReadAction\",\"target\":[\"https:\\\/\\\/institutchiaribcn.com\\\/de\\\/in-erinnerung-an-dr-gonzalez-adrio\\\/\"]}]},{\"@type\":\"ImageObject\",\"inLanguage\":\"de\",\"@id\":\"https:\\\/\\\/institutchiaribcn.com\\\/de\\\/in-erinnerung-an-dr-gonzalez-adrio\\\/#primaryimage\",\"url\":\"https:\\\/\\\/institutchiaribcn.com\\\/wp-content\\\/uploads\\\/2015\\\/09\\\/DrGonzalezAdrio.png\",\"contentUrl\":\"https:\\\/\\\/institutchiaribcn.com\\\/wp-content\\\/uploads\\\/2015\\\/09\\\/DrGonzalezAdrio.png\"},{\"@type\":\"BreadcrumbList\",\"@id\":\"https:\\\/\\\/institutchiaribcn.com\\\/de\\\/in-erinnerung-an-dr-gonzalez-adrio\\\/#breadcrumb\",\"itemListElement\":[{\"@type\":\"ListItem\",\"position\":1,\"name\":\"Portada\",\"item\":\"https:\\\/\\\/institutchiaribcn.com\\\/de\\\/\"},{\"@type\":\"ListItem\",\"position\":2,\"name\":\"Comunicaci\u00f3n\",\"item\":\"https:\\\/\\\/institutchiaribcn.com\\\/de\\\/comunicacion\\\/\"},{\"@type\":\"ListItem\",\"position\":3,\"name\":\"In Erinnerung an Dr. Gonz\u00e1lez-Adrio\"}]},{\"@type\":\"WebSite\",\"@id\":\"https:\\\/\\\/institutchiaribcn.com\\\/de\\\/#website\",\"url\":\"https:\\\/\\\/institutchiaribcn.com\\\/de\\\/\",\"name\":\"Institut Chiari de Barcelona\",\"description\":\"\",\"publisher\":{\"@id\":\"https:\\\/\\\/institutchiaribcn.com\\\/de\\\/#organization\"},\"potentialAction\":[{\"@type\":\"SearchAction\",\"target\":{\"@type\":\"EntryPoint\",\"urlTemplate\":\"https:\\\/\\\/institutchiaribcn.com\\\/de\\\/?s={search_term_string}\"},\"query-input\":{\"@type\":\"PropertyValueSpecification\",\"valueRequired\":true,\"valueName\":\"search_term_string\"}}],\"inLanguage\":\"de\"},{\"@type\":\"Organization\",\"@id\":\"https:\\\/\\\/institutchiaribcn.com\\\/de\\\/#organization\",\"name\":\"Institut Chiari de Barcelona\",\"url\":\"https:\\\/\\\/institutchiaribcn.com\\\/de\\\/\",\"logo\":{\"@type\":\"ImageObject\",\"inLanguage\":\"de\",\"@id\":\"https:\\\/\\\/institutchiaribcn.com\\\/de\\\/#\\\/schema\\\/logo\\\/image\\\/\",\"url\":\"https:\\\/\\\/institutchiaribcn.com\\\/wp-content\\\/uploads\\\/2025\\\/10\\\/cropped-cropped-icsebNavLogo-1.png\",\"contentUrl\":\"https:\\\/\\\/institutchiaribcn.com\\\/wp-content\\\/uploads\\\/2025\\\/10\\\/cropped-cropped-icsebNavLogo-1.png\",\"width\":245,\"height\":99,\"caption\":\"Institut Chiari de Barcelona\"},\"image\":{\"@id\":\"https:\\\/\\\/institutchiaribcn.com\\\/de\\\/#\\\/schema\\\/logo\\\/image\\\/\"}}]}<\/script>\n<!-- \/ Yoast SEO plugin. -->","yoast_head_json":{"title":"In Erinnerung an Dr. Gonz\u00e1lez Adrio | ICSEB","description":"ICSEB w\u00fcrdigt das Leben und die Arbeit von Dr. Gonz\u00e1lez Adrio und seinen Beitrag zur Medizin und zur Betreuung von Patienten.","robots":{"index":"index","follow":"follow","max-snippet":"max-snippet:-1","max-image-preview":"max-image-preview:large","max-video-preview":"max-video-preview:-1"},"canonical":"https:\/\/institutchiaribcn.com\/de\/in-erinnerung-an-dr-gonzalez-adrio\/","og_locale":"de_DE","og_type":"article","og_title":"In Erinnerung an Dr. Gonz\u00e1lez Adrio | ICSEB","og_description":"ICSEB w\u00fcrdigt das Leben und die Arbeit von Dr. Gonz\u00e1lez Adrio und seinen Beitrag zur Medizin und zur Betreuung von Patienten.","og_url":"https:\/\/institutchiaribcn.com\/de\/in-erinnerung-an-dr-gonzalez-adrio\/","og_site_name":"Institut Chiari","article_modified_time":"2026-02-23T10:31:19+00:00","og_image":[{"url":"https:\/\/institutchiaribcn.com\/wp-content\/uploads\/2015\/09\/DrGonzalezAdrio.png","type":"","width":"","height":""}],"twitter_card":"summary_large_image","twitter_misc":{"Gesch\u00e4tzte Lesezeit":"1\u00a0Minute"},"schema":{"@context":"https:\/\/schema.org","@graph":[{"@type":"WebPage","@id":"https:\/\/institutchiaribcn.com\/de\/in-erinnerung-an-dr-gonzalez-adrio\/","url":"https:\/\/institutchiaribcn.com\/de\/in-erinnerung-an-dr-gonzalez-adrio\/","name":"In Erinnerung an Dr. Gonz\u00e1lez Adrio | ICSEB","isPartOf":{"@id":"https:\/\/institutchiaribcn.com\/de\/#website"},"primaryImageOfPage":{"@id":"https:\/\/institutchiaribcn.com\/de\/in-erinnerung-an-dr-gonzalez-adrio\/#primaryimage"},"image":{"@id":"https:\/\/institutchiaribcn.com\/de\/in-erinnerung-an-dr-gonzalez-adrio\/#primaryimage"},"thumbnailUrl":"https:\/\/institutchiaribcn.com\/wp-content\/uploads\/2015\/09\/DrGonzalezAdrio.png","datePublished":"2016-01-28T23:00:00+00:00","dateModified":"2026-02-23T10:31:19+00:00","description":"ICSEB w\u00fcrdigt das Leben und die Arbeit von Dr. Gonz\u00e1lez Adrio und seinen Beitrag zur Medizin und zur Betreuung von Patienten.","breadcrumb":{"@id":"https:\/\/institutchiaribcn.com\/de\/in-erinnerung-an-dr-gonzalez-adrio\/#breadcrumb"},"inLanguage":"de","potentialAction":[{"@type":"ReadAction","target":["https:\/\/institutchiaribcn.com\/de\/in-erinnerung-an-dr-gonzalez-adrio\/"]}]},{"@type":"ImageObject","inLanguage":"de","@id":"https:\/\/institutchiaribcn.com\/de\/in-erinnerung-an-dr-gonzalez-adrio\/#primaryimage","url":"https:\/\/institutchiaribcn.com\/wp-content\/uploads\/2015\/09\/DrGonzalezAdrio.png","contentUrl":"https:\/\/institutchiaribcn.com\/wp-content\/uploads\/2015\/09\/DrGonzalezAdrio.png"},{"@type":"BreadcrumbList","@id":"https:\/\/institutchiaribcn.com\/de\/in-erinnerung-an-dr-gonzalez-adrio\/#breadcrumb","itemListElement":[{"@type":"ListItem","position":1,"name":"Portada","item":"https:\/\/institutchiaribcn.com\/de\/"},{"@type":"ListItem","position":2,"name":"Comunicaci\u00f3n","item":"https:\/\/institutchiaribcn.com\/de\/comunicacion\/"},{"@type":"ListItem","position":3,"name":"In Erinnerung an Dr. Gonz\u00e1lez-Adrio"}]},{"@type":"WebSite","@id":"https:\/\/institutchiaribcn.com\/de\/#website","url":"https:\/\/institutchiaribcn.com\/de\/","name":"Institut Chiari de Barcelona","description":"","publisher":{"@id":"https:\/\/institutchiaribcn.com\/de\/#organization"},"potentialAction":[{"@type":"SearchAction","target":{"@type":"EntryPoint","urlTemplate":"https:\/\/institutchiaribcn.com\/de\/?s={search_term_string}"},"query-input":{"@type":"PropertyValueSpecification","valueRequired":true,"valueName":"search_term_string"}}],"inLanguage":"de"},{"@type":"Organization","@id":"https:\/\/institutchiaribcn.com\/de\/#organization","name":"Institut Chiari de Barcelona","url":"https:\/\/institutchiaribcn.com\/de\/","logo":{"@type":"ImageObject","inLanguage":"de","@id":"https:\/\/institutchiaribcn.com\/de\/#\/schema\/logo\/image\/","url":"https:\/\/institutchiaribcn.com\/wp-content\/uploads\/2025\/10\/cropped-cropped-icsebNavLogo-1.png","contentUrl":"https:\/\/institutchiaribcn.com\/wp-content\/uploads\/2025\/10\/cropped-cropped-icsebNavLogo-1.png","width":245,"height":99,"caption":"Institut Chiari de Barcelona"},"image":{"@id":"https:\/\/institutchiaribcn.com\/de\/#\/schema\/logo\/image\/"}}]}},"_links":{"self":[{"href":"https:\/\/institutchiaribcn.com\/de\/wp-json\/wp\/v2\/comunicacion\/87261","targetHints":{"allow":["GET"]}}],"collection":[{"href":"https:\/\/institutchiaribcn.com\/de\/wp-json\/wp\/v2\/comunicacion"}],"about":[{"href":"https:\/\/institutchiaribcn.com\/de\/wp-json\/wp\/v2\/types\/comunicacion"}],"wp:attachment":[{"href":"https:\/\/institutchiaribcn.com\/de\/wp-json\/wp\/v2\/media?parent=87261"}],"wp:term":[{"taxonomy":"tipos-de-comunicacion","embeddable":true,"href":"https:\/\/institutchiaribcn.com\/de\/wp-json\/wp\/v2\/tipos-de-comunicacion?post=87261"}],"curies":[{"name":"wp","href":"https:\/\/api.w.org\/{rel}","templated":true}]}}

In Erinnerung an Dr. González-Adrio

<p class="text-muted aniview centerTXT"><a title="Beiträge von ICSEB" href="https://institutchiaribcn.com/de/author/chiari/" rel="author">ICSEB</a>, 23 Juli, 2015</p>
<p><img decoding="async" class="alignright" src="https://institutchiaribcn.com/wp-content/uploads/2015/09/DrGonzalezAdrio.png" alt="DrGonzalezAdrio" /></p>
<p style="text-align: justify;">Dr Rafael González-Adrio, Traumatologe und Mannschaftsarzt des FC Barcelona von 1972 bis 1991, verstarb am Dienstag im Alter von 80 Jahren nach langer Krankheit zu Hause. Er war ein Vorbild für unser Institut Chiari &amp; Siringomielia &amp; Escoliosis de Barcelona, 1993 überwies er den ersten Fall, bei dem die Filum System<sup>®</sup>Behandlungsmethode angewandt wurde.</p>
<p style="text-align: justify;">Er veröffentlichte mehrere Artikel zusammen mit unserem Direktor, Dr. Royo Salvador und unterstützte die Filum-Krankheit Theorie von Anfang an. Mit seinem Vertrauen in unsere Arbeit zeigte er immer einen großen Menschenverstand und wurde sogar mit den Titeln Ehrenmitarbeiter und Wohltäter der Chiari &amp; Scoliosis &amp; Syringomyelia Foundation ausgezeichnet.</p>
<p style="text-align: justify;">Wir werden ihn immer in Erinnerung haben und sind für seine wertvolle Zusammenarbeit sehr dankbar.</p>

<!-- This site is optimized with the Yoast SEO plugin v27.4 - https://yoast.com/product/yoast-seo-wordpress/ -->
<title>In Erinnerung an Dr. González Adrio | ICSEB</title>
<meta name="description" content="ICSEB würdigt das Leben und die Arbeit von Dr. González Adrio und seinen Beitrag zur Medizin und zur Betreuung von Patienten." />
<meta name="robots" content="index, follow, max-snippet:-1, max-image-preview:large, max-video-preview:-1" />
<link rel="canonical" href="https://institutchiaribcn.com/de/in-erinnerung-an-dr-gonzalez-adrio/" />
<meta property="og:locale" content="de_DE" />
<meta property="og:type" content="article" />
<meta property="og:title" content="In Erinnerung an Dr. González Adrio | ICSEB" />
<meta property="og:description" content="ICSEB würdigt das Leben und die Arbeit von Dr. González Adrio und seinen Beitrag zur Medizin und zur Betreuung von Patienten." />
<meta property="og:url" content="https://institutchiaribcn.com/de/in-erinnerung-an-dr-gonzalez-adrio/" />
<meta property="og:site_name" content="Institut Chiari" />
<meta property="article:modified_time" content="2026-02-23T10:31:19+00:00" />
<meta property="og:image" content="https://institutchiaribcn.com/wp-content/uploads/2015/09/DrGonzalezAdrio.png" />
<meta name="twitter:card" content="summary_large_image" />
<meta name="twitter:label1" content="Geschätzte Lesezeit" />
	<meta name="twitter:data1" content="1 Minute" />
<script type="application/ld+json" class="yoast-schema-graph">{"@context":"https:\/\/schema.org","@graph":[{"@type":"WebPage","@id":"https:\/\/institutchiaribcn.com\/de\/in-erinnerung-an-dr-gonzalez-adrio\/","url":"https:\/\/institutchiaribcn.com\/de\/in-erinnerung-an-dr-gonzalez-adrio\/","name":"In Erinnerung an Dr. González Adrio | ICSEB","isPartOf":{"@id":"https:\/\/institutchiaribcn.com\/de\/#website"},"primaryImageOfPage":{"@id":"https:\/\/institutchiaribcn.com\/de\/in-erinnerung-an-dr-gonzalez-adrio\/#primaryimage"},"image":{"@id":"https:\/\/institutchiaribcn.com\/de\/in-erinnerung-an-dr-gonzalez-adrio\/#primaryimage"},"thumbnailUrl":"https:\/\/institutchiaribcn.com\/wp-content\/uploads\/2015\/09\/DrGonzalezAdrio.png","datePublished":"2016-01-28T23:00:00+00:00","dateModified":"2026-02-23T10:31:19+00:00","description":"ICSEB würdigt das Leben und die Arbeit von Dr. González Adrio und seinen Beitrag zur Medizin und zur Betreuung von Patienten.","breadcrumb":{"@id":"https:\/\/institutchiaribcn.com\/de\/in-erinnerung-an-dr-gonzalez-adrio\/#breadcrumb"},"inLanguage":"de","potentialAction":[{"@type":"ReadAction","target":["https:\/\/institutchiaribcn.com\/de\/in-erinnerung-an-dr-gonzalez-adrio\/"]}]},{"@type":"ImageObject","inLanguage":"de","@id":"https:\/\/institutchiaribcn.com\/de\/in-erinnerung-an-dr-gonzalez-adrio\/#primaryimage","url":"https:\/\/institutchiaribcn.com\/wp-content\/uploads\/2015\/09\/DrGonzalezAdrio.png","contentUrl":"https:\/\/institutchiaribcn.com\/wp-content\/uploads\/2015\/09\/DrGonzalezAdrio.png"},{"@type":"BreadcrumbList","@id":"https:\/\/institutchiaribcn.com\/de\/in-erinnerung-an-dr-gonzalez-adrio\/#breadcrumb","itemListElement":[{"@type":"ListItem","position":1,"name":"Portada","item":"https:\/\/institutchiaribcn.com\/de\/"},{"@type":"ListItem","position":2,"name":"Comunicación","item":"https:\/\/institutchiaribcn.com\/de\/comunicacion\/"},{"@type":"ListItem","position":3,"name":"In Erinnerung an Dr. González-Adrio"}]},{"@type":"WebSite","@id":"https:\/\/institutchiaribcn.com\/de\/#website","url":"https:\/\/institutchiaribcn.com\/de\/","name":"Institut Chiari de Barcelona","description":"","publisher":{"@id":"https:\/\/institutchiaribcn.com\/de\/#organization"},"potentialAction":[{"@type":"SearchAction","target":{"@type":"EntryPoint","urlTemplate":"https:\/\/institutchiaribcn.com\/de\/?s={search_term_string}"},"query-input":{"@type":"PropertyValueSpecification","valueRequired":true,"valueName":"search_term_string"}}],"inLanguage":"de"},{"@type":"Organization","@id":"https:\/\/institutchiaribcn.com\/de\/#organization","name":"Institut Chiari de Barcelona","url":"https:\/\/institutchiaribcn.com\/de\/","logo":{"@type":"ImageObject","inLanguage":"de","@id":"https:\/\/institutchiaribcn.com\/de\/#\/schema\/logo\/image\/","url":"https:\/\/institutchiaribcn.com\/wp-content\/uploads\/2025\/10\/cropped-cropped-icsebNavLogo-1.png","contentUrl":"https:\/\/institutchiaribcn.com\/wp-content\/uploads\/2025\/10\/cropped-cropped-icsebNavLogo-1.png","width":245,"height":99,"caption":"Institut Chiari de Barcelona"},"image":{"@id":"https:\/\/institutchiaribcn.com\/de\/#\/schema\/logo\/image\/"}}]}</script>
<!-- / Yoast SEO plugin. -->

In Erinnerung an Dr. González Adrio | ICSEB

ICSEB würdigt das Leben und die Arbeit von Dr. González Adrio und seinen Beitrag zur Medizin und zur Betreuung von Patienten.

Comunicación
