{"id":86867,"date":"2018-02-28T00:00:00","date_gmt":"2018-02-27T23:00:00","guid":{"rendered":"https:\/\/dev.institutchiaribcn.com\/comunicacion\/tag-der-seltenen-erkrankungen-das-arnold-chiari-syndrom-in-10-punkten\/"},"modified":"2026-02-23T11:23:06","modified_gmt":"2026-02-23T10:23:06","slug":"tag-der-seltenen-erkrankungen-das-arnold-chiari-syndrom-in-10-punkten","status":"publish","type":"comunicacion","link":"https:\/\/institutchiaribcn.com\/de\/tag-der-seltenen-erkrankungen-das-arnold-chiari-syndrom-in-10-punkten\/","title":{"rendered":"Tag der seltenen Erkrankungen  \u00a0Das Arnold-Chiari-Syndrom in 10 Punkten"},"content":{"rendered":"<p class=\"text-muted aniview centerTXT\"><a title=\"Beitr\u00e4ge von ICSEB\" href=\"https:\/\/institutchiaribcn.com\/de\/author\/anoop\/\" rel=\"author\">ICSEB<\/a>, 28 Februar, 2018<\/p>\n<p style=\"text-align: justify;\">Am internationalen Tag der seltenen Erkrankungen schlie\u00dfen wir uns der Sache an, in dem wir unsere Mission, die Ergebnisse unserer wissenschaftlichen Arbeiten bez\u00fcglich der Ursache und der neuen Behandlung f\u00fcr Krankheiten, die bisher als selten oder von unbekannter Ursache angesehen wurden, teilen. Unter ihnen befindet sich das Arnold-Chiari-Syndrom Typ I, das sehr viel h\u00e4ufiger vorkommt als angenommen.<\/p>\n<p>Wir fassen hier in 10 Punkten mit dieser Erkrankung verbundene Schl\u00fcsselkonzepte zusammen:<\/p>\n<p><img decoding=\"async\" class=\"aligncenter\" src=\"https:\/\/institutchiaribcn.com\/wp-content\/uploads\/2018\/02\/tag-der-seltenen-erkrankungen-chiari-malformation-.png\" \/><\/p>\n","protected":false},"featured_media":86868,"template":"","tipos-de-comunicacion":[514],"class_list":["post-86867","comunicacion","type-comunicacion","status-publish","has-post-thumbnail","hentry","tipos-de-comunicacion-mitteilungen-neuigkeiten"],"yoast_head":"<!-- This site is optimized with the Yoast SEO plugin v27.4 - https:\/\/yoast.com\/product\/yoast-seo-wordpress\/ -->\n<title>Arnold-Chiari-Syndrom in 10 Punkten | ICSEB<\/title>\n<meta name=\"description\" content=\"Erfahre die 10 wichtigsten Fakten \u00fcber das Arnold-Chiari-Syndrom \u2013 Symptome, Diagnose und Behandlung erkl\u00e4rt vom ICSEB.\" \/>\n<meta name=\"robots\" content=\"index, follow, max-snippet:-1, max-image-preview:large, max-video-preview:-1\" \/>\n<link rel=\"canonical\" href=\"https:\/\/institutchiaribcn.com\/de\/tag-der-seltenen-erkrankungen-das-arnold-chiari-syndrom-in-10-punkten\/\" \/>\n<meta property=\"og:locale\" content=\"de_DE\" \/>\n<meta property=\"og:type\" content=\"article\" \/>\n<meta property=\"og:title\" content=\"Arnold-Chiari-Syndrom in 10 Punkten | ICSEB\" \/>\n<meta property=\"og:description\" content=\"Erfahre die 10 wichtigsten Fakten \u00fcber das Arnold-Chiari-Syndrom \u2013 Symptome, Diagnose und Behandlung erkl\u00e4rt vom ICSEB.\" \/>\n<meta property=\"og:url\" content=\"https:\/\/institutchiaribcn.com\/de\/tag-der-seltenen-erkrankungen-das-arnold-chiari-syndrom-in-10-punkten\/\" \/>\n<meta property=\"og:site_name\" content=\"Institut Chiari\" \/>\n<meta property=\"article:modified_time\" content=\"2026-02-23T10:23:06+00:00\" \/>\n<meta property=\"og:image\" content=\"https:\/\/institutchiaribcn.com\/wp-content\/uploads\/2025\/10\/rare-disease-day-arnold-chiari-5.jpg\" \/>\n\t<meta property=\"og:image:width\" content=\"200\" \/>\n\t<meta property=\"og:image:height\" content=\"200\" \/>\n\t<meta property=\"og:image:type\" content=\"image\/jpeg\" \/>\n<meta name=\"twitter:card\" content=\"summary_large_image\" \/>\n<meta name=\"twitter:label1\" content=\"Gesch\u00e4tzte Lesezeit\" \/>\n\t<meta name=\"twitter:data1\" content=\"1\u00a0Minute\" \/>\n<script type=\"application\/ld+json\" class=\"yoast-schema-graph\">{\"@context\":\"https:\\\/\\\/schema.org\",\"@graph\":[{\"@type\":\"WebPage\",\"@id\":\"https:\\\/\\\/institutchiaribcn.com\\\/de\\\/tag-der-seltenen-erkrankungen-das-arnold-chiari-syndrom-in-10-punkten\\\/\",\"url\":\"https:\\\/\\\/institutchiaribcn.com\\\/de\\\/tag-der-seltenen-erkrankungen-das-arnold-chiari-syndrom-in-10-punkten\\\/\",\"name\":\"Arnold-Chiari-Syndrom in 10 Punkten | ICSEB\",\"isPartOf\":{\"@id\":\"https:\\\/\\\/institutchiaribcn.com\\\/de\\\/#website\"},\"primaryImageOfPage\":{\"@id\":\"https:\\\/\\\/institutchiaribcn.com\\\/de\\\/tag-der-seltenen-erkrankungen-das-arnold-chiari-syndrom-in-10-punkten\\\/#primaryimage\"},\"image\":{\"@id\":\"https:\\\/\\\/institutchiaribcn.com\\\/de\\\/tag-der-seltenen-erkrankungen-das-arnold-chiari-syndrom-in-10-punkten\\\/#primaryimage\"},\"thumbnailUrl\":\"https:\\\/\\\/institutchiaribcn.com\\\/wp-content\\\/uploads\\\/2025\\\/10\\\/rare-disease-day-arnold-chiari-5.jpg\",\"datePublished\":\"2018-02-27T23:00:00+00:00\",\"dateModified\":\"2026-02-23T10:23:06+00:00\",\"description\":\"Erfahre die 10 wichtigsten Fakten \u00fcber das Arnold-Chiari-Syndrom \u2013 Symptome, Diagnose und Behandlung erkl\u00e4rt vom ICSEB.\",\"breadcrumb\":{\"@id\":\"https:\\\/\\\/institutchiaribcn.com\\\/de\\\/tag-der-seltenen-erkrankungen-das-arnold-chiari-syndrom-in-10-punkten\\\/#breadcrumb\"},\"inLanguage\":\"de\",\"potentialAction\":[{\"@type\":\"ReadAction\",\"target\":[\"https:\\\/\\\/institutchiaribcn.com\\\/de\\\/tag-der-seltenen-erkrankungen-das-arnold-chiari-syndrom-in-10-punkten\\\/\"]}]},{\"@type\":\"ImageObject\",\"inLanguage\":\"de\",\"@id\":\"https:\\\/\\\/institutchiaribcn.com\\\/de\\\/tag-der-seltenen-erkrankungen-das-arnold-chiari-syndrom-in-10-punkten\\\/#primaryimage\",\"url\":\"https:\\\/\\\/institutchiaribcn.com\\\/wp-content\\\/uploads\\\/2025\\\/10\\\/rare-disease-day-arnold-chiari-5.jpg\",\"contentUrl\":\"https:\\\/\\\/institutchiaribcn.com\\\/wp-content\\\/uploads\\\/2025\\\/10\\\/rare-disease-day-arnold-chiari-5.jpg\",\"width\":200,\"height\":200},{\"@type\":\"BreadcrumbList\",\"@id\":\"https:\\\/\\\/institutchiaribcn.com\\\/de\\\/tag-der-seltenen-erkrankungen-das-arnold-chiari-syndrom-in-10-punkten\\\/#breadcrumb\",\"itemListElement\":[{\"@type\":\"ListItem\",\"position\":1,\"name\":\"Portada\",\"item\":\"https:\\\/\\\/institutchiaribcn.com\\\/de\\\/\"},{\"@type\":\"ListItem\",\"position\":2,\"name\":\"Comunicaci\u00f3n\",\"item\":\"https:\\\/\\\/institutchiaribcn.com\\\/de\\\/comunicacion\\\/\"},{\"@type\":\"ListItem\",\"position\":3,\"name\":\"Tag der seltenen Erkrankungen \u00a0Das Arnold-Chiari-Syndrom in 10 Punkten\"}]},{\"@type\":\"WebSite\",\"@id\":\"https:\\\/\\\/institutchiaribcn.com\\\/de\\\/#website\",\"url\":\"https:\\\/\\\/institutchiaribcn.com\\\/de\\\/\",\"name\":\"Institut Chiari de Barcelona\",\"description\":\"\",\"publisher\":{\"@id\":\"https:\\\/\\\/institutchiaribcn.com\\\/de\\\/#organization\"},\"potentialAction\":[{\"@type\":\"SearchAction\",\"target\":{\"@type\":\"EntryPoint\",\"urlTemplate\":\"https:\\\/\\\/institutchiaribcn.com\\\/de\\\/?s={search_term_string}\"},\"query-input\":{\"@type\":\"PropertyValueSpecification\",\"valueRequired\":true,\"valueName\":\"search_term_string\"}}],\"inLanguage\":\"de\"},{\"@type\":\"Organization\",\"@id\":\"https:\\\/\\\/institutchiaribcn.com\\\/de\\\/#organization\",\"name\":\"Institut Chiari de Barcelona\",\"url\":\"https:\\\/\\\/institutchiaribcn.com\\\/de\\\/\",\"logo\":{\"@type\":\"ImageObject\",\"inLanguage\":\"de\",\"@id\":\"https:\\\/\\\/institutchiaribcn.com\\\/de\\\/#\\\/schema\\\/logo\\\/image\\\/\",\"url\":\"https:\\\/\\\/institutchiaribcn.com\\\/wp-content\\\/uploads\\\/2025\\\/10\\\/cropped-cropped-icsebNavLogo-1.png\",\"contentUrl\":\"https:\\\/\\\/institutchiaribcn.com\\\/wp-content\\\/uploads\\\/2025\\\/10\\\/cropped-cropped-icsebNavLogo-1.png\",\"width\":245,\"height\":99,\"caption\":\"Institut Chiari de Barcelona\"},\"image\":{\"@id\":\"https:\\\/\\\/institutchiaribcn.com\\\/de\\\/#\\\/schema\\\/logo\\\/image\\\/\"}}]}<\/script>\n<!-- \/ Yoast SEO plugin. -->","yoast_head_json":{"title":"Arnold-Chiari-Syndrom in 10 Punkten | ICSEB","description":"Erfahre die 10 wichtigsten Fakten \u00fcber das Arnold-Chiari-Syndrom \u2013 Symptome, Diagnose und Behandlung erkl\u00e4rt vom ICSEB.","robots":{"index":"index","follow":"follow","max-snippet":"max-snippet:-1","max-image-preview":"max-image-preview:large","max-video-preview":"max-video-preview:-1"},"canonical":"https:\/\/institutchiaribcn.com\/de\/tag-der-seltenen-erkrankungen-das-arnold-chiari-syndrom-in-10-punkten\/","og_locale":"de_DE","og_type":"article","og_title":"Arnold-Chiari-Syndrom in 10 Punkten | ICSEB","og_description":"Erfahre die 10 wichtigsten Fakten \u00fcber das Arnold-Chiari-Syndrom \u2013 Symptome, Diagnose und Behandlung erkl\u00e4rt vom ICSEB.","og_url":"https:\/\/institutchiaribcn.com\/de\/tag-der-seltenen-erkrankungen-das-arnold-chiari-syndrom-in-10-punkten\/","og_site_name":"Institut Chiari","article_modified_time":"2026-02-23T10:23:06+00:00","og_image":[{"width":200,"height":200,"url":"https:\/\/institutchiaribcn.com\/wp-content\/uploads\/2025\/10\/rare-disease-day-arnold-chiari-5.jpg","type":"image\/jpeg"}],"twitter_card":"summary_large_image","twitter_misc":{"Gesch\u00e4tzte Lesezeit":"1\u00a0Minute"},"schema":{"@context":"https:\/\/schema.org","@graph":[{"@type":"WebPage","@id":"https:\/\/institutchiaribcn.com\/de\/tag-der-seltenen-erkrankungen-das-arnold-chiari-syndrom-in-10-punkten\/","url":"https:\/\/institutchiaribcn.com\/de\/tag-der-seltenen-erkrankungen-das-arnold-chiari-syndrom-in-10-punkten\/","name":"Arnold-Chiari-Syndrom in 10 Punkten | ICSEB","isPartOf":{"@id":"https:\/\/institutchiaribcn.com\/de\/#website"},"primaryImageOfPage":{"@id":"https:\/\/institutchiaribcn.com\/de\/tag-der-seltenen-erkrankungen-das-arnold-chiari-syndrom-in-10-punkten\/#primaryimage"},"image":{"@id":"https:\/\/institutchiaribcn.com\/de\/tag-der-seltenen-erkrankungen-das-arnold-chiari-syndrom-in-10-punkten\/#primaryimage"},"thumbnailUrl":"https:\/\/institutchiaribcn.com\/wp-content\/uploads\/2025\/10\/rare-disease-day-arnold-chiari-5.jpg","datePublished":"2018-02-27T23:00:00+00:00","dateModified":"2026-02-23T10:23:06+00:00","description":"Erfahre die 10 wichtigsten Fakten \u00fcber das Arnold-Chiari-Syndrom \u2013 Symptome, Diagnose und Behandlung erkl\u00e4rt vom ICSEB.","breadcrumb":{"@id":"https:\/\/institutchiaribcn.com\/de\/tag-der-seltenen-erkrankungen-das-arnold-chiari-syndrom-in-10-punkten\/#breadcrumb"},"inLanguage":"de","potentialAction":[{"@type":"ReadAction","target":["https:\/\/institutchiaribcn.com\/de\/tag-der-seltenen-erkrankungen-das-arnold-chiari-syndrom-in-10-punkten\/"]}]},{"@type":"ImageObject","inLanguage":"de","@id":"https:\/\/institutchiaribcn.com\/de\/tag-der-seltenen-erkrankungen-das-arnold-chiari-syndrom-in-10-punkten\/#primaryimage","url":"https:\/\/institutchiaribcn.com\/wp-content\/uploads\/2025\/10\/rare-disease-day-arnold-chiari-5.jpg","contentUrl":"https:\/\/institutchiaribcn.com\/wp-content\/uploads\/2025\/10\/rare-disease-day-arnold-chiari-5.jpg","width":200,"height":200},{"@type":"BreadcrumbList","@id":"https:\/\/institutchiaribcn.com\/de\/tag-der-seltenen-erkrankungen-das-arnold-chiari-syndrom-in-10-punkten\/#breadcrumb","itemListElement":[{"@type":"ListItem","position":1,"name":"Portada","item":"https:\/\/institutchiaribcn.com\/de\/"},{"@type":"ListItem","position":2,"name":"Comunicaci\u00f3n","item":"https:\/\/institutchiaribcn.com\/de\/comunicacion\/"},{"@type":"ListItem","position":3,"name":"Tag der seltenen Erkrankungen \u00a0Das Arnold-Chiari-Syndrom in 10 Punkten"}]},{"@type":"WebSite","@id":"https:\/\/institutchiaribcn.com\/de\/#website","url":"https:\/\/institutchiaribcn.com\/de\/","name":"Institut Chiari de Barcelona","description":"","publisher":{"@id":"https:\/\/institutchiaribcn.com\/de\/#organization"},"potentialAction":[{"@type":"SearchAction","target":{"@type":"EntryPoint","urlTemplate":"https:\/\/institutchiaribcn.com\/de\/?s={search_term_string}"},"query-input":{"@type":"PropertyValueSpecification","valueRequired":true,"valueName":"search_term_string"}}],"inLanguage":"de"},{"@type":"Organization","@id":"https:\/\/institutchiaribcn.com\/de\/#organization","name":"Institut Chiari de Barcelona","url":"https:\/\/institutchiaribcn.com\/de\/","logo":{"@type":"ImageObject","inLanguage":"de","@id":"https:\/\/institutchiaribcn.com\/de\/#\/schema\/logo\/image\/","url":"https:\/\/institutchiaribcn.com\/wp-content\/uploads\/2025\/10\/cropped-cropped-icsebNavLogo-1.png","contentUrl":"https:\/\/institutchiaribcn.com\/wp-content\/uploads\/2025\/10\/cropped-cropped-icsebNavLogo-1.png","width":245,"height":99,"caption":"Institut Chiari de Barcelona"},"image":{"@id":"https:\/\/institutchiaribcn.com\/de\/#\/schema\/logo\/image\/"}}]}},"_links":{"self":[{"href":"https:\/\/institutchiaribcn.com\/de\/wp-json\/wp\/v2\/comunicacion\/86867","targetHints":{"allow":["GET"]}}],"collection":[{"href":"https:\/\/institutchiaribcn.com\/de\/wp-json\/wp\/v2\/comunicacion"}],"about":[{"href":"https:\/\/institutchiaribcn.com\/de\/wp-json\/wp\/v2\/types\/comunicacion"}],"wp:featuredmedia":[{"embeddable":true,"href":"https:\/\/institutchiaribcn.com\/de\/wp-json\/wp\/v2\/media\/86868"}],"wp:attachment":[{"href":"https:\/\/institutchiaribcn.com\/de\/wp-json\/wp\/v2\/media?parent=86867"}],"wp:term":[{"taxonomy":"tipos-de-comunicacion","embeddable":true,"href":"https:\/\/institutchiaribcn.com\/de\/wp-json\/wp\/v2\/tipos-de-comunicacion?post=86867"}],"curies":[{"name":"wp","href":"https:\/\/api.w.org\/{rel}","templated":true}]}}

<p class="text-muted aniview centerTXT"><a title="Beiträge von ICSEB" href="https://institutchiaribcn.com/de/author/anoop/" rel="author">ICSEB</a>, 28 Februar, 2018</p>
<p style="text-align: justify;">Am internationalen Tag der seltenen Erkrankungen schließen wir uns der Sache an, in dem wir unsere Mission, die Ergebnisse unserer wissenschaftlichen Arbeiten bezüglich der Ursache und der neuen Behandlung für Krankheiten, die bisher als selten oder von unbekannter Ursache angesehen wurden, teilen. Unter ihnen befindet sich das Arnold-Chiari-Syndrom Typ I, das sehr viel häufiger vorkommt als angenommen.</p>
<p>Wir fassen hier in 10 Punkten mit dieser Erkrankung verbundene Schlüsselkonzepte zusammen:</p>
<p><img decoding="async" class="aligncenter" src="https://institutchiaribcn.com/wp-content/uploads/2018/02/tag-der-seltenen-erkrankungen-chiari-malformation-.png" /></p>

<!-- This site is optimized with the Yoast SEO plugin v27.4 - https://yoast.com/product/yoast-seo-wordpress/ -->
<title>Arnold-Chiari-Syndrom in 10 Punkten | ICSEB</title>
<meta name="description" content="Erfahre die 10 wichtigsten Fakten über das Arnold-Chiari-Syndrom – Symptome, Diagnose und Behandlung erklärt vom ICSEB." />
<meta name="robots" content="index, follow, max-snippet:-1, max-image-preview:large, max-video-preview:-1" />
<link rel="canonical" href="https://institutchiaribcn.com/de/tag-der-seltenen-erkrankungen-das-arnold-chiari-syndrom-in-10-punkten/" />
<meta property="og:locale" content="de_DE" />
<meta property="og:type" content="article" />
<meta property="og:title" content="Arnold-Chiari-Syndrom in 10 Punkten | ICSEB" />
<meta property="og:description" content="Erfahre die 10 wichtigsten Fakten über das Arnold-Chiari-Syndrom – Symptome, Diagnose und Behandlung erklärt vom ICSEB." />
<meta property="og:url" content="https://institutchiaribcn.com/de/tag-der-seltenen-erkrankungen-das-arnold-chiari-syndrom-in-10-punkten/" />
<meta property="og:site_name" content="Institut Chiari" />
<meta property="article:modified_time" content="2026-02-23T10:23:06+00:00" />
<meta property="og:image" content="https://institutchiaribcn.com/wp-content/uploads/2025/10/rare-disease-day-arnold-chiari-5.jpg" />
	<meta property="og:image:width" content="200" />
	<meta property="og:image:height" content="200" />
	<meta property="og:image:type" content="image/jpeg" />
<meta name="twitter:card" content="summary_large_image" />
<meta name="twitter:label1" content="Geschätzte Lesezeit" />
	<meta name="twitter:data1" content="1 Minute" />
<script type="application/ld+json" class="yoast-schema-graph">{"@context":"https:\/\/schema.org","@graph":[{"@type":"WebPage","@id":"https:\/\/institutchiaribcn.com\/de\/tag-der-seltenen-erkrankungen-das-arnold-chiari-syndrom-in-10-punkten\/","url":"https:\/\/institutchiaribcn.com\/de\/tag-der-seltenen-erkrankungen-das-arnold-chiari-syndrom-in-10-punkten\/","name":"Arnold-Chiari-Syndrom in 10 Punkten | ICSEB","isPartOf":{"@id":"https:\/\/institutchiaribcn.com\/de\/#website"},"primaryImageOfPage":{"@id":"https:\/\/institutchiaribcn.com\/de\/tag-der-seltenen-erkrankungen-das-arnold-chiari-syndrom-in-10-punkten\/#primaryimage"},"image":{"@id":"https:\/\/institutchiaribcn.com\/de\/tag-der-seltenen-erkrankungen-das-arnold-chiari-syndrom-in-10-punkten\/#primaryimage"},"thumbnailUrl":"https:\/\/institutchiaribcn.com\/wp-content\/uploads\/2025\/10\/rare-disease-day-arnold-chiari-5.jpg","datePublished":"2018-02-27T23:00:00+00:00","dateModified":"2026-02-23T10:23:06+00:00","description":"Erfahre die 10 wichtigsten Fakten über das Arnold-Chiari-Syndrom – Symptome, Diagnose und Behandlung erklärt vom ICSEB.","breadcrumb":{"@id":"https:\/\/institutchiaribcn.com\/de\/tag-der-seltenen-erkrankungen-das-arnold-chiari-syndrom-in-10-punkten\/#breadcrumb"},"inLanguage":"de","potentialAction":[{"@type":"ReadAction","target":["https:\/\/institutchiaribcn.com\/de\/tag-der-seltenen-erkrankungen-das-arnold-chiari-syndrom-in-10-punkten\/"]}]},{"@type":"ImageObject","inLanguage":"de","@id":"https:\/\/institutchiaribcn.com\/de\/tag-der-seltenen-erkrankungen-das-arnold-chiari-syndrom-in-10-punkten\/#primaryimage","url":"https:\/\/institutchiaribcn.com\/wp-content\/uploads\/2025\/10\/rare-disease-day-arnold-chiari-5.jpg","contentUrl":"https:\/\/institutchiaribcn.com\/wp-content\/uploads\/2025\/10\/rare-disease-day-arnold-chiari-5.jpg","width":200,"height":200},{"@type":"BreadcrumbList","@id":"https:\/\/institutchiaribcn.com\/de\/tag-der-seltenen-erkrankungen-das-arnold-chiari-syndrom-in-10-punkten\/#breadcrumb","itemListElement":[{"@type":"ListItem","position":1,"name":"Portada","item":"https:\/\/institutchiaribcn.com\/de\/"},{"@type":"ListItem","position":2,"name":"Comunicación","item":"https:\/\/institutchiaribcn.com\/de\/comunicacion\/"},{"@type":"ListItem","position":3,"name":"Tag der seltenen Erkrankungen  Das Arnold-Chiari-Syndrom in 10 Punkten"}]},{"@type":"WebSite","@id":"https:\/\/institutchiaribcn.com\/de\/#website","url":"https:\/\/institutchiaribcn.com\/de\/","name":"Institut Chiari de Barcelona","description":"","publisher":{"@id":"https:\/\/institutchiaribcn.com\/de\/#organization"},"potentialAction":[{"@type":"SearchAction","target":{"@type":"EntryPoint","urlTemplate":"https:\/\/institutchiaribcn.com\/de\/?s={search_term_string}"},"query-input":{"@type":"PropertyValueSpecification","valueRequired":true,"valueName":"search_term_string"}}],"inLanguage":"de"},{"@type":"Organization","@id":"https:\/\/institutchiaribcn.com\/de\/#organization","name":"Institut Chiari de Barcelona","url":"https:\/\/institutchiaribcn.com\/de\/","logo":{"@type":"ImageObject","inLanguage":"de","@id":"https:\/\/institutchiaribcn.com\/de\/#\/schema\/logo\/image\/","url":"https:\/\/institutchiaribcn.com\/wp-content\/uploads\/2025\/10\/cropped-cropped-icsebNavLogo-1.png","contentUrl":"https:\/\/institutchiaribcn.com\/wp-content\/uploads\/2025\/10\/cropped-cropped-icsebNavLogo-1.png","width":245,"height":99,"caption":"Institut Chiari de Barcelona"},"image":{"@id":"https:\/\/institutchiaribcn.com\/de\/#\/schema\/logo\/image\/"}}]}</script>
<!-- / Yoast SEO plugin. -->

Erfahre die 10 wichtigsten Fakten über das Arnold-Chiari-Syndrom – Symptome, Diagnose und Behandlung erklärt vom ICSEB.

Comunicación
