{"id":86400,"date":"2022-05-13T00:00:00","date_gmt":"2022-05-12T22:00:00","guid":{"rendered":"https:\/\/dev.institutchiaribcn.com\/comunicacion\/besuch-von-dr-antoni-capdevila-cirera-in-der-casa-icseb\/"},"modified":"2026-03-02T11:41:37","modified_gmt":"2026-03-02T10:41:37","slug":"besuch-von-dr-antoni-capdevila-cirera-in-der-casa-icseb","status":"publish","type":"comunicacion","link":"https:\/\/institutchiaribcn.com\/de\/besuch-von-dr-antoni-capdevila-cirera-in-der-casa-icseb\/","title":{"rendered":"Besuch von Dr. Antoni Capdevila Cirera in der Casa ICSEB"},"content":{"rendered":"<p class=\"text-muted aniview centerTXT\"><a title=\"Beitr\u00e4ge von ICSEB\" href=\"https:\/\/institutchiaribcn.com\/de\/author\/chiari\/\" rel=\"author\">ICSEB<\/a>, 13 Mai, 2022<\/p>\n<p style=\"text-align: justify;\">Wir hatten die Ehre, den Besuch von <strong>Dr. Antoni Capdevila Cirera<\/strong> am vergangenen 10. Mai zu empfangen. Dr. Capdevila Cirera ist eine wichtige Figur f\u00fcr unser Projekt. Zu seiner Zeit trug er 342 F\u00e4lle aus dem <em>Centre M\u00e8dic de Resson\u00e0ncia Magn\u00e8tica de Barcelona<\/em> \u2013 Spaniens erstem Magnetresonanzzentrum im Jahr 1986 \u2013 zur Erstellung von Dr. Royo-Salvadors Doktorarbeit \u201eBeitrag zur \u00c4tiologie der Syringomyelie\u201c (1992) bei.<\/p>\n<p style=\"text-align: left;\">Unserem Besucher wurde ein Exemplar des Buches <em>Filum System<sup>\u00ae<\/sup> Bibliography<\/em> von \u00a0Seiten des ICSEB \u00fcberreicht.<\/p>\n","protected":false},"featured_media":86401,"template":"","tipos-de-comunicacion":[514],"class_list":["post-86400","comunicacion","type-comunicacion","status-publish","has-post-thumbnail","hentry","tipos-de-comunicacion-mitteilungen-neuigkeiten"],"yoast_head":"<!-- This site is optimized with the Yoast SEO plugin v27.4 - https:\/\/yoast.com\/product\/yoast-seo-wordpress\/ -->\n<title>Besuch von Dr.\u202fAntoni\u202fCapdevila\u202fCirera in der Casa | ICSEB<\/title>\n<meta name=\"description\" content=\"Bericht \u00fcber den Besuch von Dr.\u202fAntoni\u202fCapdevila\u202fCirera bei ICSEB und seinen Beitrag zur Filum System\u00ae\u2011Forschung.\" \/>\n<meta name=\"robots\" content=\"index, follow, max-snippet:-1, max-image-preview:large, max-video-preview:-1\" \/>\n<link rel=\"canonical\" href=\"https:\/\/institutchiaribcn.com\/de\/besuch-von-dr-antoni-capdevila-cirera-in-der-casa-icseb\/\" \/>\n<meta property=\"og:locale\" content=\"de_DE\" \/>\n<meta property=\"og:type\" content=\"article\" \/>\n<meta property=\"og:title\" content=\"Besuch von Dr.\u202fAntoni\u202fCapdevila\u202fCirera in der Casa | ICSEB\" \/>\n<meta property=\"og:description\" content=\"Bericht \u00fcber den Besuch von Dr.\u202fAntoni\u202fCapdevila\u202fCirera bei ICSEB und seinen Beitrag zur Filum System\u00ae\u2011Forschung.\" \/>\n<meta property=\"og:url\" content=\"https:\/\/institutchiaribcn.com\/de\/besuch-von-dr-antoni-capdevila-cirera-in-der-casa-icseb\/\" \/>\n<meta property=\"og:site_name\" content=\"Institut Chiari\" \/>\n<meta property=\"article:modified_time\" content=\"2026-03-02T10:41:37+00:00\" \/>\n<meta property=\"og:image\" content=\"https:\/\/institutchiaribcn.com\/wp-content\/uploads\/2025\/10\/institut-chiari-dr-royo-dr-capdevila-jpg-2.jpg\" \/>\n\t<meta property=\"og:image:width\" content=\"200\" \/>\n\t<meta property=\"og:image:height\" content=\"200\" \/>\n\t<meta property=\"og:image:type\" content=\"image\/jpeg\" \/>\n<meta name=\"twitter:card\" content=\"summary_large_image\" \/>\n<meta name=\"twitter:label1\" content=\"Gesch\u00e4tzte Lesezeit\" \/>\n\t<meta name=\"twitter:data1\" content=\"1\u00a0Minute\" \/>\n<script type=\"application\/ld+json\" class=\"yoast-schema-graph\">{\"@context\":\"https:\\\/\\\/schema.org\",\"@graph\":[{\"@type\":\"WebPage\",\"@id\":\"https:\\\/\\\/institutchiaribcn.com\\\/de\\\/besuch-von-dr-antoni-capdevila-cirera-in-der-casa-icseb\\\/\",\"url\":\"https:\\\/\\\/institutchiaribcn.com\\\/de\\\/besuch-von-dr-antoni-capdevila-cirera-in-der-casa-icseb\\\/\",\"name\":\"Besuch von Dr.\u202fAntoni\u202fCapdevila\u202fCirera in der Casa | ICSEB\",\"isPartOf\":{\"@id\":\"https:\\\/\\\/institutchiaribcn.com\\\/de\\\/#website\"},\"primaryImageOfPage\":{\"@id\":\"https:\\\/\\\/institutchiaribcn.com\\\/de\\\/besuch-von-dr-antoni-capdevila-cirera-in-der-casa-icseb\\\/#primaryimage\"},\"image\":{\"@id\":\"https:\\\/\\\/institutchiaribcn.com\\\/de\\\/besuch-von-dr-antoni-capdevila-cirera-in-der-casa-icseb\\\/#primaryimage\"},\"thumbnailUrl\":\"https:\\\/\\\/institutchiaribcn.com\\\/wp-content\\\/uploads\\\/2025\\\/10\\\/institut-chiari-dr-royo-dr-capdevila-jpg-2.jpg\",\"datePublished\":\"2022-05-12T22:00:00+00:00\",\"dateModified\":\"2026-03-02T10:41:37+00:00\",\"description\":\"Bericht \u00fcber den Besuch von Dr.\u202fAntoni\u202fCapdevila\u202fCirera bei ICSEB und seinen Beitrag zur Filum System\u00ae\u2011Forschung.\",\"breadcrumb\":{\"@id\":\"https:\\\/\\\/institutchiaribcn.com\\\/de\\\/besuch-von-dr-antoni-capdevila-cirera-in-der-casa-icseb\\\/#breadcrumb\"},\"inLanguage\":\"de\",\"potentialAction\":[{\"@type\":\"ReadAction\",\"target\":[\"https:\\\/\\\/institutchiaribcn.com\\\/de\\\/besuch-von-dr-antoni-capdevila-cirera-in-der-casa-icseb\\\/\"]}]},{\"@type\":\"ImageObject\",\"inLanguage\":\"de\",\"@id\":\"https:\\\/\\\/institutchiaribcn.com\\\/de\\\/besuch-von-dr-antoni-capdevila-cirera-in-der-casa-icseb\\\/#primaryimage\",\"url\":\"https:\\\/\\\/institutchiaribcn.com\\\/wp-content\\\/uploads\\\/2025\\\/10\\\/institut-chiari-dr-royo-dr-capdevila-jpg-2.jpg\",\"contentUrl\":\"https:\\\/\\\/institutchiaribcn.com\\\/wp-content\\\/uploads\\\/2025\\\/10\\\/institut-chiari-dr-royo-dr-capdevila-jpg-2.jpg\",\"width\":200,\"height\":200},{\"@type\":\"BreadcrumbList\",\"@id\":\"https:\\\/\\\/institutchiaribcn.com\\\/de\\\/besuch-von-dr-antoni-capdevila-cirera-in-der-casa-icseb\\\/#breadcrumb\",\"itemListElement\":[{\"@type\":\"ListItem\",\"position\":1,\"name\":\"Portada\",\"item\":\"https:\\\/\\\/institutchiaribcn.com\\\/de\\\/\"},{\"@type\":\"ListItem\",\"position\":2,\"name\":\"Comunicaci\u00f3n\",\"item\":\"https:\\\/\\\/institutchiaribcn.com\\\/de\\\/comunicacion\\\/\"},{\"@type\":\"ListItem\",\"position\":3,\"name\":\"Besuch von Dr. Antoni Capdevila Cirera in der Casa ICSEB\"}]},{\"@type\":\"WebSite\",\"@id\":\"https:\\\/\\\/institutchiaribcn.com\\\/de\\\/#website\",\"url\":\"https:\\\/\\\/institutchiaribcn.com\\\/de\\\/\",\"name\":\"Institut Chiari de Barcelona\",\"description\":\"\",\"publisher\":{\"@id\":\"https:\\\/\\\/institutchiaribcn.com\\\/de\\\/#organization\"},\"potentialAction\":[{\"@type\":\"SearchAction\",\"target\":{\"@type\":\"EntryPoint\",\"urlTemplate\":\"https:\\\/\\\/institutchiaribcn.com\\\/de\\\/?s={search_term_string}\"},\"query-input\":{\"@type\":\"PropertyValueSpecification\",\"valueRequired\":true,\"valueName\":\"search_term_string\"}}],\"inLanguage\":\"de\"},{\"@type\":\"Organization\",\"@id\":\"https:\\\/\\\/institutchiaribcn.com\\\/de\\\/#organization\",\"name\":\"Institut Chiari de Barcelona\",\"url\":\"https:\\\/\\\/institutchiaribcn.com\\\/de\\\/\",\"logo\":{\"@type\":\"ImageObject\",\"inLanguage\":\"de\",\"@id\":\"https:\\\/\\\/institutchiaribcn.com\\\/de\\\/#\\\/schema\\\/logo\\\/image\\\/\",\"url\":\"https:\\\/\\\/institutchiaribcn.com\\\/wp-content\\\/uploads\\\/2025\\\/10\\\/cropped-cropped-icsebNavLogo-1.png\",\"contentUrl\":\"https:\\\/\\\/institutchiaribcn.com\\\/wp-content\\\/uploads\\\/2025\\\/10\\\/cropped-cropped-icsebNavLogo-1.png\",\"width\":245,\"height\":99,\"caption\":\"Institut Chiari de Barcelona\"},\"image\":{\"@id\":\"https:\\\/\\\/institutchiaribcn.com\\\/de\\\/#\\\/schema\\\/logo\\\/image\\\/\"}}]}<\/script>\n<!-- \/ Yoast SEO plugin. -->","yoast_head_json":{"title":"Besuch von Dr.\u202fAntoni\u202fCapdevila\u202fCirera in der Casa | ICSEB","description":"Bericht \u00fcber den Besuch von Dr.\u202fAntoni\u202fCapdevila\u202fCirera bei ICSEB und seinen Beitrag zur Filum System\u00ae\u2011Forschung.","robots":{"index":"index","follow":"follow","max-snippet":"max-snippet:-1","max-image-preview":"max-image-preview:large","max-video-preview":"max-video-preview:-1"},"canonical":"https:\/\/institutchiaribcn.com\/de\/besuch-von-dr-antoni-capdevila-cirera-in-der-casa-icseb\/","og_locale":"de_DE","og_type":"article","og_title":"Besuch von Dr.\u202fAntoni\u202fCapdevila\u202fCirera in der Casa | ICSEB","og_description":"Bericht \u00fcber den Besuch von Dr.\u202fAntoni\u202fCapdevila\u202fCirera bei ICSEB und seinen Beitrag zur Filum System\u00ae\u2011Forschung.","og_url":"https:\/\/institutchiaribcn.com\/de\/besuch-von-dr-antoni-capdevila-cirera-in-der-casa-icseb\/","og_site_name":"Institut Chiari","article_modified_time":"2026-03-02T10:41:37+00:00","og_image":[{"width":200,"height":200,"url":"https:\/\/institutchiaribcn.com\/wp-content\/uploads\/2025\/10\/institut-chiari-dr-royo-dr-capdevila-jpg-2.jpg","type":"image\/jpeg"}],"twitter_card":"summary_large_image","twitter_misc":{"Gesch\u00e4tzte Lesezeit":"1\u00a0Minute"},"schema":{"@context":"https:\/\/schema.org","@graph":[{"@type":"WebPage","@id":"https:\/\/institutchiaribcn.com\/de\/besuch-von-dr-antoni-capdevila-cirera-in-der-casa-icseb\/","url":"https:\/\/institutchiaribcn.com\/de\/besuch-von-dr-antoni-capdevila-cirera-in-der-casa-icseb\/","name":"Besuch von Dr.\u202fAntoni\u202fCapdevila\u202fCirera in der Casa | ICSEB","isPartOf":{"@id":"https:\/\/institutchiaribcn.com\/de\/#website"},"primaryImageOfPage":{"@id":"https:\/\/institutchiaribcn.com\/de\/besuch-von-dr-antoni-capdevila-cirera-in-der-casa-icseb\/#primaryimage"},"image":{"@id":"https:\/\/institutchiaribcn.com\/de\/besuch-von-dr-antoni-capdevila-cirera-in-der-casa-icseb\/#primaryimage"},"thumbnailUrl":"https:\/\/institutchiaribcn.com\/wp-content\/uploads\/2025\/10\/institut-chiari-dr-royo-dr-capdevila-jpg-2.jpg","datePublished":"2022-05-12T22:00:00+00:00","dateModified":"2026-03-02T10:41:37+00:00","description":"Bericht \u00fcber den Besuch von Dr.\u202fAntoni\u202fCapdevila\u202fCirera bei ICSEB und seinen Beitrag zur Filum System\u00ae\u2011Forschung.","breadcrumb":{"@id":"https:\/\/institutchiaribcn.com\/de\/besuch-von-dr-antoni-capdevila-cirera-in-der-casa-icseb\/#breadcrumb"},"inLanguage":"de","potentialAction":[{"@type":"ReadAction","target":["https:\/\/institutchiaribcn.com\/de\/besuch-von-dr-antoni-capdevila-cirera-in-der-casa-icseb\/"]}]},{"@type":"ImageObject","inLanguage":"de","@id":"https:\/\/institutchiaribcn.com\/de\/besuch-von-dr-antoni-capdevila-cirera-in-der-casa-icseb\/#primaryimage","url":"https:\/\/institutchiaribcn.com\/wp-content\/uploads\/2025\/10\/institut-chiari-dr-royo-dr-capdevila-jpg-2.jpg","contentUrl":"https:\/\/institutchiaribcn.com\/wp-content\/uploads\/2025\/10\/institut-chiari-dr-royo-dr-capdevila-jpg-2.jpg","width":200,"height":200},{"@type":"BreadcrumbList","@id":"https:\/\/institutchiaribcn.com\/de\/besuch-von-dr-antoni-capdevila-cirera-in-der-casa-icseb\/#breadcrumb","itemListElement":[{"@type":"ListItem","position":1,"name":"Portada","item":"https:\/\/institutchiaribcn.com\/de\/"},{"@type":"ListItem","position":2,"name":"Comunicaci\u00f3n","item":"https:\/\/institutchiaribcn.com\/de\/comunicacion\/"},{"@type":"ListItem","position":3,"name":"Besuch von Dr. Antoni Capdevila Cirera in der Casa ICSEB"}]},{"@type":"WebSite","@id":"https:\/\/institutchiaribcn.com\/de\/#website","url":"https:\/\/institutchiaribcn.com\/de\/","name":"Institut Chiari de Barcelona","description":"","publisher":{"@id":"https:\/\/institutchiaribcn.com\/de\/#organization"},"potentialAction":[{"@type":"SearchAction","target":{"@type":"EntryPoint","urlTemplate":"https:\/\/institutchiaribcn.com\/de\/?s={search_term_string}"},"query-input":{"@type":"PropertyValueSpecification","valueRequired":true,"valueName":"search_term_string"}}],"inLanguage":"de"},{"@type":"Organization","@id":"https:\/\/institutchiaribcn.com\/de\/#organization","name":"Institut Chiari de Barcelona","url":"https:\/\/institutchiaribcn.com\/de\/","logo":{"@type":"ImageObject","inLanguage":"de","@id":"https:\/\/institutchiaribcn.com\/de\/#\/schema\/logo\/image\/","url":"https:\/\/institutchiaribcn.com\/wp-content\/uploads\/2025\/10\/cropped-cropped-icsebNavLogo-1.png","contentUrl":"https:\/\/institutchiaribcn.com\/wp-content\/uploads\/2025\/10\/cropped-cropped-icsebNavLogo-1.png","width":245,"height":99,"caption":"Institut Chiari de Barcelona"},"image":{"@id":"https:\/\/institutchiaribcn.com\/de\/#\/schema\/logo\/image\/"}}]}},"_links":{"self":[{"href":"https:\/\/institutchiaribcn.com\/de\/wp-json\/wp\/v2\/comunicacion\/86400","targetHints":{"allow":["GET"]}}],"collection":[{"href":"https:\/\/institutchiaribcn.com\/de\/wp-json\/wp\/v2\/comunicacion"}],"about":[{"href":"https:\/\/institutchiaribcn.com\/de\/wp-json\/wp\/v2\/types\/comunicacion"}],"wp:featuredmedia":[{"embeddable":true,"href":"https:\/\/institutchiaribcn.com\/de\/wp-json\/wp\/v2\/media\/86401"}],"wp:attachment":[{"href":"https:\/\/institutchiaribcn.com\/de\/wp-json\/wp\/v2\/media?parent=86400"}],"wp:term":[{"taxonomy":"tipos-de-comunicacion","embeddable":true,"href":"https:\/\/institutchiaribcn.com\/de\/wp-json\/wp\/v2\/tipos-de-comunicacion?post=86400"}],"curies":[{"name":"wp","href":"https:\/\/api.w.org\/{rel}","templated":true}]}}

<p class="text-muted aniview centerTXT"><a title="Beiträge von ICSEB" href="https://institutchiaribcn.com/de/author/chiari/" rel="author">ICSEB</a>, 13 Mai, 2022</p>
<p style="text-align: justify;">Wir hatten die Ehre, den Besuch von <strong>Dr. Antoni Capdevila Cirera</strong> am vergangenen 10. Mai zu empfangen. Dr. Capdevila Cirera ist eine wichtige Figur für unser Projekt. Zu seiner Zeit trug er 342 Fälle aus dem <em>Centre Mèdic de Ressonància Magnètica de Barcelona</em> – Spaniens erstem Magnetresonanzzentrum im Jahr 1986 – zur Erstellung von Dr. Royo-Salvadors Doktorarbeit „Beitrag zur Ätiologie der Syringomyelie“ (1992) bei.</p>
<p style="text-align: left;">Unserem Besucher wurde ein Exemplar des Buches <em>Filum System<sup>®</sup> Bibliography</em> von  Seiten des ICSEB überreicht.</p>

<!-- This site is optimized with the Yoast SEO plugin v27.4 - https://yoast.com/product/yoast-seo-wordpress/ -->
<title>Besuch von Dr. Antoni Capdevila Cirera in der Casa | ICSEB</title>
<meta name="description" content="Bericht über den Besuch von Dr. Antoni Capdevila Cirera bei ICSEB und seinen Beitrag zur Filum System®‑Forschung." />
<meta name="robots" content="index, follow, max-snippet:-1, max-image-preview:large, max-video-preview:-1" />
<link rel="canonical" href="https://institutchiaribcn.com/de/besuch-von-dr-antoni-capdevila-cirera-in-der-casa-icseb/" />
<meta property="og:locale" content="de_DE" />
<meta property="og:type" content="article" />
<meta property="og:title" content="Besuch von Dr. Antoni Capdevila Cirera in der Casa | ICSEB" />
<meta property="og:description" content="Bericht über den Besuch von Dr. Antoni Capdevila Cirera bei ICSEB und seinen Beitrag zur Filum System®‑Forschung." />
<meta property="og:url" content="https://institutchiaribcn.com/de/besuch-von-dr-antoni-capdevila-cirera-in-der-casa-icseb/" />
<meta property="og:site_name" content="Institut Chiari" />
<meta property="article:modified_time" content="2026-03-02T10:41:37+00:00" />
<meta property="og:image" content="https://institutchiaribcn.com/wp-content/uploads/2025/10/institut-chiari-dr-royo-dr-capdevila-jpg-2.jpg" />
	<meta property="og:image:width" content="200" />
	<meta property="og:image:height" content="200" />
	<meta property="og:image:type" content="image/jpeg" />
<meta name="twitter:card" content="summary_large_image" />
<meta name="twitter:label1" content="Geschätzte Lesezeit" />
	<meta name="twitter:data1" content="1 Minute" />
<script type="application/ld+json" class="yoast-schema-graph">{"@context":"https:\/\/schema.org","@graph":[{"@type":"WebPage","@id":"https:\/\/institutchiaribcn.com\/de\/besuch-von-dr-antoni-capdevila-cirera-in-der-casa-icseb\/","url":"https:\/\/institutchiaribcn.com\/de\/besuch-von-dr-antoni-capdevila-cirera-in-der-casa-icseb\/","name":"Besuch von Dr. Antoni Capdevila Cirera in der Casa | ICSEB","isPartOf":{"@id":"https:\/\/institutchiaribcn.com\/de\/#website"},"primaryImageOfPage":{"@id":"https:\/\/institutchiaribcn.com\/de\/besuch-von-dr-antoni-capdevila-cirera-in-der-casa-icseb\/#primaryimage"},"image":{"@id":"https:\/\/institutchiaribcn.com\/de\/besuch-von-dr-antoni-capdevila-cirera-in-der-casa-icseb\/#primaryimage"},"thumbnailUrl":"https:\/\/institutchiaribcn.com\/wp-content\/uploads\/2025\/10\/institut-chiari-dr-royo-dr-capdevila-jpg-2.jpg","datePublished":"2022-05-12T22:00:00+00:00","dateModified":"2026-03-02T10:41:37+00:00","description":"Bericht über den Besuch von Dr. Antoni Capdevila Cirera bei ICSEB und seinen Beitrag zur Filum System®‑Forschung.","breadcrumb":{"@id":"https:\/\/institutchiaribcn.com\/de\/besuch-von-dr-antoni-capdevila-cirera-in-der-casa-icseb\/#breadcrumb"},"inLanguage":"de","potentialAction":[{"@type":"ReadAction","target":["https:\/\/institutchiaribcn.com\/de\/besuch-von-dr-antoni-capdevila-cirera-in-der-casa-icseb\/"]}]},{"@type":"ImageObject","inLanguage":"de","@id":"https:\/\/institutchiaribcn.com\/de\/besuch-von-dr-antoni-capdevila-cirera-in-der-casa-icseb\/#primaryimage","url":"https:\/\/institutchiaribcn.com\/wp-content\/uploads\/2025\/10\/institut-chiari-dr-royo-dr-capdevila-jpg-2.jpg","contentUrl":"https:\/\/institutchiaribcn.com\/wp-content\/uploads\/2025\/10\/institut-chiari-dr-royo-dr-capdevila-jpg-2.jpg","width":200,"height":200},{"@type":"BreadcrumbList","@id":"https:\/\/institutchiaribcn.com\/de\/besuch-von-dr-antoni-capdevila-cirera-in-der-casa-icseb\/#breadcrumb","itemListElement":[{"@type":"ListItem","position":1,"name":"Portada","item":"https:\/\/institutchiaribcn.com\/de\/"},{"@type":"ListItem","position":2,"name":"Comunicación","item":"https:\/\/institutchiaribcn.com\/de\/comunicacion\/"},{"@type":"ListItem","position":3,"name":"Besuch von Dr. Antoni Capdevila Cirera in der Casa ICSEB"}]},{"@type":"WebSite","@id":"https:\/\/institutchiaribcn.com\/de\/#website","url":"https:\/\/institutchiaribcn.com\/de\/","name":"Institut Chiari de Barcelona","description":"","publisher":{"@id":"https:\/\/institutchiaribcn.com\/de\/#organization"},"potentialAction":[{"@type":"SearchAction","target":{"@type":"EntryPoint","urlTemplate":"https:\/\/institutchiaribcn.com\/de\/?s={search_term_string}"},"query-input":{"@type":"PropertyValueSpecification","valueRequired":true,"valueName":"search_term_string"}}],"inLanguage":"de"},{"@type":"Organization","@id":"https:\/\/institutchiaribcn.com\/de\/#organization","name":"Institut Chiari de Barcelona","url":"https:\/\/institutchiaribcn.com\/de\/","logo":{"@type":"ImageObject","inLanguage":"de","@id":"https:\/\/institutchiaribcn.com\/de\/#\/schema\/logo\/image\/","url":"https:\/\/institutchiaribcn.com\/wp-content\/uploads\/2025\/10\/cropped-cropped-icsebNavLogo-1.png","contentUrl":"https:\/\/institutchiaribcn.com\/wp-content\/uploads\/2025\/10\/cropped-cropped-icsebNavLogo-1.png","width":245,"height":99,"caption":"Institut Chiari de Barcelona"},"image":{"@id":"https:\/\/institutchiaribcn.com\/de\/#\/schema\/logo\/image\/"}}]}</script>
<!-- / Yoast SEO plugin. -->

Bericht über den Besuch von Dr. Antoni Capdevila Cirera bei ICSEB und seinen Beitrag zur Filum System®‑Forschung.

Comunicación
