{"id":76477,"date":"2020-06-05T00:00:00","date_gmt":"2020-06-04T22:00:00","guid":{"rendered":"https:\/\/dev.institutchiaribcn.com\/comunicacion\/1-de-juliol-2020-reinici-de-lactivitat-assistencial\/"},"modified":"2026-04-02T10:29:47","modified_gmt":"2026-04-02T08:29:47","slug":"1-juliol-2020-reinici-lactivitat-assistencial","status":"publish","type":"comunicacion","link":"https:\/\/institutchiaribcn.com\/ca\/1-juliol-2020-reinici-lactivitat-assistencial\/","title":{"rendered":"1  de Juliol 2020: reinici de l\u2019activitat assistencial"},"content":{"rendered":"<p class=\"text-muted aniview centerTXT\">Publicat per\u00a0<a title=\"Entrades de ICSEB\" href=\"https:\/\/institutchiaribcn.com\/ca\/author\/chiari\/\" rel=\"author\">ICSEB<\/a>\u00a0el 5 juny, 2020<\/p>\n<p>&nbsp;<\/p>\n<p>Des de l\u2019Institut Chiari &amp; Siringomielia &amp; Escoliosis de Barcelona ens complau comunicar que a partir de l\u20191 de juliol reiniciarem la nostra activitat assistencial.<\/p>\n<p>La tornada a l\u2019activitat ser\u00e0 gradual, seguint la necess\u00e0ria implementaci\u00f3 de les noves mesures sanit\u00e0ries per a garantir la seguretat, tant dels pacients com dels professionals.<\/p>\n<p>Volem tamb\u00e9 assegurar a tots\/totes els\/les nostres pacients i a les persones que estan a l\u2019espera de visitar-se o de reservar el seu programa operatori en el nostre centre, que ens posarem en contacte amb cada un\/a d\u2019ells\/elles per a concretar les dates; per tal que puguin organitzar el seu viatge a Barcelona de la manera m\u00e9s convenient possible.<\/p>\n<p>Fins aviat!<\/p>\n<div align=\"center\"><img fetchpriority=\"high\" decoding=\"async\" class=\"img-responsive aligncenter size-full wp-image-8897\" src=\"https:\/\/institutchiaribcn.com\/wp-content\/uploads\/2020\/06\/LogoICSEB_400.jpg\" sizes=\"(max-width: 400px) 100vw, 400px\" srcset=\"https:\/\/institutchiaribcn.com\/wp-content\/uploads\/2020\/06\/LogoICSEB_400.jpg 400w, https:\/\/institutchiaribcn.com\/wp-content\/uploads\/2020\/06\/LogoICSEB_400-300x112.jpg 300w\" width=\"400\" height=\"149\" \/><\/div>\n","protected":false},"featured_media":76478,"template":"","tipos-de-comunicacion":[509],"class_list":["post-76477","comunicacion","type-comunicacion","status-publish","has-post-thumbnail","hentry","tipos-de-comunicacion-noticies"],"yoast_head":"<!-- This site is optimized with the Yoast SEO plugin v27.4 - https:\/\/yoast.com\/product\/yoast-seo-wordpress\/ -->\n<title>Reinici activitat assistencial | Institut Chiari Barcelona<\/title>\n<meta name=\"description\" content=\"Reinici de l\u2019activitat assistencial a l\u2019ICSEB amb mesures sanit\u00e0ries i organitzaci\u00f3 per a pacients.\" \/>\n<meta name=\"robots\" content=\"index, follow, max-snippet:-1, max-image-preview:large, max-video-preview:-1\" \/>\n<link rel=\"canonical\" href=\"https:\/\/institutchiaribcn.com\/ca\/1-juliol-2020-reinici-lactivitat-assistencial\/\" \/>\n<meta property=\"og:locale\" content=\"ca_ES\" \/>\n<meta property=\"og:type\" content=\"article\" \/>\n<meta property=\"og:title\" content=\"Reinici activitat assistencial | Institut Chiari Barcelona\" \/>\n<meta property=\"og:description\" content=\"Reinici de l\u2019activitat assistencial a l\u2019ICSEB amb mesures sanit\u00e0ries i organitzaci\u00f3 per a pacients.\" \/>\n<meta property=\"og:url\" content=\"https:\/\/institutchiaribcn.com\/ca\/1-juliol-2020-reinici-lactivitat-assistencial\/\" \/>\n<meta property=\"og:site_name\" content=\"Institut Chiari Barcelona\" \/>\n<meta property=\"article:modified_time\" content=\"2026-04-02T08:29:47+00:00\" \/>\n<meta property=\"og:image\" content=\"https:\/\/institutchiaribcn.com\/wp-content\/uploads\/2025\/10\/LogoICSEB_200x200.jpg\" \/>\n\t<meta property=\"og:image:width\" content=\"200\" \/>\n\t<meta property=\"og:image:height\" content=\"200\" \/>\n\t<meta property=\"og:image:type\" content=\"image\/jpeg\" \/>\n<meta name=\"twitter:card\" content=\"summary_large_image\" \/>\n<meta name=\"twitter:label1\" content=\"Temps estimat de lectura\" \/>\n\t<meta name=\"twitter:data1\" content=\"1 minut\" \/>\n<script type=\"application\/ld+json\" class=\"yoast-schema-graph\">{\"@context\":\"https:\\\/\\\/schema.org\",\"@graph\":[{\"@type\":\"WebPage\",\"@id\":\"https:\\\/\\\/institutchiaribcn.com\\\/ca\\\/1-juliol-2020-reinici-lactivitat-assistencial\\\/\",\"url\":\"https:\\\/\\\/institutchiaribcn.com\\\/ca\\\/1-juliol-2020-reinici-lactivitat-assistencial\\\/\",\"name\":\"Reinici activitat assistencial | Institut Chiari Barcelona\",\"isPartOf\":{\"@id\":\"https:\\\/\\\/institutchiaribcn.com\\\/ca\\\/#website\"},\"primaryImageOfPage\":{\"@id\":\"https:\\\/\\\/institutchiaribcn.com\\\/ca\\\/1-juliol-2020-reinici-lactivitat-assistencial\\\/#primaryimage\"},\"image\":{\"@id\":\"https:\\\/\\\/institutchiaribcn.com\\\/ca\\\/1-juliol-2020-reinici-lactivitat-assistencial\\\/#primaryimage\"},\"thumbnailUrl\":\"https:\\\/\\\/institutchiaribcn.com\\\/wp-content\\\/uploads\\\/2025\\\/10\\\/LogoICSEB_200x200.jpg\",\"datePublished\":\"2020-06-04T22:00:00+00:00\",\"dateModified\":\"2026-04-02T08:29:47+00:00\",\"description\":\"Reinici de l\u2019activitat assistencial a l\u2019ICSEB amb mesures sanit\u00e0ries i organitzaci\u00f3 per a pacients.\",\"breadcrumb\":{\"@id\":\"https:\\\/\\\/institutchiaribcn.com\\\/ca\\\/1-juliol-2020-reinici-lactivitat-assistencial\\\/#breadcrumb\"},\"inLanguage\":\"ca\",\"potentialAction\":[{\"@type\":\"ReadAction\",\"target\":[\"https:\\\/\\\/institutchiaribcn.com\\\/ca\\\/1-juliol-2020-reinici-lactivitat-assistencial\\\/\"]}]},{\"@type\":\"ImageObject\",\"inLanguage\":\"ca\",\"@id\":\"https:\\\/\\\/institutchiaribcn.com\\\/ca\\\/1-juliol-2020-reinici-lactivitat-assistencial\\\/#primaryimage\",\"url\":\"https:\\\/\\\/institutchiaribcn.com\\\/wp-content\\\/uploads\\\/2025\\\/10\\\/LogoICSEB_200x200.jpg\",\"contentUrl\":\"https:\\\/\\\/institutchiaribcn.com\\\/wp-content\\\/uploads\\\/2025\\\/10\\\/LogoICSEB_200x200.jpg\",\"width\":200,\"height\":200},{\"@type\":\"BreadcrumbList\",\"@id\":\"https:\\\/\\\/institutchiaribcn.com\\\/ca\\\/1-juliol-2020-reinici-lactivitat-assistencial\\\/#breadcrumb\",\"itemListElement\":[{\"@type\":\"ListItem\",\"position\":1,\"name\":\"Portada\",\"item\":\"https:\\\/\\\/institutchiaribcn.com\\\/ca\\\/\"},{\"@type\":\"ListItem\",\"position\":2,\"name\":\"Comunicaci\u00f3n\",\"item\":\"https:\\\/\\\/institutchiaribcn.com\\\/ca\\\/comunicacion\\\/\"},{\"@type\":\"ListItem\",\"position\":3,\"name\":\"1 de Juliol 2020: reinici de l\u2019activitat assistencial\"}]},{\"@type\":\"WebSite\",\"@id\":\"https:\\\/\\\/institutchiaribcn.com\\\/ca\\\/#website\",\"url\":\"https:\\\/\\\/institutchiaribcn.com\\\/ca\\\/\",\"name\":\"Institut Chiari de Barcelona\",\"description\":\"\",\"publisher\":{\"@id\":\"https:\\\/\\\/institutchiaribcn.com\\\/ca\\\/#organization\"},\"potentialAction\":[{\"@type\":\"SearchAction\",\"target\":{\"@type\":\"EntryPoint\",\"urlTemplate\":\"https:\\\/\\\/institutchiaribcn.com\\\/ca\\\/?s={search_term_string}\"},\"query-input\":{\"@type\":\"PropertyValueSpecification\",\"valueRequired\":true,\"valueName\":\"search_term_string\"}}],\"inLanguage\":\"ca\"},{\"@type\":\"Organization\",\"@id\":\"https:\\\/\\\/institutchiaribcn.com\\\/ca\\\/#organization\",\"name\":\"Institut Chiari de Barcelona\",\"url\":\"https:\\\/\\\/institutchiaribcn.com\\\/ca\\\/\",\"logo\":{\"@type\":\"ImageObject\",\"inLanguage\":\"ca\",\"@id\":\"https:\\\/\\\/institutchiaribcn.com\\\/ca\\\/#\\\/schema\\\/logo\\\/image\\\/\",\"url\":\"https:\\\/\\\/institutchiaribcn.com\\\/wp-content\\\/uploads\\\/2025\\\/10\\\/cropped-cropped-icsebNavLogo-1.png\",\"contentUrl\":\"https:\\\/\\\/institutchiaribcn.com\\\/wp-content\\\/uploads\\\/2025\\\/10\\\/cropped-cropped-icsebNavLogo-1.png\",\"width\":245,\"height\":99,\"caption\":\"Institut Chiari de Barcelona\"},\"image\":{\"@id\":\"https:\\\/\\\/institutchiaribcn.com\\\/ca\\\/#\\\/schema\\\/logo\\\/image\\\/\"}}]}<\/script>\n<!-- \/ Yoast SEO plugin. -->","yoast_head_json":{"title":"Reinici activitat assistencial | Institut Chiari Barcelona","description":"Reinici de l\u2019activitat assistencial a l\u2019ICSEB amb mesures sanit\u00e0ries i organitzaci\u00f3 per a pacients.","robots":{"index":"index","follow":"follow","max-snippet":"max-snippet:-1","max-image-preview":"max-image-preview:large","max-video-preview":"max-video-preview:-1"},"canonical":"https:\/\/institutchiaribcn.com\/ca\/1-juliol-2020-reinici-lactivitat-assistencial\/","og_locale":"ca_ES","og_type":"article","og_title":"Reinici activitat assistencial | Institut Chiari Barcelona","og_description":"Reinici de l\u2019activitat assistencial a l\u2019ICSEB amb mesures sanit\u00e0ries i organitzaci\u00f3 per a pacients.","og_url":"https:\/\/institutchiaribcn.com\/ca\/1-juliol-2020-reinici-lactivitat-assistencial\/","og_site_name":"Institut Chiari Barcelona","article_modified_time":"2026-04-02T08:29:47+00:00","og_image":[{"width":200,"height":200,"url":"https:\/\/institutchiaribcn.com\/wp-content\/uploads\/2025\/10\/LogoICSEB_200x200.jpg","type":"image\/jpeg"}],"twitter_card":"summary_large_image","twitter_misc":{"Temps estimat de lectura":"1 minut"},"schema":{"@context":"https:\/\/schema.org","@graph":[{"@type":"WebPage","@id":"https:\/\/institutchiaribcn.com\/ca\/1-juliol-2020-reinici-lactivitat-assistencial\/","url":"https:\/\/institutchiaribcn.com\/ca\/1-juliol-2020-reinici-lactivitat-assistencial\/","name":"Reinici activitat assistencial | Institut Chiari Barcelona","isPartOf":{"@id":"https:\/\/institutchiaribcn.com\/ca\/#website"},"primaryImageOfPage":{"@id":"https:\/\/institutchiaribcn.com\/ca\/1-juliol-2020-reinici-lactivitat-assistencial\/#primaryimage"},"image":{"@id":"https:\/\/institutchiaribcn.com\/ca\/1-juliol-2020-reinici-lactivitat-assistencial\/#primaryimage"},"thumbnailUrl":"https:\/\/institutchiaribcn.com\/wp-content\/uploads\/2025\/10\/LogoICSEB_200x200.jpg","datePublished":"2020-06-04T22:00:00+00:00","dateModified":"2026-04-02T08:29:47+00:00","description":"Reinici de l\u2019activitat assistencial a l\u2019ICSEB amb mesures sanit\u00e0ries i organitzaci\u00f3 per a pacients.","breadcrumb":{"@id":"https:\/\/institutchiaribcn.com\/ca\/1-juliol-2020-reinici-lactivitat-assistencial\/#breadcrumb"},"inLanguage":"ca","potentialAction":[{"@type":"ReadAction","target":["https:\/\/institutchiaribcn.com\/ca\/1-juliol-2020-reinici-lactivitat-assistencial\/"]}]},{"@type":"ImageObject","inLanguage":"ca","@id":"https:\/\/institutchiaribcn.com\/ca\/1-juliol-2020-reinici-lactivitat-assistencial\/#primaryimage","url":"https:\/\/institutchiaribcn.com\/wp-content\/uploads\/2025\/10\/LogoICSEB_200x200.jpg","contentUrl":"https:\/\/institutchiaribcn.com\/wp-content\/uploads\/2025\/10\/LogoICSEB_200x200.jpg","width":200,"height":200},{"@type":"BreadcrumbList","@id":"https:\/\/institutchiaribcn.com\/ca\/1-juliol-2020-reinici-lactivitat-assistencial\/#breadcrumb","itemListElement":[{"@type":"ListItem","position":1,"name":"Portada","item":"https:\/\/institutchiaribcn.com\/ca\/"},{"@type":"ListItem","position":2,"name":"Comunicaci\u00f3n","item":"https:\/\/institutchiaribcn.com\/ca\/comunicacion\/"},{"@type":"ListItem","position":3,"name":"1 de Juliol 2020: reinici de l\u2019activitat assistencial"}]},{"@type":"WebSite","@id":"https:\/\/institutchiaribcn.com\/ca\/#website","url":"https:\/\/institutchiaribcn.com\/ca\/","name":"Institut Chiari de Barcelona","description":"","publisher":{"@id":"https:\/\/institutchiaribcn.com\/ca\/#organization"},"potentialAction":[{"@type":"SearchAction","target":{"@type":"EntryPoint","urlTemplate":"https:\/\/institutchiaribcn.com\/ca\/?s={search_term_string}"},"query-input":{"@type":"PropertyValueSpecification","valueRequired":true,"valueName":"search_term_string"}}],"inLanguage":"ca"},{"@type":"Organization","@id":"https:\/\/institutchiaribcn.com\/ca\/#organization","name":"Institut Chiari de Barcelona","url":"https:\/\/institutchiaribcn.com\/ca\/","logo":{"@type":"ImageObject","inLanguage":"ca","@id":"https:\/\/institutchiaribcn.com\/ca\/#\/schema\/logo\/image\/","url":"https:\/\/institutchiaribcn.com\/wp-content\/uploads\/2025\/10\/cropped-cropped-icsebNavLogo-1.png","contentUrl":"https:\/\/institutchiaribcn.com\/wp-content\/uploads\/2025\/10\/cropped-cropped-icsebNavLogo-1.png","width":245,"height":99,"caption":"Institut Chiari de Barcelona"},"image":{"@id":"https:\/\/institutchiaribcn.com\/ca\/#\/schema\/logo\/image\/"}}]}},"_links":{"self":[{"href":"https:\/\/institutchiaribcn.com\/ca\/wp-json\/wp\/v2\/comunicacion\/76477","targetHints":{"allow":["GET"]}}],"collection":[{"href":"https:\/\/institutchiaribcn.com\/ca\/wp-json\/wp\/v2\/comunicacion"}],"about":[{"href":"https:\/\/institutchiaribcn.com\/ca\/wp-json\/wp\/v2\/types\/comunicacion"}],"wp:featuredmedia":[{"embeddable":true,"href":"https:\/\/institutchiaribcn.com\/ca\/wp-json\/wp\/v2\/media\/76478"}],"wp:attachment":[{"href":"https:\/\/institutchiaribcn.com\/ca\/wp-json\/wp\/v2\/media?parent=76477"}],"wp:term":[{"taxonomy":"tipos-de-comunicacion","embeddable":true,"href":"https:\/\/institutchiaribcn.com\/ca\/wp-json\/wp\/v2\/tipos-de-comunicacion?post=76477"}],"curies":[{"name":"wp","href":"https:\/\/api.w.org\/{rel}","templated":true}]}}

<p class="text-muted aniview centerTXT">Publicat per <a title="Entrades de ICSEB" href="https://institutchiaribcn.com/ca/author/chiari/" rel="author">ICSEB</a> el 5 juny, 2020</p>
<p>&nbsp;</p>
<p>Des de l’Institut Chiari &amp; Siringomielia &amp; Escoliosis de Barcelona ens complau comunicar que a partir de l’1 de juliol reiniciarem la nostra activitat assistencial.</p>
<p>La tornada a l’activitat serà gradual, seguint la necessària implementació de les noves mesures sanitàries per a garantir la seguretat, tant dels pacients com dels professionals.</p>
<p>Volem també assegurar a tots/totes els/les nostres pacients i a les persones que estan a l’espera de visitar-se o de reservar el seu programa operatori en el nostre centre, que ens posarem en contacte amb cada un/a d’ells/elles per a concretar les dates; per tal que puguin organitzar el seu viatge a Barcelona de la manera més convenient possible.</p>
<p>Fins aviat!</p>
<div align="center"><img fetchpriority="high" decoding="async" class="img-responsive aligncenter size-full wp-image-8897" src="https://institutchiaribcn.com/wp-content/uploads/2020/06/LogoICSEB_400.jpg" sizes="(max-width: 400px) 100vw, 400px" srcset="https://institutchiaribcn.com/wp-content/uploads/2020/06/LogoICSEB_400.jpg 400w, https://institutchiaribcn.com/wp-content/uploads/2020/06/LogoICSEB_400-300x112.jpg 300w" width="400" height="149" /></div>

<!-- This site is optimized with the Yoast SEO plugin v27.4 - https://yoast.com/product/yoast-seo-wordpress/ -->
<title>Reinici activitat assistencial | Institut Chiari Barcelona</title>
<meta name="description" content="Reinici de l’activitat assistencial a l’ICSEB amb mesures sanitàries i organització per a pacients." />
<meta name="robots" content="index, follow, max-snippet:-1, max-image-preview:large, max-video-preview:-1" />
<link rel="canonical" href="https://institutchiaribcn.com/ca/1-juliol-2020-reinici-lactivitat-assistencial/" />
<meta property="og:locale" content="ca_ES" />
<meta property="og:type" content="article" />
<meta property="og:title" content="Reinici activitat assistencial | Institut Chiari Barcelona" />
<meta property="og:description" content="Reinici de l’activitat assistencial a l’ICSEB amb mesures sanitàries i organització per a pacients." />
<meta property="og:url" content="https://institutchiaribcn.com/ca/1-juliol-2020-reinici-lactivitat-assistencial/" />
<meta property="og:site_name" content="Institut Chiari Barcelona" />
<meta property="article:modified_time" content="2026-04-02T08:29:47+00:00" />
<meta property="og:image" content="https://institutchiaribcn.com/wp-content/uploads/2025/10/LogoICSEB_200x200.jpg" />
	<meta property="og:image:width" content="200" />
	<meta property="og:image:height" content="200" />
	<meta property="og:image:type" content="image/jpeg" />
<meta name="twitter:card" content="summary_large_image" />
<meta name="twitter:label1" content="Temps estimat de lectura" />
	<meta name="twitter:data1" content="1 minut" />
<script type="application/ld+json" class="yoast-schema-graph">{"@context":"https:\/\/schema.org","@graph":[{"@type":"WebPage","@id":"https:\/\/institutchiaribcn.com\/ca\/1-juliol-2020-reinici-lactivitat-assistencial\/","url":"https:\/\/institutchiaribcn.com\/ca\/1-juliol-2020-reinici-lactivitat-assistencial\/","name":"Reinici activitat assistencial | Institut Chiari Barcelona","isPartOf":{"@id":"https:\/\/institutchiaribcn.com\/ca\/#website"},"primaryImageOfPage":{"@id":"https:\/\/institutchiaribcn.com\/ca\/1-juliol-2020-reinici-lactivitat-assistencial\/#primaryimage"},"image":{"@id":"https:\/\/institutchiaribcn.com\/ca\/1-juliol-2020-reinici-lactivitat-assistencial\/#primaryimage"},"thumbnailUrl":"https:\/\/institutchiaribcn.com\/wp-content\/uploads\/2025\/10\/LogoICSEB_200x200.jpg","datePublished":"2020-06-04T22:00:00+00:00","dateModified":"2026-04-02T08:29:47+00:00","description":"Reinici de l’activitat assistencial a l’ICSEB amb mesures sanitàries i organització per a pacients.","breadcrumb":{"@id":"https:\/\/institutchiaribcn.com\/ca\/1-juliol-2020-reinici-lactivitat-assistencial\/#breadcrumb"},"inLanguage":"ca","potentialAction":[{"@type":"ReadAction","target":["https:\/\/institutchiaribcn.com\/ca\/1-juliol-2020-reinici-lactivitat-assistencial\/"]}]},{"@type":"ImageObject","inLanguage":"ca","@id":"https:\/\/institutchiaribcn.com\/ca\/1-juliol-2020-reinici-lactivitat-assistencial\/#primaryimage","url":"https:\/\/institutchiaribcn.com\/wp-content\/uploads\/2025\/10\/LogoICSEB_200x200.jpg","contentUrl":"https:\/\/institutchiaribcn.com\/wp-content\/uploads\/2025\/10\/LogoICSEB_200x200.jpg","width":200,"height":200},{"@type":"BreadcrumbList","@id":"https:\/\/institutchiaribcn.com\/ca\/1-juliol-2020-reinici-lactivitat-assistencial\/#breadcrumb","itemListElement":[{"@type":"ListItem","position":1,"name":"Portada","item":"https:\/\/institutchiaribcn.com\/ca\/"},{"@type":"ListItem","position":2,"name":"Comunicación","item":"https:\/\/institutchiaribcn.com\/ca\/comunicacion\/"},{"@type":"ListItem","position":3,"name":"1 de Juliol 2020: reinici de l’activitat assistencial"}]},{"@type":"WebSite","@id":"https:\/\/institutchiaribcn.com\/ca\/#website","url":"https:\/\/institutchiaribcn.com\/ca\/","name":"Institut Chiari de Barcelona","description":"","publisher":{"@id":"https:\/\/institutchiaribcn.com\/ca\/#organization"},"potentialAction":[{"@type":"SearchAction","target":{"@type":"EntryPoint","urlTemplate":"https:\/\/institutchiaribcn.com\/ca\/?s={search_term_string}"},"query-input":{"@type":"PropertyValueSpecification","valueRequired":true,"valueName":"search_term_string"}}],"inLanguage":"ca"},{"@type":"Organization","@id":"https:\/\/institutchiaribcn.com\/ca\/#organization","name":"Institut Chiari de Barcelona","url":"https:\/\/institutchiaribcn.com\/ca\/","logo":{"@type":"ImageObject","inLanguage":"ca","@id":"https:\/\/institutchiaribcn.com\/ca\/#\/schema\/logo\/image\/","url":"https:\/\/institutchiaribcn.com\/wp-content\/uploads\/2025\/10\/cropped-cropped-icsebNavLogo-1.png","contentUrl":"https:\/\/institutchiaribcn.com\/wp-content\/uploads\/2025\/10\/cropped-cropped-icsebNavLogo-1.png","width":245,"height":99,"caption":"Institut Chiari de Barcelona"},"image":{"@id":"https:\/\/institutchiaribcn.com\/ca\/#\/schema\/logo\/image\/"}}]}</script>
<!-- / Yoast SEO plugin. -->

Reinici de l’activitat assistencial a l’ICSEB amb mesures sanitàries i organització per a pacients.

Comunicación
